000
CDUS43 KTOP 220634
CLITOP


CLIMATE REPORT
NATIONAL WEATHER SERVICE TOPEKA KS
132 AM CDT WED APR 22 2015


...................................

...THE TOPEKA KS CLIMATE SUMMARY FOR APRIL 21 2015...

CLIMATE NORMAL PERIOD 1981 TO 2010
CLIMATE RECORD PERIOD 1887 TO 2015


WEATHER ITEM   OBSERVED TIME   RECORD YEAR NORMAL DEPARTURE LAST
                VALUE   (LST)  VALUE       VALUE  FROM      YEAR
                                                  NORMAL
..................................................................
TEMPERATURE (F)
 YESTERDAY
  MAXIMUM         71    456 PM  89    1989  68      3       77
  MINIMUM         38    454 AM  24    1966  46     -8       52
  AVERAGE         55                        57     -2       65

PRECIPITATION (IN)
  YESTERDAY        0.00          1.10 1954   0.11  -0.11     0.09
  MONTH TO DATE    1.85                      2.29  -0.44     1.39
  SINCE MAR 1      2.62                      4.78  -2.16     2.12
  SINCE JAN 1      4.61                      6.96  -2.35     3.78

SNOWFALL (IN)
  YESTERDAY        0.0           T    2001   0.0    0.0      0.0
  MONTH TO DATE    0.0                       0.3   -0.3      0.1
  SINCE JAN 1      7.9                      11.3   -3.4     23.1
  SINCE JUL 1     10.3                      17.8   -7.5     27.4
  SNOW DEPTH       0

DEGREE DAYS
 HEATING
  YESTERDAY       10                         9      1        0
  MONTH TO DATE  145                       253   -108      257
  SINCE MAR 1    698                       881   -183      967
  SINCE JUL 1   4699                      4848   -149     5289

 COOLING
  YESTERDAY        0                         1     -1        0
  MONTH TO DATE    5                        14     -9       10
  SINCE MAR 1      5                        17    -12       10
  SINCE JAN 1      5                        17    -12       10
..................................................................


WIND (MPH)
  HIGHEST WIND SPEED    28   HIGHEST WIND DIRECTION     N (10)
  HIGHEST GUST SPEED    37   HIGHEST GUST DIRECTION     N (10)
  AVERAGE WIND SPEED     7.0


SKY COVER
  AVERAGE SKY COVER 0.3


WEATHER CONDITIONS
 THE FOLLOWING WEATHER WAS RECORDED YESTERDAY.
  NO SIGNIFICANT WEATHER WAS OBSERVED.


RELATIVE HUMIDITY (PERCENT)
 HIGHEST    85           500 AM
 LOWEST     20           400 PM
 AVERAGE    53

..........................................................


THE TOPEKA KS CLIMATE NORMALS FOR TODAY
                         NORMAL    RECORD    YEAR
 MAXIMUM TEMPERATURE (F)   69        94      1953
 MINIMUM TEMPERATURE (F)   46        26      1986


SUNRISE AND SUNSET
APRIL 22 2015.........SUNRISE   636 AM CDT   SUNSET   806 PM CDT
APRIL 23 2015.........SUNRISE   635 AM CDT   SUNSET   807 PM CDT


-  INDICATES NEGATIVE NUMBERS.
R  INDICATES RECORD WAS SET OR TIED.
MM INDICATES DATA IS MISSING.
T  INDICATES TRACE AMOUNT.




$$
