000
CDUS43 KTOP 122138
CLITOP


CLIMATE REPORT
NATIONAL WEATHER SERVICE TOPEKA KS
437 PM CDT SUN APR 12 2015


...................................

...THE TOPEKA KS CLIMATE SUMMARY FOR APRIL 12 2015...
VALID TODAY AS OF 430 PM LOCAL TIME.

CLIMATE NORMAL PERIOD 1981 TO 2010
CLIMATE RECORD PERIOD 1887 TO 2015


WEATHER ITEM   OBSERVED TIME   RECORD YEAR NORMAL DEPARTURE LAST
                VALUE   (LST)  VALUE       VALUE  FROM      YEAR
                                                  NORMAL
..................................................................
TEMPERATURE (F)
 TODAY
  MAXIMUM         68    332 PM  87    1972  66      2       84
  MINIMUM         52    726 AM  20    1957  42     10       56
  AVERAGE         60                        54      6       70

PRECIPITATION (IN)
  TODAY            0.42          1.41 1993   0.11   0.31      T
  MONTH TO DATE    0.62                      1.26  -0.64     0.28
  SINCE MAR 1      1.39                      3.75  -2.36     1.01
  SINCE JAN 1      3.38                      5.93  -2.55     2.67

SNOWFALL (IN)
  TODAY            0.0           2.4  1959   0.0    0.0      0.0
  MONTH TO DATE    0.0                       0.2   -0.2      0.0
  SINCE JAN 1      7.9                      11.2   -3.3     23.0
  SINCE JUL 1     10.3                      17.7   -7.4     27.3
  SNOW DEPTH       0

DEGREE DAYS
 HEATING
  TODAY            5                        12     -7        0
  MONTH TO DATE   88                       161    -73      159
  SINCE MAR 1    641                       789   -148      869
  SINCE JUL 1   4642                      4756   -114     5191

 COOLING
  TODAY            0                         1     -1        5
  MONTH TO DATE    5                         5      0        5
  SINCE MAR 1      5                         8     -3        5
  SINCE JAN 1      5                         8     -3        5
..................................................................


WIND (MPH)
  HIGHEST WIND SPEED    35   HIGHEST WIND DIRECTION    SE (140)
  HIGHEST GUST SPEED    42   HIGHEST GUST DIRECTION    SE (130)
  AVERAGE WIND SPEED    10.5



WEATHER CONDITIONS
 THE FOLLOWING WEATHER WAS RECORDED TODAY.
  THUNDERSTORM
  RAIN
  LIGHT RAIN
  FOG


RELATIVE HUMIDITY (PERCENT)
 HIGHEST    89           600 AM
 LOWEST     57          1200 AM
 AVERAGE    73

..........................................................


THE TOPEKA KS CLIMATE NORMALS FOR TOMORROW
                         NORMAL    RECORD    YEAR
 MAXIMUM TEMPERATURE (F)   66        95      2006
 MINIMUM TEMPERATURE (F)   43        21      1950


SUNRISE AND SUNSET
APRIL 12 2015.........SUNRISE   651 AM CDT   SUNSET   757 PM CDT
APRIL 13 2015.........SUNRISE   649 AM CDT   SUNSET   758 PM CDT


-  INDICATES NEGATIVE NUMBERS.
R  INDICATES RECORD WAS SET OR TIED.
MM INDICATES DATA IS MISSING.
T  INDICATES TRACE AMOUNT.




$$
