000
CDUS43 KTOP 120634
CLITOP


CLIMATE REPORT
NATIONAL WEATHER SERVICE TOPEKA KS
133 AM CDT SUN APR 12 2015


...................................

...THE TOPEKA KS CLIMATE SUMMARY FOR APRIL 11 2015...

CLIMATE NORMAL PERIOD 1981 TO 2010
CLIMATE RECORD PERIOD 1887 TO 2015


WEATHER ITEM   OBSERVED TIME   RECORD YEAR NORMAL DEPARTURE LAST
                VALUE   (LST)  VALUE       VALUE  FROM      YEAR
                                                  NORMAL
..................................................................
TEMPERATURE (F)
 YESTERDAY
  MAXIMUM         73    306 PM  90    1996  65      8       78
  MINIMUM         45   1229 AM  25    1940  42      3       39
  AVERAGE         59                        54      5       59

PRECIPITATION (IN)
  YESTERDAY        T             1.09 1920   0.11  -0.11     0.00
  MONTH TO DATE    0.20                      1.15  -0.95     0.28
  SINCE MAR 1      0.97                      3.64  -2.67     1.01
  SINCE JAN 1      2.96                      5.82  -2.86     2.67

SNOWFALL (IN)
  YESTERDAY       MM             1.1  1957   0.0   MM        0.0
  MONTH TO DATE    0.0                       0.2   -0.2      0.0
  SINCE JAN 1      7.9                      11.2   -3.3     23.0
  SINCE JUL 1     10.3                      17.7   -7.4     27.3
  SNOW DEPTH       0

DEGREE DAYS
 HEATING
  YESTERDAY        6                        12     -6        6
  MONTH TO DATE   83                       149    -66      159
  SINCE MAR 1    636                       777   -141      869
  SINCE JUL 1   4637                      4744   -107     5191

 COOLING
  YESTERDAY        0                         1     -1        0
  MONTH TO DATE    5                         4      1        0
  SINCE MAR 1      5                         7     -2        0
  SINCE JAN 1      5                         7     -2        0
..................................................................


WIND (MPH)
  HIGHEST WIND SPEED    24   HIGHEST WIND DIRECTION     S (160)
  HIGHEST GUST SPEED    28   HIGHEST GUST DIRECTION     S (160)
  AVERAGE WIND SPEED     7.5


SKY COVER
  AVERAGE SKY COVER 0.2


WEATHER CONDITIONS
 THE FOLLOWING WEATHER WAS RECORDED YESTERDAY.
  NO SIGNIFICANT WEATHER WAS OBSERVED.


RELATIVE HUMIDITY (PERCENT)
 HIGHEST    76          1200 AM
 LOWEST     27           100 PM
 AVERAGE    52

..........................................................


THE TOPEKA KS CLIMATE NORMALS FOR TODAY
                         NORMAL    RECORD    YEAR
 MAXIMUM TEMPERATURE (F)   66        87      1972
 MINIMUM TEMPERATURE (F)   42        20      1957


SUNRISE AND SUNSET
APRIL 12 2015.........SUNRISE   651 AM CDT   SUNSET   757 PM CDT
APRIL 13 2015.........SUNRISE   649 AM CDT   SUNSET   758 PM CDT


-  INDICATES NEGATIVE NUMBERS.
R  INDICATES RECORD WAS SET OR TIED.
MM INDICATES DATA IS MISSING.
T  INDICATES TRACE AMOUNT.




$$
