000
CDUS43 KTOP 020630
CLITOP


CLIMATE REPORT
NATIONAL WEATHER SERVICE TOPEKA KS
130 AM CDT THU APR 2 2015


...................................

...THE TOPEKA KS CLIMATE SUMMARY FOR APRIL 1 2015...

CLIMATE NORMAL PERIOD 1981 TO 2010
CLIMATE RECORD PERIOD 1887 TO 2015


WEATHER ITEM   OBSERVED TIME   RECORD YEAR NORMAL DEPARTURE LAST
                VALUE   (LST)  VALUE       VALUE  FROM      YEAR
                                                  NORMAL
..................................................................
TEMPERATURE (F)
 YESTERDAY
  MAXIMUM         81    324 PM  91    1940  62     19       54
  MINIMUM         50    523 AM  20    1936  38     12       28
  AVERAGE         66                        50     16       41

PRECIPITATION (IN)
  YESTERDAY        0.00          2.95 1967   0.10  -0.10     0.00
  MONTH TO DATE    0.00                      0.10  -0.10     0.00
  SINCE MAR 1      0.77                      2.59  -1.82     0.73
  SINCE JAN 1      2.76                      4.77  -2.01     2.39

SNOWFALL (IN)
  YESTERDAY        0.0           6.8  1970   0.0    0.0      0.0
  MONTH TO DATE    0.0                       0.0    0.0      0.0
  SINCE JAN 1      7.9                      11.0   -3.1     23.0
  SINCE JUL 1     10.3                      17.5   -7.2     27.3
  SNOW DEPTH       0

DEGREE DAYS
 HEATING
  YESTERDAY        0                        15    -15       24
  MONTH TO DATE    0                        15    -15       24
  SINCE MAR 1    553                       643    -90      734
  SINCE JUL 1   4554                      4610    -56     5056

 COOLING
  YESTERDAY        1                         0      1        0
  MONTH TO DATE    1                         0      1        0
  SINCE MAR 1      1                         3     -2        0
  SINCE JAN 1      1                         3     -2        0
..................................................................


WIND (MPH)
  HIGHEST WIND SPEED    26   HIGHEST WIND DIRECTION    SE (150)
  HIGHEST GUST SPEED    34   HIGHEST GUST DIRECTION    SE (140)
  AVERAGE WIND SPEED    13.5


SKY COVER
  AVERAGE SKY COVER 0.0


WEATHER CONDITIONS
 THE FOLLOWING WEATHER WAS RECORDED YESTERDAY.
  NO SIGNIFICANT WEATHER WAS OBSERVED.


RELATIVE HUMIDITY (PERCENT)
 HIGHEST    84          1000 PM
 LOWEST     35           100 PM
 AVERAGE    60

..........................................................


THE TOPEKA KS CLIMATE NORMALS FOR TODAY
                         NORMAL    RECORD    YEAR
 MAXIMUM TEMPERATURE (F)   63        90      1889
 MINIMUM TEMPERATURE (F)   39        14      1970


SUNRISE AND SUNSET
APRIL  2 2015.........SUNRISE   706 AM CDT   SUNSET   747 PM CDT
APRIL  3 2015.........SUNRISE   704 AM CDT   SUNSET   748 PM CDT


-  INDICATES NEGATIVE NUMBERS.
R  INDICATES RECORD WAS SET OR TIED.
MM INDICATES DATA IS MISSING.
T  INDICATES TRACE AMOUNT.




$$
