000
CDUS43 KTOP 080635
CLITOP


CLIMATE REPORT
NATIONAL WEATHER SERVICE TOPEKA KS
135 AM CDT WED APR 8 2015


...................................

...THE TOPEKA KS CLIMATE SUMMARY FOR APRIL 7 2015...

CLIMATE NORMAL PERIOD 1981 TO 2010
CLIMATE RECORD PERIOD 1887 TO 2015


WEATHER ITEM   OBSERVED TIME   RECORD YEAR NORMAL DEPARTURE LAST
                VALUE   (LST)  VALUE       VALUE  FROM      YEAR
                                                  NORMAL
..................................................................
TEMPERATURE (F)
 YESTERDAY
  MAXIMUM         86    209 PM  89    1893  64     22       64
                                      1890
  MINIMUM         52   1159 PM  19    2007  40     12       42
  AVERAGE         69                        52     17       53

PRECIPITATION (IN)
  YESTERDAY        0.00          0.84 1993   0.11  -0.11     0.01
  MONTH TO DATE    0.19                      0.72  -0.53     0.28
  SINCE MAR 1      0.96                      3.21  -2.25     1.01
  SINCE JAN 1      2.95                      5.39  -2.44     2.67

SNOWFALL (IN)
  YESTERDAY        0.0           1.7  1916   0.1   -0.1      0.0
  MONTH TO DATE    0.0                       0.2   -0.2      0.0
  SINCE JAN 1      7.9                      11.2   -3.3     23.0
  SINCE JUL 1     10.3                      17.7   -7.4     27.3
  SNOW DEPTH       0

DEGREE DAYS
 HEATING
  YESTERDAY        0                        13    -13       12
  MONTH TO DATE   58                        99    -41      120
  SINCE MAR 1    611                       727   -116      830
  SINCE JUL 1   4612                      4694    -82     5152

 COOLING
  YESTERDAY        4                         0      4        0
  MONTH TO DATE    5                         0      5        0
  SINCE MAR 1      5                         3      2        0
  SINCE JAN 1      5                         3      2        0
..................................................................


WIND (MPH)
  HIGHEST WIND SPEED    21   HIGHEST WIND DIRECTION    NW (320)
  HIGHEST GUST SPEED    26   HIGHEST GUST DIRECTION    NW (310)
  AVERAGE WIND SPEED    10.3


SKY COVER
  AVERAGE SKY COVER 0.6


WEATHER CONDITIONS
 THE FOLLOWING WEATHER WAS RECORDED YESTERDAY.
  FOG


RELATIVE HUMIDITY (PERCENT)
 HIGHEST    97          1200 AM
 LOWEST     31           200 PM
 AVERAGE    64

..........................................................


THE TOPEKA KS CLIMATE NORMALS FOR TODAY
                         NORMAL    RECORD    YEAR
 MAXIMUM TEMPERATURE (F)   64        88      1905
 MINIMUM TEMPERATURE (F)   41        20      2007


SUNRISE AND SUNSET
APRIL  8 2015.........SUNRISE   657 AM CDT   SUNSET   753 PM CDT
APRIL  9 2015.........SUNRISE   655 AM CDT   SUNSET   754 PM CDT


-  INDICATES NEGATIVE NUMBERS.
R  INDICATES RECORD WAS SET OR TIED.
MM INDICATES DATA IS MISSING.
T  INDICATES TRACE AMOUNT.




$$
