000
CDUS43 KTOP 050645
CLITOP


CLIMATE REPORT
NATIONAL WEATHER SERVICE TOPEKA KS
143 AM CDT TUE MAY 5 2015


...................................

...THE TOPEKA KS CLIMATE SUMMARY FOR MAY 4 2015...

CLIMATE NORMAL PERIOD 1981 TO 2010
CLIMATE RECORD PERIOD 1887 TO 2015


WEATHER ITEM   OBSERVED TIME   RECORD YEAR NORMAL DEPARTURE LAST
                VALUE   (LST)  VALUE       VALUE  FROM      YEAR
                                                  NORMAL
..................................................................
TEMPERATURE (F)
 YESTERDAY
  MAXIMUM         85    356 PM  92    1943  72     13       88
  MINIMUM         62   1159 PM  28    1907  50     12       52
  AVERAGE         74                        61     13       70

PRECIPITATION (IN)
  YESTERDAY        0.26          3.84 1892   0.16   0.10     0.00
  MONTH TO DATE    0.36                      0.61  -0.25     0.00
  SINCE MAR 1      3.53                      6.63  -3.10     4.18
  SINCE JAN 1      5.52                      8.81  -3.29     5.84

SNOWFALL (IN)
  YESTERDAY        0.0           T    2013   0.0    0.0      0.0
                                      1991
  MONTH TO DATE    0.0                       0.0    0.0      0.0
  SINCE JAN 1      7.9                      11.3   -3.4     23.1
  SINCE JUL 1     10.3                      17.8   -7.5     27.4
  SNOW DEPTH       0

DEGREE DAYS
 HEATING
  YESTERDAY        0                         5     -5        0
  MONTH TO DATE    4                        23    -19       27
  SINCE MAR 1    785                       973   -188     1049
  SINCE JUL 1   4786                      4940   -154     5371

 COOLING
  YESTERDAY        9                         2      7        5
  MONTH TO DATE   21                         6     15        5
  SINCE MAR 1     26                        34     -8       28
  SINCE JAN 1     26                        34     -8       28
..................................................................


WIND (MPH)
  HIGHEST WIND SPEED    30   HIGHEST WIND DIRECTION     N (340)
  HIGHEST GUST SPEED    39   HIGHEST GUST DIRECTION     N (340)
  AVERAGE WIND SPEED     8.9


SKY COVER
  AVERAGE SKY COVER 0.2


WEATHER CONDITIONS
 THE FOLLOWING WEATHER WAS RECORDED YESTERDAY.
  THUNDERSTORM
  RAIN
  LIGHT RAIN
  FOG


RELATIVE HUMIDITY (PERCENT)
 HIGHEST    93          1000 PM
 LOWEST     40           300 PM
 AVERAGE    67

..........................................................


THE TOPEKA KS CLIMATE NORMALS FOR TODAY
                         NORMAL    RECORD    YEAR
 MAXIMUM TEMPERATURE (F)   73        97      1940
 MINIMUM TEMPERATURE (F)   51        32      1944


SUNRISE AND SUNSET
MAY  5 2015...........SUNRISE   620 AM CDT   SUNSET   819 PM CDT
MAY  6 2015...........SUNRISE   619 AM CDT   SUNSET   820 PM CDT


-  INDICATES NEGATIVE NUMBERS.
R  INDICATES RECORD WAS SET OR TIED.
MM INDICATES DATA IS MISSING.
T  INDICATES TRACE AMOUNT.




$$
