000
CXUS55 KABQ 271000
CF6ABQ
PRELIMINARY LOCAL CLIMATOLOGICAL DATA (WS FORM: F-6)

                                          STATION:   ALBUQUERQUE  NM
                                          MONTH:     APRIL
                                          YEAR:      2015
                                          LATITUDE:   35  2 N
                                          LONGITUDE: 106 37 W

  TEMPERATURE IN F:       :PCPN:    SNOW:  WIND      :SUNSHINE: SKY     :PK WND
================================================================================
1   2   3   4   5  6A  6B    7    8   9   10  11  12  13   14  15   16   17  18
                                     12Z  AVG MX 2MIN
DY MAX MIN AVG DEP HDD CDD  WTR  SNW DPTH SPD SPD DIR MIN PSBL S-S WX    SPD DR
================================================================================

 1  76  48  62  10   3   0 0.00  0.0    0 12.6 32 280   M    M   3        40 280
 2  76  46  61   9   4   0 0.00  0.0    0 12.8 36 270   M    M   4        46 270
 3  65  43  54   2  11   0 0.00  0.0    0 12.3 36  90   M    M   6        46  90
 4  68  40  54   2  11   0 0.00  0.0    0 14.1 35  90   M    M   7        42  90
 5  75  51  63  10   2   0 0.00  0.0    0  8.8 25 270   M    M   6        37 240
 6  77  46  62   9   3   0 0.00  0.0    0  9.0 24 260   M    M   4        33 230
 7  75  42  59   6   6   0 0.00  0.0    0  9.6 26 210   M    M   5        33 220
 8  77  48  63   9   2   0 0.00  0.0    0 18.4 33 260   M    M   2        43 270
 9  66  41  54   0  11   0 0.00  0.0    0  7.3 17 330   M    M   2        22 330
10  72  45  59   5   6   0 0.00  0.0    0 15.8 31  90   M    M   3        40  80
11  74  41  58   4   7   0 0.00  0.0    0  5.8 20 190   M    M   6        25 170
12  74  47  61   6   4   0 0.00  0.0    0  7.2 21 310   M    M   9        26 310
13  68  49  59   4   6   0 0.00  0.0    0 15.0 32  80   M    M   7        41  80
14  73  42  58   3   7   0    T  0.0    0  8.3 33 240   M    M   2        43 250
15  70  45  58   2   7   0 0.00  0.0    0 14.3 31 250   M    M   5        50 250
16  62  31  47  -9  18   0 0.00  0.0    0  9.9 35 290   M    M   4        40 280
17  55  30  43 -13  22   0 0.00  0.0    0  8.4 24 290   M    M   6        34 280
18  63  35  49  -8  16   0 0.00  0.0    0  9.3 30 320   M    M   6        39 330
19  69  44  57   0   8   0 0.00  0.0    0  6.0 22 220   M    M   3        26 220
20  72  43  58   1   7   0    T  0.0    0  6.8 22 310   M    M   4        33  90
21  75  45  60   2   5   0 0.00  0.0    0  6.0 22 140   M    M   4        31 310
22  75  48  62   4   3   0 0.00  0.0    0  6.6 22 180   M    M   3        30 190
23  74  44  59   1   6   0    T  0.0    0  7.1 32 200   M    M   3        45 200
24  60  45  53  -6  12   0 0.13    T    0  7.2 26 300   M    M   9 358    33 300
25  70  42  56  -3   9   0    T  0.0    0  8.1 24 280   M    M   6        30 210
26  59  43  51  -8  14   0 0.22    M    0  6.5 18 240   M    M   8 1      33 180
================================================================================
SM 1820 1124       210   0  0.35    T    253.2          M      127
================================================================================
AV 70.0 43.2                               9.7 FASTST   M    M   5    MAX(MPH)
                                 MISC ---->  # 36 270               # 50  250
================================================================================
NOTES:
# LAST OF SEVERAL OCCURRENCES

COLUMN 17 PEAK WIND IN M.P.H.

PRELIMINARY LOCAL CLIMATOLOGICAL DATA (WS FORM: F-6) , PAGE 2

                                          STATION:  ALBUQUERQUE  NM
                                          MONTH:    APRIL
                                          YEAR:     2015
                                          LATITUDE:   35  2 N
                                          LONGITUDE: 106 37 W

[TEMPERATURE DATA]      [PRECIPITATION DATA]       SYMBOLS USED IN COLUMN 16

AVERAGE MONTHLY: 56.6   TOTAL FOR MONTH:   0.35    1 = FOG OR MIST
DPTR FM NORMAL:   1.3   DPTR FM NORMAL:   -0.19    2 = FOG REDUCING VISIBILITY
HIGHEST:    77 ON  8, 6 GRTST 24HR  0.22 ON 26-26      TO 1/4 MILE OR LESS
LOWEST:     30 ON 17                               3 = THUNDER
                        SNOW, ICE PELLETS, HAIL    4 = ICE PELLETS
                        TOTAL MONTH:    T          5 = HAIL
                        GRTST 24HR    T  ON 24-24  6 = FREEZING RAIN OR DRIZZLE
                        GRTST DEPTH:   0           7 = DUSTSTORM OR SANDSTORM:
                                                       VSBY 1/2 MILE OR LESS
                                                   8 = SMOKE OR HAZE
[NO. OF DAYS WITH]      [WEATHER - DAYS WITH]      9 = BLOWING SNOW
                                                   X = TORNADO
MAX 32 OR BELOW:   0    0.01 INCH OR MORE:   2
MAX 90 OR ABOVE:   0    0.10 INCH OR MORE:   2
MIN 32 OR BELOW:   2    0.50 INCH OR MORE:   0
MIN  0 OR BELOW:   0    1.00 INCH OR MORE:   0

[HDD (BASE 65) ]
TOTAL THIS MO.   210    CLEAR  (SCALE 0-3)   5
DPTR FM NORMAL   -45    PTCLDY (SCALE 4-7)  19
TOTAL FM JUL 1  3495    CLOUDY (SCALE 8-10)  2
DPTR FM NORMAL  -587

[CDD (BASE 65) ]
TOTAL THIS MO.     0
DPTR FM NORMAL    -2    [PRESSURE DATA]
TOTAL FM JAN 1     0    HIGHEST SLP M ON M
DPTR FM NORMAL    -2    LOWEST  SLP 29.51 ON  8

[REMARKS]
