000
CXUS53 KDMX 260920
CF6AMW
PRELIMINARY LOCAL CLIMATOLOGICAL DATA (WS FORM: F-6)

                                          STATION:   AMES IA
                                          MONTH:     APRIL
                                          YEAR:      2015
                                          LATITUDE:   41 59 N
                                          LONGITUDE:  93 37 W

  TEMPERATURE IN F:       :PCPN:    SNOW:  WIND      :SUNSHINE: SKY     :PK WND
================================================================================
1   2   3   4   5  6A  6B    7    8   9   10  11  12  13   14  15   16   17  18
                                     12Z  AVG MX 2MIN
DY MAX MIN AVG DEP HDD CDD  WTR  SNW DPTH SPD SPD DIR MIN PSBL S-S WX    SPD DR
================================================================================

 1  81  44  63  19   2   0    T  0.0    0 16.3 32 190   M    M   0 3      40 160
 2  66  50  58  14   7   0 0.65  0.0    0 13.8 26 330   M    M   4 13     33 320
 3  50  26  38  -7  27   0    T  0.0    0 15.7 29 320   M    M   3        34 320
 4  66  27  47   2  18   0 0.00  0.0    0 14.3 26 250   M    M   1        35 250
 5  71  41  56  10   9   0 0.00  0.0    0 11.6 22 180   M    M   0 8      28 220
 6  57  47  52   6  13   0 0.03  0.0    0  7.7 24 140   M    M   9 138    32 140
 7  52  42  47   1  18   0 0.05  0.0    0 11.3 23 130   M    M  10 18     27 130
 8  51  42  47   0  18   0 0.74  0.0    0  9.4 22 110   M    M  10 13     26 110
 9  50  34  42  -5  23   0 0.23    M    0 13.5 30 340   M    M  10 1      40 330
10  55  35  45  -3  20   0 0.00  0.0    0 13.2 29 300   M    M   0        37 290
11  71  30  51   3  14   0 0.00  0.0    0  9.5 22 170   M    M   0        27 180
12  70  47  59  11   6   0 0.09  0.0    0 13.9 33 320   M    M   3 13     41 330
13  65  40  53   4  12   0 0.00  0.0    0 11.2 28 310   M    M   0        34 310
14  70  35  53   4  12   0 0.00  0.0    0  4.3 15 160   M    M   0        20 150
15  69  42  56   7   9   0 0.00  0.0    0 10.0 26 150   M    M   3        34 150
16  74  50  62  12   3   0 0.00  0.0    0  4.7 15 240   M    M   4 8      18 230
17  79  46  63  13   2   0 0.00  0.0    0  1.9  8  60   M    M   1 18     12  50
18  72  55  64  14   1   0 1.10  0.0    0  6.9 30 190   M    M   8 13     40 190
19  65  47  56   5   9   0 1.04  0.0    0 11.8 33 340   M    M  10 1      44 340
20  54  35  45  -6  20   0 0.03  0.0    0 18.8 35 330   M    M   6        45 330
21  55  33  44  -8  21   0 0.00  0.0    0 17.9 32 300   M    M   2        42 310
22  55  32  44  -8  21   0 0.00  0.0    0 15.0 30 340   M    M   0        40 340
23  61  30  46  -6  19   0 0.00  0.0    M  4.9 14 300   M    M   3        18 280
24  56  45  51  -2  14   0 0.18    M    0 12.3 20 110   M    M  10 13     26 120
25  52  43  48  -5  17   0 0.31    M    0 12.6 23  70   M    M  10 18     30  50
================================================================================
SM 1567  998       335   0  4.45     0.0 282.5          M      107
================================================================================
AV 62.7 39.9                              11.3 FASTST   M    M   4    MAX(MPH)
                                 MISC ---->  # 35 330               # 45  330
================================================================================
NOTES:
# LAST OF SEVERAL OCCURRENCES

COLUMN 17 PEAK WIND IN M.P.H.

PRELIMINARY LOCAL CLIMATOLOGICAL DATA (WS FORM: F-6) , PAGE 2

                                          STATION:  AMES IA
                                          MONTH:    APRIL
                                          YEAR:     2015
                                          LATITUDE:   41 59 N
                                          LONGITUDE:  93 37 W

[TEMPERATURE DATA]      [PRECIPITATION DATA]       SYMBOLS USED IN COLUMN 16

AVERAGE MONTHLY: 51.3   TOTAL FOR MONTH:   4.45    1 = FOG OR MIST
DPTR FM NORMAL:   2.7   DPTR FM NORMAL:    1.77    2 = FOG REDUCING VISIBILITY
HIGHEST:    81 ON  1    GRTST 24HR  1.10 ON 18-18      TO 1/4 MILE OR LESS
LOWEST:     26 ON  3                               3 = THUNDER
                        SNOW, ICE PELLETS, HAIL    4 = ICE PELLETS
                        TOTAL MONTH:   0.0 INCH    5 = HAIL
                        GRTST 24HR     0.0         6 = FREEZING RAIN OR DRIZZLE
                        GRTST DEPTH:   0           7 = DUSTSTORM OR SANDSTORM:
                                                       VSBY 1/2 MILE OR LESS
                                                   8 = SMOKE OR HAZE
[NO. OF DAYS WITH]      [WEATHER - DAYS WITH]      9 = BLOWING SNOW
                                                   X = TORNADO
MAX 32 OR BELOW:   0    0.01 INCH OR MORE:  11
MAX 90 OR ABOVE:   0    0.10 INCH OR MORE:   7
MIN 32 OR BELOW:   5    0.50 INCH OR MORE:   4
MIN  0 OR BELOW:   0    1.00 INCH OR MORE:   2

[HDD (BASE 65) ]
TOTAL THIS MO.   335    CLEAR  (SCALE 0-3)  12
DPTR FM NORMAL   -77    PTCLDY (SCALE 4-7)   5
TOTAL FM JUL 1  6623    CLOUDY (SCALE 8-10)  8
DPTR FM NORMAL    55

[CDD (BASE 65) ]
TOTAL THIS MO.     0
DPTR FM NORMAL     0    [PRESSURE DATA]
TOTAL FM JAN 1     0    HIGHEST SLP M ON M
DPTR FM NORMAL     0    LOWEST  SLP 29.50 ON  9

[REMARKS]
