000
CXUS55 KLBF 181200
CF6BBW
PRELIMINARY LOCAL CLIMATOLOGICAL DATA (WS FORM: F-6)

                                          STATION:   BROKEN BOW NE
                                          MONTH:     APRIL
                                          YEAR:      2015
                                          LATITUDE:   41 26 N
                                          LONGITUDE:  99 39 W

  TEMPERATURE IN F:       :PCPN:    SNOW:  WIND      :SUNSHINE: SKY     :PK WND
================================================================================
1   2   3   4   5  6A  6B    7    8   9   10  11  12  13   14  15   16   17  18
                                     12Z  AVG MX 2MIN
DY MAX MIN AVG DEP HDD CDD  WTR  SNW DPTH SPD SPD DIR MIN PSBL S-S WX    SPD DR
================================================================================

 1  83  54  69  26   0   4 0.00    M    M 18.5 33 210   M    M   1        46 210
 2  59  35  47   4  18   0 0.12    M    M 10.5 28 350   M    M   6        33 350
 3  54  27  41  -3  24   0 0.00    M    M 10.9 24 340   M    M   2        28 340
 4  68  29  49   5  16   0 0.00    M    M 13.3 33 210   M    M   0        46 200
 5  73  36  55  11  10   0 0.00    M    M  8.7 23 180   M    M   0 8      29 170
 6  54  45  50   6  15   0    T    M    M 11.9 23 360   M    M   9 1      28  90
 7  50  41  46   1  19   0 0.05    M    M 12.5 21 360   M    M  10 18     28  90
 8  44  39  42  -3  23   0 0.06    M    M 10.5 21  40   M    M  10 13     27  40
 9  50  34  42  -4  23   0 0.41    M    M 16.9 28 340   M    M   5 13     35 340
10  68  34  51   5  14   0 0.00    M    M  9.2 16 230   M    M   0        25 260
11  74  40  57  11   8   0 0.00    M    M 15.4 31 180   M    M   0        40 200
12  78  39  59  13   6   0 0.00    M    M 14.7 35 340   M    M   2        41 350
13  70  25  48   1  17   0 0.00    M    M  4.6 16 230   M    M   0        20 240
14  71  41  56   9   9   0 0.00    M    M 16.6 31 190   M    M   0 8      39 210
15  68  39  54   6  11   0 0.00    M    M 16.5 29 140   M    M   4        39 160
16  62  52  57   9   8   0 0.07    M    M  8.9 32 100   M    M  10 18     39 100
17  61  53  57   9   8   0 0.42    M    M 10.4 18  70   M    M   9 18     26 100
================================================================================
SM 1087  663       229   4  1.13    M    210.0          M       68
================================================================================
AV 63.9 39.0                              12.4 FASTST   M    M   4    MAX(MPH)
                                 MISC ---->  # 35 340               # 46  210
================================================================================
NOTES:
# LAST OF SEVERAL OCCURRENCES

COLUMN 17 PEAK WIND IN M.P.H.

PRELIMINARY LOCAL CLIMATOLOGICAL DATA (WS FORM: F-6) , PAGE 2

                                          STATION:  BROKEN BOW NE
                                          MONTH:    APRIL
                                          YEAR:     2015
                                          LATITUDE:   41 26 N
                                          LONGITUDE:  99 39 W

[TEMPERATURE DATA]      [PRECIPITATION DATA]       SYMBOLS USED IN COLUMN 16

AVERAGE MONTHLY: 51.5   TOTAL FOR MONTH:   1.13    1 = FOG OR MIST
DPTR FM NORMAL:   5.9   DPTR FM NORMAL:   -0.18    2 = FOG REDUCING VISIBILITY
HIGHEST:    83 ON  1    GRTST 24HR  0.44 ON 16-17      TO 1/4 MILE OR LESS
LOWEST:     25 ON 13                               3 = THUNDER
                        SNOW, ICE PELLETS, HAIL    4 = ICE PELLETS
                        TOTAL MONTH:    M          5 = HAIL
                        GRTST 24HR    M  ON   M    6 = FREEZING RAIN OR DRIZZLE
                        GRTST DEPTH:  M  ON   M    7 = DUSTSTORM OR SANDSTORM:
                                                       VSBY 1/2 MILE OR LESS
                                                   8 = SMOKE OR HAZE
[NO. OF DAYS WITH]      [WEATHER - DAYS WITH]      9 = BLOWING SNOW
                                                   X = TORNADO
MAX 32 OR BELOW:   0    0.01 INCH OR MORE:   6
MAX 90 OR ABOVE:   0    0.10 INCH OR MORE:   3
MIN 32 OR BELOW:   3    0.50 INCH OR MORE:   0
MIN  0 OR BELOW:   0    1.00 INCH OR MORE:   0

[HDD (BASE 65) ]
TOTAL THIS MO.   229    CLEAR  (SCALE 0-3)   9
DPTR FM NORMAL  -103    PTCLDY (SCALE 4-7)   3
TOTAL FM JUL 1  5669    CLOUDY (SCALE 8-10)  5
DPTR FM NORMAL  -526

[CDD (BASE 65) ]
TOTAL THIS MO.     4
DPTR FM NORMAL     4    [PRESSURE DATA]
TOTAL FM JAN 1     5    HIGHEST SLP M ON M
DPTR FM NORMAL     5    LOWEST  SLP 29.52 ON  1

[REMARKS]
