000
CXUS55 KRIW 180903
CF6BYG
PRELIMINARY LOCAL CLIMATOLOGICAL DATA (WS FORM: F-6)

                                          STATION:   BUFFALO WY
                                          MONTH:     APRIL
                                          YEAR:      2015
                                          LATITUDE:   44 22 N
                                          LONGITUDE: 106 43 W

  TEMPERATURE IN F:       :PCPN:    SNOW:  WIND      :SUNSHINE: SKY     :PK WND
================================================================================
1   2   3   4   5  6A  6B    7    8   9   10  11  12  13   14  15   16   17  18
                                     12Z  AVG MX 2MIN
DY MAX MIN AVG DEP HDD CDD  WTR  SNW DPTH SPD SPD DIR MIN PSBL S-S WX    SPD DR
================================================================================

 1  61  27  44   5  21   0 0.00  0.0    M 19.7 40 320   M    M   5        53 320
 2  42  21  32  -7  33   0 0.00  0.0    M 19.7 40 350   M    M   0        50 350
 3  49  18  34  -5  31   0 0.00  0.0    M  5.1 17  20   M    M   0        24 350
 4  60  29  45   5  20   0 0.00  0.0    M  9.9 31 260   M    M   1        38 270
 5  58  32  45   5  20   0 0.00  0.0    M 10.2 24 330   M    M   1        34 340
 6  54  31  43   3  22   0 0.00  0.0    M  6.4 17 350   M    M   5 1      25 340
 7  51  28  40   0  25   0    T    M    M  7.2 22 330   M    M   3 12     28 340
 8  44  32  38  -3  27   0 0.15    M    M 14.9 28 340   M    M  10 12     39 330
 9  52  22  37  -4  28   0 0.00  0.0    M  6.6 15 340   M    M   1        25 340
10  63  34  49   8  16   0 0.00    M    M  8.4 18 350   M    M   1        26 340
11  68  41  55  13  10   0 0.00  0.0    M  9.5 28 240   M    M   0        33 240
12  51  30  41  -1  24   0    T    M    M 14.3 32 350   M    M   4 12     43 350
13  68  26  47   5  18   0 0.00  0.0    M  7.5 17 140   M    M   0        22 140
14  80  43  62  19   3   0 0.00    M    M 18.2 46 360   M    M   0        53 360
15  46  34  40  -3  25   0    T    M    M 25.9 37 350   M    M   9 18     50 330
16  50  33  42  -1  23   0    T    M    M 12.9 26 320   M    M   7        34 320
17  61  32  47   3  18   0 0.00  0.0    M  6.4 17 180   M    M   0        21 190
================================================================================
SM  958  513       364   0  0.15     0.0 202.8          M       47
================================================================================
AV 56.4 30.2                              11.9 FASTST   M    M   3    MAX(MPH)
                                 MISC ---->  # 46 360               # 53  320
================================================================================
NOTES:
# LAST OF SEVERAL OCCURRENCES

COLUMN 17 PEAK WIND IN M.P.H.

PRELIMINARY LOCAL CLIMATOLOGICAL DATA (WS FORM: F-6) , PAGE 2

                                          STATION:  BUFFALO WY
                                          MONTH:    APRIL
                                          YEAR:     2015
                                          LATITUDE:   44 22 N
                                          LONGITUDE: 106 43 W

[TEMPERATURE DATA]      [PRECIPITATION DATA]       SYMBOLS USED IN COLUMN 16

AVERAGE MONTHLY: 43.3   TOTAL FOR MONTH:   0.15    1 = FOG OR MIST
DPTR FM NORMAL:   2.1   DPTR FM NORMAL:   -0.39    2 = FOG REDUCING VISIBILITY
HIGHEST:    80 ON 14    GRTST 24HR  0.15 ON  8- 8      TO 1/4 MILE OR LESS
LOWEST:     18 ON  3                               3 = THUNDER
                        SNOW, ICE PELLETS, HAIL    4 = ICE PELLETS
                        TOTAL MONTH:   0.0 INCH    5 = HAIL
                        GRTST 24HR     0.0         6 = FREEZING RAIN OR DRIZZLE
                        GRTST DEPTH:  M  ON   M    7 = DUSTSTORM OR SANDSTORM:
                                                       VSBY 1/2 MILE OR LESS
                                                   8 = SMOKE OR HAZE
[NO. OF DAYS WITH]      [WEATHER - DAYS WITH]      9 = BLOWING SNOW
                                                   X = TORNADO
MAX 32 OR BELOW:   0    0.01 INCH OR MORE:   1
MAX 90 OR ABOVE:   0    0.10 INCH OR MORE:   1
MIN 32 OR BELOW:  12    0.50 INCH OR MORE:   0
MIN  0 OR BELOW:   0    1.00 INCH OR MORE:   0

[HDD (BASE 65) ]
TOTAL THIS MO.   364    CLEAR  (SCALE 0-3)  10
DPTR FM NORMAL   -42    PTCLDY (SCALE 4-7)   5
TOTAL FM JUL 1  5733    CLOUDY (SCALE 8-10)  2
DPTR FM NORMAL  -863

[CDD (BASE 65) ]
TOTAL THIS MO.     0
DPTR FM NORMAL     0    [PRESSURE DATA]
TOTAL FM JAN 1     0    HIGHEST SLP M ON M
DPTR FM NORMAL     0    LOWEST  SLP 29.47 ON 14

[REMARKS]
