000
CXUS53 KTOP 190820
CF6CNK
PRELIMINARY LOCAL CLIMATOLOGICAL DATA (WS FORM: F-6)

                                          STATION:   Concordia KS
                                          MONTH:     APRIL
                                          YEAR:      2015
                                          LATITUDE:   39 32 N
                                          LONGITUDE:  97 39 W

  TEMPERATURE IN F:       :PCPN:    SNOW:  WIND      :SUNSHINE: SKY     :PK WND
================================================================================
1   2   3   4   5  6A  6B    7    8   9   10  11  12  13   14  15   16   17  18
                                     12Z  AVG MX 2MIN
DY MAX MIN AVG DEP HDD CDD  WTR  SNW DPTH SPD SPD DIR MIN PSBL S-S WX    SPD DR
================================================================================

 1  84  54  69  21   0   4 0.00  0.0    0 18.7 32 170   M    M   0 3      41 180
 2  68  47  58   9   7   0 0.01  0.0    0 13.3 29  30   M    M   5 3      41 360
 3  52  36  44  -5  21   0 0.07  0.0    0 12.9 30  10   M    M   3 13     38  10
 4  66  34  50   1  15   0 0.00  0.0    0 15.5 28 190   M    M   0        35 170
 5  71  45  58   8   7   0 0.00  0.0    0 19.6 25 160   M    M   1        37 180
 6  74  51  63  13   2   0 0.00  0.0    0 12.4 20  50   M    M   6 1      24  50
 7  61  46  54   4  11   0 0.00  0.0    0 11.4 18 340   M    M  10 1      22 330
 8  52  43  48  -3  17   0 0.00  0.0    0  8.8 16  80   M    M  10 12     22  80
 9  50  40  45  -6  20   0    T  0.0    0 16.4 30 340   M    M   8 12     43 320
10  69  34  52   1  13   0 0.00  0.0    0 10.1 18 270   M    M   0        23 270
11  74  43  59   7   6   0    T  0.0    0 14.6 28 190   M    M   3 38     37 200
12  76  52  64  12   1   0 0.62  0.0    0 14.9 32 310   M    M   4 13     44 310
13  67  43  55   3  10   0 0.00  0.0    0  7.7 16  60   M    M   0        22  10
14  67  42  55   2  10   0 0.00  0.0    0  7.4 22 120   M    M   0        27 120
15  66  47  57   4   8   0 0.00  0.0    0 13.3 23 130   M    M   9 18     28 130
16  74  52  63  10   2   0    T  0.0    0  8.9 17 130   M    M   5 1      25 110
17  75  53  64  10   1   0 0.00  0.0    0  6.0 15 100   M    M   5 3      20 100
18  75  53  64  10   1   0 0.34  0.0    0  5.6 28 230   M    M   7 13     37 210
================================================================================
SM 1221  815       152   4  1.04     0.0 217.5          M       76
================================================================================
AV 67.8 45.3                              12.1 FASTST   M    M   4    MAX(MPH)
                                 MISC ---->  # 32 170               # 44  310
================================================================================
NOTES:
# LAST OF SEVERAL OCCURRENCES

COLUMN 17 PEAK WIND IN M.P.H.

PRELIMINARY LOCAL CLIMATOLOGICAL DATA (WS FORM: F-6) , PAGE 2

                                          STATION:  Concordia KS
                                          MONTH:    APRIL
                                          YEAR:     2015
                                          LATITUDE:   39 32 N
                                          LONGITUDE:  97 39 W

[TEMPERATURE DATA]      [PRECIPITATION DATA]       SYMBOLS USED IN COLUMN 16

AVERAGE MONTHLY: 56.6   TOTAL FOR MONTH:   1.04    1 = FOG OR MIST
DPTR FM NORMAL:   5.4   DPTR FM NORMAL:   -0.32    2 = FOG REDUCING VISIBILITY
HIGHEST:    84 ON  1    GRTST 24HR  0.62 ON 12-12      TO 1/4 MILE OR LESS
LOWEST:     34 ON 10, 4                            3 = THUNDER
                        SNOW, ICE PELLETS, HAIL    4 = ICE PELLETS
                        TOTAL MONTH:   0.0 INCH    5 = HAIL
                        GRTST 24HR     0.0         6 = FREEZING RAIN OR DRIZZLE
                        GRTST DEPTH:   0           7 = DUSTSTORM OR SANDSTORM:
                                                       VSBY 1/2 MILE OR LESS
                                                   8 = SMOKE OR HAZE
[NO. OF DAYS WITH]      [WEATHER - DAYS WITH]      9 = BLOWING SNOW
                                                   X = TORNADO
MAX 32 OR BELOW:   0    0.01 INCH OR MORE:   4
MAX 90 OR ABOVE:   0    0.10 INCH OR MORE:   2
MIN 32 OR BELOW:   0    0.50 INCH OR MORE:   1
MIN  0 OR BELOW:   0    1.00 INCH OR MORE:   0

[HDD (BASE 65) ]
TOTAL THIS MO.   152    CLEAR  (SCALE 0-3)   8
DPTR FM NORMAL  -104    PTCLDY (SCALE 4-7)   7
TOTAL FM JUL 1  4906    CLOUDY (SCALE 8-10)  3
DPTR FM NORMAL  -241

[CDD (BASE 65) ]
TOTAL THIS MO.     4
DPTR FM NORMAL     1    [PRESSURE DATA]
TOTAL FM JAN 1     8    HIGHEST SLP M ON M
DPTR FM NORMAL     4    LOWEST  SLP 29.51 ON  9

[REMARKS]
