000
CXUS52 KFFC 181110
CF6CSG
PRELIMINARY LOCAL CLIMATOLOGICAL DATA (WS FORM: F-6)

                                          STATION:   COLUMBUS
                                          MONTH:     APRIL
                                          YEAR:      2015
                                          LATITUDE:   32 31 N
                                          LONGITUDE:  84 56 W

  TEMPERATURE IN F:       :PCPN:    SNOW:  WIND      :SUNSHINE: SKY     :PK WND
================================================================================
1   2   3   4   5  6A  6B    7    8   9   10  11  12  13   14  15   16   17  18
                                     12Z  AVG MX 2MIN
DY MAX MIN AVG DEP HDD CDD  WTR  SNW DPTH SPD SPD DIR MIN PSBL S-S WX    SPD DR
================================================================================

 1  83  57  70   9   0   5 0.06  0.0    0  2.9 21 340   M    M   2 13     30 340
 2  78  58  68   7   0   3 0.00  0.0    0  4.6 15 220   M    M   4        21 220
 3  85  53  69   7   0   4 0.00  0.0    0  7.0 21 210   M    M   1        29 290
 4  73  56  65   3   0   0 0.08  0.0    0  8.7 17 340   M    M   3 1      24 360
 5  73  48  61  -1   4   0 0.00  0.0    0  8.6 18 120   M    M   1        25 130
 6  77  60  69   7   0   4 0.14  0.0    0  5.4 15 150   M    M   9 1      18 150
 7  83  63  73  11   0   8 0.03  0.0    0  3.1 15 150   M    M   6 12     16 160
 8  88  62  75  12   0  10 0.00  0.0    0  2.6 14 230   M    M   1        20 260
 9  86  62  74  11   0   9 0.00  0.0    0  5.4 18 230   M    M   1        24 230
10  80  65  73  10   0   8 0.18  0.0    0  4.5 22 350   M    M   6 13     29 350
11  83  61  72   9   0   7 0.01  0.0    0  2.7 12  20   M    M   2        16  10
12  74  54  64   0   1   0 0.24  0.0    0  3.8 13 110   M    M   6 1      17 140
13  77  65  71   7   0   6 0.37  0.0    0  5.9 15 210   M    M   9 1      22 190
14  82  67  75  11   0  10 0.27  0.0    0  5.4 22 250   M    M   7 138    30 240
15  79  66  73   9   0   8 1.16  0.0    0  2.5 16  80   M    M   6 13     21  90
16  67  56  62  -3   3   0 0.12  0.0    0 10.2 16 100   M    M  10 13     22  80
17  63  56  60  -5   5   0 1.24  0.0    0  5.6 10 100   M    M  10 1      14 120
================================================================================
SM 1331 1009        13  82  3.90     0.0  88.9          M       84
================================================================================
AV 78.3 59.4                               5.2 FASTST   M    M   5    MAX(MPH)
                                 MISC ---->  # 22 350               # 30  340
================================================================================
NOTES:
# LAST OF SEVERAL OCCURRENCES

COLUMN 17 PEAK WIND IN M.P.H.

PRELIMINARY LOCAL CLIMATOLOGICAL DATA (WS FORM: F-6) , PAGE 2

                                          STATION:  COLUMBUS
                                          MONTH:    APRIL
                                          YEAR:     2015
                                          LATITUDE:   32 31 N
                                          LONGITUDE:  84 56 W

[TEMPERATURE DATA]      [PRECIPITATION DATA]       SYMBOLS USED IN COLUMN 16

AVERAGE MONTHLY: 68.8   TOTAL FOR MONTH:   3.90    1 = FOG OR MIST
DPTR FM NORMAL:   5.9   DPTR FM NORMAL:    1.75    2 = FOG REDUCING VISIBILITY
HIGHEST:    88 ON  8    GRTST 24HR  1.38 ON 14-15      TO 1/4 MILE OR LESS
LOWEST:     48 ON  5                               3 = THUNDER
                        SNOW, ICE PELLETS, HAIL    4 = ICE PELLETS
                        TOTAL MONTH:   0.0 INCH    5 = HAIL
                        GRTST 24HR     0.0         6 = FREEZING RAIN OR DRIZZLE
                        GRTST DEPTH:   0           7 = DUSTSTORM OR SANDSTORM:
                                                       VSBY 1/2 MILE OR LESS
                                                   8 = SMOKE OR HAZE
[NO. OF DAYS WITH]      [WEATHER - DAYS WITH]      9 = BLOWING SNOW
                                                   X = TORNADO
MAX 32 OR BELOW:   0    0.01 INCH OR MORE:  12
MAX 90 OR ABOVE:   0    0.10 INCH OR MORE:   8
MIN 32 OR BELOW:   0    0.50 INCH OR MORE:   2
MIN  0 OR BELOW:   0    1.00 INCH OR MORE:   2

[HDD (BASE 65) ]
TOTAL THIS MO.    13    CLEAR  (SCALE 0-3)   6
DPTR FM NORMAL   -55    PTCLDY (SCALE 4-7)   7
TOTAL FM JUL 1  2198    CLOUDY (SCALE 8-10)  4
DPTR FM NORMAL   107

[CDD (BASE 65) ]
TOTAL THIS MO.    82
DPTR FM NORMAL    49    [PRESSURE DATA]
TOTAL FM JAN 1   111    HIGHEST SLP M ON M
DPTR FM NORMAL    51    LOWEST  SLP 29.92 ON M

[REMARKS]
