000
CXUS56 KSGX 251445
CF6CZZ
PRELIMINARY LOCAL CLIMATOLOGICAL DATA (WS FORM: F-6)

                                          STATION:   CAMPO ASOS CA
                                          MONTH:     APRIL
                                          YEAR:      2015
                                          LATITUDE:   32 37 N
                                          LONGITUDE: 116 28 W

  TEMPERATURE IN F:       :PCPN:    SNOW:  WIND      :SUNSHINE: SKY     :PK WND
================================================================================
1   2   3   4   5  6A  6B    7    8   9   10  11  12  13   14  15   16   17  18
                                     12Z  AVG MX 2MIN
DY MAX MIN AVG DEP HDD CDD  WTR  SNW DPTH SPD SPD DIR MIN PSBL S-S WX    SPD DR
================================================================================

 1  75  31  53   0  12   0 0.00  0.0    0  8.1 22 210   M    M   0        27 220
 2  72  33  53   0  12   0 0.00  0.0    0  5.9 18 230   M    M   0        20 230
 3  76  41  59   6   6   0 0.00  0.0    0 12.0 30  60   M    M   0        38  40
 4  77  36  57   4   8   0 0.00  0.0    0  6.4 22 230   M    M   0        25 230
 5  68  31  50  -3  15   0 0.00  0.0    0 10.2 23 230   M    M   0        30 230
 6  63  40  52  -1  13   0 0.00  0.0    0 11.3 22 220   M    M   0        27 230
 7  62  41  52  -2  13   0 0.00  0.0    0 11.3 21 250   M    M   0        27 280
 8  65  36  51  -3  14   0 0.03    M    0  9.6 18 210   M    M   0        24 270
 9  72  31  52  -2  13   0 0.00  0.0    0  8.1 23  70   M    M   0        29  80
10  69  31  50  -4  15   0 0.00  0.0    0  8.1 22 220   M    M   0        26 210
11  72  33  53  -1  12   0 0.00  0.0    0  7.7 20 220   M    M   0        25 210
12  80  35  58   4   7   0 0.00  0.0    0  7.3 21 210   M    M   0        26 200
13  81  40  61   7   4   0 0.00  0.0    0  7.9 22 210   M    M   0        27 210
14  77  35  56   1   9   0 0.00  0.0    0  8.6 22 220   M    M   0        27 220
15  72  34  53  -2  12   0 0.00  0.0    0 11.7 30  70   M    M   0        35  70
16  72  37  55   0  10   0 0.00  0.0    0 13.3 31  70   M    M   0        38  70
17  79  33  56   1   9   0 0.00  0.0    0  7.5 21 310   M    M   0        26  40
18  80  33  57   2   8   0 0.00  0.0    0  7.7 20 250   M    M   0        25 260
19  81  35  58   2   7   0 0.00  0.0    0  7.9 21 220   M    M   0        28 220
20  72  35  54  -2  11   0 0.00  0.0    0  9.1 23 220   M    M   0        28 210
21  66  49  58   2   7   0 0.00  0.0    0  8.9 22 220   M    M   0        30 220
22  65  43  54  -2  11   0 0.00  0.0    0  8.9 22 220   M    M   0        29 220
23  60  44  52  -4  13   0 0.00  0.0    0  8.8 18 230   M    M   0        22 210
24  55  48  52  -5  13   0 0.06    M    0 10.9 18 220   M    M   0        21 230
================================================================================
SM 1711  885       254   0  0.09     0.0 217.2          M        0
================================================================================
AV 71.3 36.9                               9.0 FASTST   M    M   0    MAX(MPH)
                                 MISC ---->  # 31  70               # 38   40
================================================================================
NOTES:
# LAST OF SEVERAL OCCURRENCES

COLUMN 17 PEAK WIND IN M.P.H.

PRELIMINARY LOCAL CLIMATOLOGICAL DATA (WS FORM: F-6) , PAGE 2

                                          STATION:  CAMPO ASOS CA
                                          MONTH:    APRIL
                                          YEAR:     2015
                                          LATITUDE:   32 37 N
                                          LONGITUDE: 116 28 W

[TEMPERATURE DATA]      [PRECIPITATION DATA]       SYMBOLS USED IN COLUMN 16

AVERAGE MONTHLY: 54.1   TOTAL FOR MONTH:   0.09    1 = FOG OR MIST
DPTR FM NORMAL:  -0.4   DPTR FM NORMAL:   -0.74    2 = FOG REDUCING VISIBILITY
HIGHEST:    81 ON 19,13 GRTST 24HR  0.06 ON 24-24      TO 1/4 MILE OR LESS
LOWEST:     31 ON 10, 9                            3 = THUNDER
                        SNOW, ICE PELLETS, HAIL    4 = ICE PELLETS
                        TOTAL MONTH:   0.0 INCH    5 = HAIL
                        GRTST 24HR     0.0         6 = FREEZING RAIN OR DRIZZLE
                        GRTST DEPTH:   0           7 = DUSTSTORM OR SANDSTORM:
                                                       VSBY 1/2 MILE OR LESS
                                                   8 = SMOKE OR HAZE
[NO. OF DAYS WITH]      [WEATHER - DAYS WITH]      9 = BLOWING SNOW
                                                   X = TORNADO
MAX 32 OR BELOW:   0    0.01 INCH OR MORE:   2
MAX 90 OR ABOVE:   0    0.10 INCH OR MORE:   0
MIN 32 OR BELOW:   4    0.50 INCH OR MORE:   0
MIN  0 OR BELOW:   0    1.00 INCH OR MORE:   0

[HDD (BASE 65) ]
TOTAL THIS MO.   254    CLEAR  (SCALE 0-3)  24
DPTR FM NORMAL     1    PTCLDY (SCALE 4-7)   0
TOTAL FM JUL 1  2185    CLOUDY (SCALE 8-10)  0
DPTR FM NORMAL  -536

[CDD (BASE 65) ]
TOTAL THIS MO.     0
DPTR FM NORMAL     0    [PRESSURE DATA]
TOTAL FM JAN 1     0    HIGHEST SLP M ON M
DPTR FM NORMAL     0    LOWEST  SLP 29.75 ON 20

[REMARKS]
