000
CXUS53 KILX 262300
CF6DEC
PRELIMINARY LOCAL CLIMATOLOGICAL DATA (WS FORM: F-6)

                                          STATION:   DECATUR IL AIRPORT
                                          MONTH:     APRIL
                                          YEAR:      2015
                                          LATITUDE:   39 49 N
                                          LONGITUDE:  88 51 W

  TEMPERATURE IN F:       :PCPN:    SNOW:  WIND      :SUNSHINE: SKY     :PK WND
================================================================================
1   2   3   4   5  6A  6B    7    8   9   10  11  12  13   14  15   16   17  18
                                     12Z  AVG MX 2MIN
DY MAX MIN AVG DEP HDD CDD  WTR  SNW DPTH SPD SPD DIR MIN PSBL S-S WX    SPD DR
================================================================================

 1  74  39  57   9   8   0 0.00    M    M 13.2 22 160   M    M   0        27 160
 2  75  52  64  16   1   0    T    M    M 12.2 26 240   M    M   5        36 210
 3  59  38  49   1  16   0 0.06    M    M 13.6 32 350   M    M   4        37 350
 4  60  31  46  -3  19   0 0.00    M    M 10.7 21 220   M    M   0        25 220
 5  66  39  53   4  12   0 0.00    M    M 14.5 23 200   M    M   2        32 190
 6  63  52  58   9   7   0 0.02    M    M 10.3 17 160   M    M  10 1      22 170
 7  68  56  62  12   3   0    T    M    M  8.6 20  90   M    M  10 12     22  90
 8  76  57  67  17   0   2 0.32    M    M 12.2 35  40   M    M   4 13     42 230
 9  79  52  66  16   0   1 1.11    M    M 17.9 37 220   M    M   6 13     50 220
10  68  43  56   5   9   0 0.00    M    M 17.1 32 270   M    M   2        42 270
11  64  34  49  -2  16   0 0.00    M    M  5.0 12 140   M    M   0        18 120
12  68  39  54   2  11   0 0.00    M    M  9.7 20 160   M    M   5        23 140
13  70  49  60   8   5   0 0.16    M    M 11.4 21 260   M    M   4 1      29 270
14  69  44  57   5   8   0 0.00  0.0    0 10.8 21  70   M    M   0        26 100
15  73  41  57   4   8   0    T    M    0 15.0 26 120   M    M   4        32 120
16  72  51  62   9   3   0 0.00  0.0    0  3.8 12 130   M    M   6 128    14 130
17  78  46  62   9   3   0 0.00  0.0    0  2.4  9 210   M    M   1 128    14 140
18  79  51  65  11   0   0 0.00  0.0    0  6.4 21 120   M    M   0 18     25 110
19  60  55  58   4   7   0 0.27  0.0    0 10.8 18 240   M    M   6 1      24 240
20  59  43  51  -3  14   0 0.04    M    M 15.7 30 280   M    M   9 1      39 280
21  64  40  52  -3  13   0    T    M    M 13.7 28 260   M    M   2        38 270
22  55  37  46  -9  19   0    T    M    M 13.8 28 300   M    M   3        39 310
23  60  35  48  -8  17   0 0.00  0.0    0  8.6 21 320   M    M   0        28 320
24  62  31  47  -9  18   0    T    M    0  8.8 18 160   M    M   6        24 150
25  55  45  50  -6  15   0    M    M    0 15.8 26  80   M    M   9 1      32  40
================================================================================
SM 1676 1100       232   3  1.98     0.0 282.0          M       98
================================================================================
AV 67.0 44.0                              11.3 FASTST   M    M   4    MAX(MPH)
                                 MISC ---->  # 37 220               # 50  220
================================================================================
NOTES:
# LAST OF SEVERAL OCCURRENCES

COLUMN 17 PEAK WIND IN M.P.H.

PRELIMINARY LOCAL CLIMATOLOGICAL DATA (WS FORM: F-6) , PAGE 2

                                          STATION:  DECATUR IL AIRPORT
                                          MONTH:    APRIL
                                          YEAR:     2015
                                          LATITUDE:   39 49 N
                                          LONGITUDE:  88 51 W

[TEMPERATURE DATA]      [PRECIPITATION DATA]       SYMBOLS USED IN COLUMN 16

AVERAGE MONTHLY: 55.5   TOTAL FOR MONTH:   1.98    1 = FOG OR MIST
DPTR FM NORMAL:   3.6   DPTR FM NORMAL:   -0.87    2 = FOG REDUCING VISIBILITY
HIGHEST:    79 ON 18, 9 GRTST 24HR  1.30 ON  8- 9      TO 1/4 MILE OR LESS
LOWEST:     31 ON 24, 4                            3 = THUNDER
                        SNOW, ICE PELLETS, HAIL    4 = ICE PELLETS
                        TOTAL MONTH:   0.0 INCH    5 = HAIL
                        GRTST 24HR     0.0         6 = FREEZING RAIN OR DRIZZLE
                        GRTST DEPTH:   0           7 = DUSTSTORM OR SANDSTORM:
                                                       VSBY 1/2 MILE OR LESS
                                                   8 = SMOKE OR HAZE
[NO. OF DAYS WITH]      [WEATHER - DAYS WITH]      9 = BLOWING SNOW
                                                   X = TORNADO
MAX 32 OR BELOW:   0    0.01 INCH OR MORE:   7
MAX 90 OR ABOVE:   0    0.10 INCH OR MORE:   4
MIN 32 OR BELOW:   2    0.50 INCH OR MORE:   1
MIN  0 OR BELOW:   0    1.00 INCH OR MORE:   1

[HDD (BASE 65) ]
TOTAL THIS MO.   232    CLEAR  (SCALE 0-3)  11
DPTR FM NORMAL  -106    PTCLDY (SCALE 4-7)  10
TOTAL FM JUL 1  5667    CLOUDY (SCALE 8-10)  4
DPTR FM NORMAL   345

[CDD (BASE 65) ]
TOTAL THIS MO.     3
DPTR FM NORMAL     0    [PRESSURE DATA]
TOTAL FM JAN 1     3    HIGHEST SLP M ON M
DPTR FM NORMAL    -1    LOWEST  SLP 29.35 ON 20

[REMARKS]
