000
CXUS55 KCYS 181000
CF6DGW
PRELIMINARY LOCAL CLIMATOLOGICAL DATA (WS FORM: F-6)

                                          STATION:   CONVERSE CO (DOUGLAS) WY ARPT
                                          MONTH:     APRIL
                                          YEAR:      2015
                                          LATITUDE:   42 46 N
                                          LONGITUDE: 105 22 W

  TEMPERATURE IN F:       :PCPN:    SNOW:  WIND      :SUNSHINE: SKY     :PK WND
================================================================================
1   2   3   4   5  6A  6B    7    8   9   10  11  12  13   14  15   16   17  18
                                     12Z  AVG MX 2MIN
DY MAX MIN AVG DEP HDD CDD  WTR  SNW DPTH SPD SPD DIR MIN PSBL S-S WX    SPD DR
================================================================================

 1  58  34  46   6  19   0 0.00    M    M  9.7 29 360   M    M   3        35 360
 2  41  24  33  -7  32   0 0.00    M    M  6.4 21 340   M    M   8        29  10
 3  50  17  34  -6  31   0 0.00    M    M  9.6 29 290   M    M   4        37 280
 4  64  22  43   2  22   0 0.00    M    M  8.7 29 270   M    M   0        36 270
 5  71  24  48   7  17   0 0.00    M    M  7.8 26 260   M    M   0        34 250
 6  62  25  44   3  21   0 0.00    M    M  8.5 25 120   M    M   0        32 120
 7  55  23  39  -3  26   0    T    M    M  8.9 21 130   M    M   4 1      25 130
 8  61  31  46   4  19   0 0.02    M    M 17.3 30 330   M    M   8 13     38 340
 9  52  30  41  -1  24   0    T    M    M 10.6 24 320   M    M   2 1      28 320
10  64  19  42   0  23   0 0.00    M    M  2.8 14 170   M    M   1        18 170
11  72  25  49   7  16   0 0.00    M    M  9.4 29 260   M    M   1 8      37 270
12  54  25  40  -3  25   0    T    M    M  8.9 32 340   M    M   3 1      37 340
13  66  19  43   0  22   0 0.00    M    M  4.3 14 110   M    M   0        15 110
14  81  30  56  13   9   0 0.00    M    M 12.5 32 150   M    M   0 8      47 220
15  53  32  43   0  22   0 0.30    M    M 13.8 25  10   M    M   7 12     32 320
16  45  33  39  -5  26   0 0.11    M    M 12.5 26 360   M    M  10 1      32 360
17  42  36  39  -5  26   0 0.95    M    M  7.0 15  60   M    M  10 1      19  60
================================================================================
SM  991  449       380   0  1.38    M    158.7          M       61
================================================================================
AV 58.3 26.4                               9.3 FASTST   M    M   4    MAX(MPH)
                                 MISC ---->  # 32 340               # 47  220
================================================================================
NOTES:
# LAST OF SEVERAL OCCURRENCES

COLUMN 17 PEAK WIND IN M.P.H.

PRELIMINARY LOCAL CLIMATOLOGICAL DATA (WS FORM: F-6) , PAGE 2

                                          STATION:  CONVERSE CO (DOUGLAS) WY ARPT
                                          MONTH:    APRIL
                                          YEAR:     2015
                                          LATITUDE:   42 46 N
                                          LONGITUDE: 105 22 W

[TEMPERATURE DATA]      [PRECIPITATION DATA]       SYMBOLS USED IN COLUMN 16

AVERAGE MONTHLY: 42.4   TOTAL FOR MONTH:   1.38    1 = FOG OR MIST
DPTR FM NORMAL:   0.4   DPTR FM NORMAL:    0.67    2 = FOG REDUCING VISIBILITY
HIGHEST:    81 ON 14    GRTST 24HR  0.96 ON 16-17      TO 1/4 MILE OR LESS
LOWEST:     17 ON  3                               3 = THUNDER
                        SNOW, ICE PELLETS, HAIL    4 = ICE PELLETS
                        TOTAL MONTH:    M          5 = HAIL
                        GRTST 24HR    M  ON   M    6 = FREEZING RAIN OR DRIZZLE
                        GRTST DEPTH:  M  ON   M    7 = DUSTSTORM OR SANDSTORM:
                                                       VSBY 1/2 MILE OR LESS
                                                   8 = SMOKE OR HAZE
[NO. OF DAYS WITH]      [WEATHER - DAYS WITH]      9 = BLOWING SNOW
                                                   X = TORNADO
MAX 32 OR BELOW:   0    0.01 INCH OR MORE:   4
MAX 90 OR ABOVE:   0    0.10 INCH OR MORE:   3
MIN 32 OR BELOW:  14    0.50 INCH OR MORE:   1
MIN  0 OR BELOW:   0    1.00 INCH OR MORE:   0

[HDD (BASE 65) ]
TOTAL THIS MO.   380    CLEAR  (SCALE 0-3)   9
DPTR FM NORMAL   -12    PTCLDY (SCALE 4-7)   6
TOTAL FM JUL 1  6139    CLOUDY (SCALE 8-10)  2
DPTR FM NORMAL  -571

[CDD (BASE 65) ]
TOTAL THIS MO.     0
DPTR FM NORMAL     0    [PRESSURE DATA]
TOTAL FM JAN 1     1    HIGHEST SLP M ON M
DPTR FM NORMAL     1    LOWEST  SLP 29.47 ON  8

[REMARKS]
