000
CXUS53 KDDC 281200
CF6GCK
PRELIMINARY LOCAL CLIMATOLOGICAL DATA (WS FORM: F-6)

                                          STATION:   GARDEN CITY REGIONAL ARPT KS
                                          MONTH:     APRIL
                                          YEAR:      2015
                                          LATITUDE:   37 55 N
                                          LONGITUDE: 100 43 W

  TEMPERATURE IN F:       :PCPN:    SNOW:  WIND      :SUNSHINE: SKY     :PK WND
================================================================================
1   2   3   4   5  6A  6B    7    8   9   10  11  12  13   14  15   16   17  18
                                     12Z  AVG MX 2MIN
DY MAX MIN AVG DEP HDD CDD  WTR  SNW DPTH SPD SPD DIR MIN PSBL S-S WX    SPD DR
================================================================================

 1  85  48  67  19   0   2 0.00    M    M 15.0 36 350   M    M   0 8      45  20
 2  71  39  55   7  10   0 0.00  0.0    0 16.3 41  20   M    M   1 8      51  20
 3  53  29  41  -8  24   0 0.00    M    M 17.1 39  10   M    M   4        48  10
 4  65  29  47  -2  18   0 0.00    M    M 17.2 33 190   M    M   1        41 200
 5  80  43  62  13   3   0 0.00    M    M 12.6 21 180   M    M   0        27 180
 6  88  48  68  18   0   3 0.00    M    M 11.3 25 210   M    M   0 1      34 200
 7  73  41  57   7   8   0 0.00    M    M 11.8 22  80   M    M   3 128    28  80
 8  71  44  58   8   7   0 0.00    M    M 14.2 24 150   M    M   5 12     32 150
 9  59  30  45  -6  20   0 0.00    M    M 20.8 35 350   M    M   4 1      43 340
10  67  24  46  -5  19   0 0.00    M    M 10.4 20 190   M    M   0        26 190
11  65  43  54   3  11   0 0.05    M    M 18.3 33 170   M    M   4 3      42 180
12  82  51  67  15   0   2 0.13    M    0 14.4 33 360   M    M   4 13     42  10
13  64  42  53   1  12   0 0.00    M    M 13.0 22  60   M    M   0 8      29  50
14  68  40  54   2  11   0 0.00    M    M 12.0 25 140   M    M   0        31 150
15  74  39  57   4   8   0 0.00    M    M 19.9 38 140   M    M   4 12     43 140
16  69  44  57   4   8   0 0.01    M    M 14.5 40 180   M    M   4 3      52 180
17  71  48  60   7   5   0 0.12    M    M 12.6 35  90   M    M   4 13     43 100
18  68  40  54   0  11   0    T    M    M  8.7 30 270   M    M   4 128    37 260
19  57  30  44 -10  21   0 0.01    M    M 19.9 44  10   M    M   4 1      52  10
20  61  30  46  -8  19   0 0.00    M    M  7.6 18 270   M    M   4        23 240
21  76  34  55   0  10   0    T    M    M  9.9 28 310   M    M   2        37 300
22  64  37  51  -4  14   0 0.00    M    M 14.5 30  60   M    M   1        37  60
23  65  47  56   0   9   0 0.00    M    M 15.3 26 150   M    M   8        32 150
24  78  51  65   9   0   0 0.01    M    M 14.2 36 320   M    M   6 1      43 320
25  76  46  61   5   4   0 0.00    M    M 12.8 26  80   M    M   0        32  80
26  53  44  49  -8  16   0 0.02    M    M 18.1 26  90   M    M  10 1      33  90
27  56  33  45 -12  20   0 0.01    M    M 18.1 30  30   M    M   7 1      38  40
================================================================================
SM 1859 1074       288   7  0.36     0.0 390.5          M       84
================================================================================
AV 68.9 39.8                              14.5 FASTST   M    M   3    MAX(MPH)
                                 MISC ---->  # 44  10               # 52  180
================================================================================
NOTES:
# LAST OF SEVERAL OCCURRENCES

COLUMN 17 PEAK WIND IN M.P.H.

PRELIMINARY LOCAL CLIMATOLOGICAL DATA (WS FORM: F-6) , PAGE 2

                                          STATION:  GARDEN CITY REGIONAL ARPT KS
                                          MONTH:    APRIL
                                          YEAR:     2015
                                          LATITUDE:   37 55 N
                                          LONGITUDE: 100 43 W

[TEMPERATURE DATA]      [PRECIPITATION DATA]       SYMBOLS USED IN COLUMN 16

AVERAGE MONTHLY: 54.3   TOTAL FOR MONTH:   0.36    1 = FOG OR MIST
DPTR FM NORMAL:   1.9   DPTR FM NORMAL:   -1.15    2 = FOG REDUCING VISIBILITY
HIGHEST:    88 ON  6    GRTST 24HR  0.18 ON 11-12      TO 1/4 MILE OR LESS
LOWEST:     24 ON 10                               3 = THUNDER
                        SNOW, ICE PELLETS, HAIL    4 = ICE PELLETS
                        TOTAL MONTH:   0.0 INCH    5 = HAIL
                        GRTST 24HR     0.0         6 = FREEZING RAIN OR DRIZZLE
                        GRTST DEPTH:   0           7 = DUSTSTORM OR SANDSTORM:
                                                       VSBY 1/2 MILE OR LESS
                                                   8 = SMOKE OR HAZE
[NO. OF DAYS WITH]      [WEATHER - DAYS WITH]      9 = BLOWING SNOW
                                                   X = TORNADO
MAX 32 OR BELOW:   0    0.01 INCH OR MORE:   8
MAX 90 OR ABOVE:   0    0.10 INCH OR MORE:   2
MIN 32 OR BELOW:   6    0.50 INCH OR MORE:   0
MIN  0 OR BELOW:   0    1.00 INCH OR MORE:   0

[HDD (BASE 65) ]
TOTAL THIS MO.   288    CLEAR  (SCALE 0-3)  11
DPTR FM NORMAL   -62    PTCLDY (SCALE 4-7)  14
TOTAL FM JUL 1  4759    CLOUDY (SCALE 8-10)  2
DPTR FM NORMAL  -279

[CDD (BASE 65) ]
TOTAL THIS MO.     7
DPTR FM NORMAL    -1    [PRESSURE DATA]
TOTAL FM JAN 1     7    HIGHEST SLP M ON M
DPTR FM NORMAL    -1    LOWEST  SLP 29.37 ON 24

[REMARKS]
