000
CXUS53 KGID 250730
CF6GRI
PRELIMINARY LOCAL CLIMATOLOGICAL DATA (WS FORM: F-6)

                                          STATION:   GRAND ISLAND NE
                                          MONTH:     APRIL
                                          YEAR:      2015
                                          LATITUDE:   40 58 N
                                          LONGITUDE:  98 19 W

  TEMPERATURE IN F:       :PCPN:    SNOW:  WIND      :SUNSHINE: SKY     :PK WND
================================================================================
1   2   3   4   5  6A  6B    7    8   9   10  11  12  13   14  15   16   17  18
                                     12Z  AVG MX 2MIN
DY MAX MIN AVG DEP HDD CDD  WTR  SNW DPTH SPD SPD DIR MIN PSBL S-S WX    SPD DR
================================================================================

 1  87  51  69  24   0   4 0.03  0.0    0 18.8 35 350   M    M   1 3      42 190
 2  61  36  49   3  16   0    T  0.0    0 12.2 35 350   M    M   5        44 350
 3  53  31  42  -4  23   0 0.03  0.0    0 13.3 26 340   M    M   2        32 340
 4  66  35  51   5  14   0 0.00  0.0    0 19.7 31 230   M    M   0        41 230
 5  71  42  57  10   8   0 0.00  0.0    0 15.6 25 180   M    M   0        34 210
 6  58  50  54   7  11   0 0.00  0.0    0 10.7 26 180   M    M  10 1      34 170
 7  50  41  46  -2  19   0    T  0.0    0 13.6 22  10   M    M  10 1      27  20
 8  45  40  43  -5  22   0    T  0.0    0 10.5 18  30   M    M  10 123    24  30
 9  46  33  40  -8  25   0 0.49  0.8    0 17.0 31 330   M    M   7 1      38 330
10  69  35  52   4  13   0 0.00  0.0    0 10.6 23 270   M    M   0        28 270
11  74  38  56   7   9   0 0.00  0.0    0 16.1 29 200   M    M   1        36 210
12  78  37  58   9   7   0 0.00  0.0    0 15.0 35 350   M    M   3        45 340
13  68  34  51   1  14   0 0.00  0.0    0  6.3 16 320   M    M   0        20 330
14  70  43  57   7   8   0 0.00  0.0    0 13.7 25 160   M    M   0        37 170
15  66  42  54   4  11   0 0.00  0.0    0 13.6 23 130   M    M   6        31 120
16  68  48  58   7   7   0 0.03  0.0    0  7.3 16 160   M    M   9 138    20 200
17  69  53  61  10   4   0 0.28  0.0    0  8.1 16 100   M    M   7 138    20 120
18  71  52  62  10   3   0 0.62  0.0    0  8.9 28 220   M    M   5 13     37 240
19  56  39  48  -4  17   0 0.28  0.0    0 18.8 39 330   M    M   7        46 320
20  58  35  47  -5  18   0 0.00  0.0    0 16.9 31 310   M    M   3        40 310
21  71  33  52  -1  13   0 0.00  0.0    0 12.8 30  10   M    M   4        35  20
22  57  27  42 -11  23   0 0.00  0.0    0  5.6 12 170   M    M   0        16 210
23  68  35  52  -1  13   0 0.00  0.0    0 12.9 23 170   M    M   2        30 160
24  66  50  58   4   7   0    T  0.0    0  9.3 17 160   M    M   8 18     23 150
================================================================================
SM 1546  960       305   4  1.76     0.8 307.3          M      100
================================================================================
AV 64.4 40.0                              12.8 FASTST   M    M   4    MAX(MPH)
                                 MISC ---->  # 39 330               # 46  320
================================================================================
NOTES:
# LAST OF SEVERAL OCCURRENCES

COLUMN 17 PEAK WIND IN M.P.H.

PRELIMINARY LOCAL CLIMATOLOGICAL DATA (WS FORM: F-6) , PAGE 2

                                          STATION:  GRAND ISLAND NE
                                          MONTH:    APRIL
                                          YEAR:     2015
                                          LATITUDE:   40 58 N
                                          LONGITUDE:  98 19 W

[TEMPERATURE DATA]      [PRECIPITATION DATA]       SYMBOLS USED IN COLUMN 16

AVERAGE MONTHLY: 52.2   TOTAL FOR MONTH:   1.76    1 = FOG OR MIST
DPTR FM NORMAL:   2.7   DPTR FM NORMAL:   -0.15    2 = FOG REDUCING VISIBILITY
HIGHEST:    87 ON  1    GRTST 24HR  0.69 ON 17-18      TO 1/4 MILE OR LESS
LOWEST:     27 ON 22                               3 = THUNDER
                        SNOW, ICE PELLETS, HAIL    4 = ICE PELLETS
                        TOTAL MONTH:   0.8 INCH    5 = HAIL
                        GRTST 24HR   0.8 ON   M    6 = FREEZING RAIN OR DRIZZLE
                        GRTST DEPTH:   0           7 = DUSTSTORM OR SANDSTORM:
                                                       VSBY 1/2 MILE OR LESS
                                                   8 = SMOKE OR HAZE
[NO. OF DAYS WITH]      [WEATHER - DAYS WITH]      9 = BLOWING SNOW
                                                   X = TORNADO
MAX 32 OR BELOW:   0    0.01 INCH OR MORE:   7
MAX 90 OR ABOVE:   0    0.10 INCH OR MORE:   4
MIN 32 OR BELOW:   2    0.50 INCH OR MORE:   1
MIN  0 OR BELOW:   0    1.00 INCH OR MORE:   0

[HDD (BASE 65) ]
TOTAL THIS MO.   305    CLEAR  (SCALE 0-3)  12
DPTR FM NORMAL   -75    PTCLDY (SCALE 4-7)   8
TOTAL FM JUL 1  5690    CLOUDY (SCALE 8-10)  4
DPTR FM NORMAL  -247

[CDD (BASE 65) ]
TOTAL THIS MO.     4
DPTR FM NORMAL    -1    [PRESSURE DATA]
TOTAL FM JAN 1     4    HIGHEST SLP M ON M
DPTR FM NORMAL    -1    LOWEST  SLP 29.47 ON  1

[REMARKS]
