000
CXUS54 KLZK 181330
CF6HOT
PRELIMINARY LOCAL CLIMATOLOGICAL DATA (WS FORM: F-6)

                                          STATION:   Hot Springs Memorial Field
                                          MONTH:     APRIL
                                          YEAR:      2015
                                          LATITUDE:   34 28 N
                                          LONGITUDE:  93  6 W

  TEMPERATURE IN F:       :PCPN:    SNOW:  WIND      :SUNSHINE: SKY     :PK WND
================================================================================
1   2   3   4   5  6A  6B    7    8   9   10  11  12  13   14  15   16   17  18
                                     12Z  AVG MX 2MIN
DY MAX MIN AVG DEP HDD CDD  WTR  SNW DPTH SPD SPD DIR MIN PSBL S-S WX    SPD DR
================================================================================

 1  80  60  70  11   0   5 1.41  0.0    0  5.4 24  60   M    M   3 13     29  60
 2  80  62  71  12   0   6    T  0.0    0 10.0 18 200   M    M   7        28 230
 3  77  53  65   5   0   0 0.00  0.0    0  9.9 21 250   M    M   6        30 340
 4  65  44  55  -5  10   0 0.00  0.0    0  6.1 17  80   M    M   0        25  70
 5  58  43  51  -9  14   0 0.02    M    0  5.7 13 140   M    M   7 1      17 140
 6  75  53  64   4   1   0 0.02  0.0    0  5.4 14 190   M    M   8 12     20 190
 7  84  66  75  15   0  10    T  0.0    0  8.2 17 230   M    M   5 3      24 240
 8  83  67  75  14   0  10    T  0.0    0  8.8 17 190   M    M   4        25 200
 9  83  63  73  12   0   8 0.74  0.0    0  8.9 21 230   M    M   7 138    28 230
10  72  49  61   0   4   0 0.00  0.0    0  4.9 13 330   M    M   1        19 330
11  74  43  59  -3   6   0 0.00  0.0    0  4.8 14  90   M    M   0        19  80
12  81  48  65   3   0   0    T    M    0  5.0 12 140   M    M   4        16 160
13  71  59  65   3   0   0 1.42  0.0    0  6.7 18  60   M    M  10 1      28  50
14  68  56  62   0   3   0 0.74  0.0    0 10.3 23  70   M    M   9 13     28  60
15  71  55  63   0   2   0 0.19  0.0    0  4.0 14 240   M    M   7 1      17 240
16  81  52  67   4   0   2 0.13  0.0    0  3.0 12 100   M    M   5 123    15 100
17  81  62  72   9   0   7 0.00  0.0    0  3.5 13  90   M    M   3 13     16  80
================================================================================
SM 1284  935        40  48  4.67     0.0 110.6          M       86
================================================================================
AV 75.5 55.0                               6.5 FASTST   M    M   5    MAX(MPH)
                                 MISC ---->  # 24  60               # 30  340
================================================================================
NOTES:
# LAST OF SEVERAL OCCURRENCES

COLUMN 17 PEAK WIND IN M.P.H.

PRELIMINARY LOCAL CLIMATOLOGICAL DATA (WS FORM: F-6) , PAGE 2

                                          STATION:  Hot Springs Memorial Field
                                          MONTH:    APRIL
                                          YEAR:     2015
                                          LATITUDE:   34 28 N
                                          LONGITUDE:  93  6 W

[TEMPERATURE DATA]      [PRECIPITATION DATA]       SYMBOLS USED IN COLUMN 16

AVERAGE MONTHLY: 65.3   TOTAL FOR MONTH:   4.67    1 = FOG OR MIST
DPTR FM NORMAL:   4.2   DPTR FM NORMAL:    2.00    2 = FOG REDUCING VISIBILITY
HIGHEST:    84 ON  7    GRTST 24HR  1.42 ON 13-13      TO 1/4 MILE OR LESS
LOWEST:     43 ON 11, 5                            3 = THUNDER
                        SNOW, ICE PELLETS, HAIL    4 = ICE PELLETS
                        TOTAL MONTH:   0.0 INCH    5 = HAIL
                        GRTST 24HR     0.0         6 = FREEZING RAIN OR DRIZZLE
                        GRTST DEPTH:   0           7 = DUSTSTORM OR SANDSTORM:
                                                       VSBY 1/2 MILE OR LESS
                                                   8 = SMOKE OR HAZE
[NO. OF DAYS WITH]      [WEATHER - DAYS WITH]      9 = BLOWING SNOW
                                                   X = TORNADO
MAX 32 OR BELOW:   0    0.01 INCH OR MORE:   8
MAX 90 OR ABOVE:   0    0.10 INCH OR MORE:   6
MIN 32 OR BELOW:   0    0.50 INCH OR MORE:   4
MIN  0 OR BELOW:   0    1.00 INCH OR MORE:   2

[HDD (BASE 65) ]
TOTAL THIS MO.    40    CLEAR  (SCALE 0-3)   4
DPTR FM NORMAL   -55    PTCLDY (SCALE 4-7)  11
TOTAL FM JUL 1  3127    CLOUDY (SCALE 8-10)  2
DPTR FM NORMAL   252

[CDD (BASE 65) ]
TOTAL THIS MO.    48
DPTR FM NORMAL    21    [PRESSURE DATA]
TOTAL FM JAN 1    59    HIGHEST SLP M ON M
DPTR FM NORMAL    14    LOWEST  SLP 29.73 ON  3

[REMARKS]
