000
CXUS55 KPIH 181200
CF6IDA

PRELIMINARY LOCAL CLIMATOLOGICAL DATA (WS FORM: F-6)

                                          STATION:   IDAHO FALLS ID
                                          MONTH:     APRIL
                                          YEAR:      2015
                                          LATITUDE:   43 31 N
                                          LONGITUDE: 112  4 W

  TEMPERATURE IN F:       :PCPN:    SNOW:  WIND      :SUNSHINE: SKY     :PK WND
================================================================================
1   2   3   4   5  6A  6B    7    8   9   10  11  12  13   14  15   16   17  18
                                     12Z  AVG MX 2MIN
DY MAX MIN AVG DEP HDD CDD  WTR  SNW DPTH SPD SPD DIR MIN PSBL S-S WX    SPD DR
================================================================================

 1  49  29  39  -2  26   0    T    M    M 17.7 30 220   M    M   5 7      37 210
 2  48  23  36  -6  29   0 0.00    M    M  7.9 25 350   M    M   6        33 360
 3  52  14  33  -9  32   0 0.00    M    M  7.7 22 210   M    M   0        29 210
 4  58  25  42   0  23   0 0.00    M    M  9.3 25 250   M    M   4        33 280
 5  55  36  46   4  19   0 0.00    M    M  9.1 24 240   M    M   8        32 250
 6  48  24  36  -6  29   0 0.01    M    M 14.2 25 190   M    M   7        31 210
 7  50  20  35  -8  30   0 0.07    M    M  8.4 21 230   M    M   4 13     29 170
 8  53  30  42  -1  23   0 0.08    M    M 10.5 22 310   M    M   7 138    27 300
 9  55  31  43   0  22   0 0.02    M    M 10.1 21 200   M    M   6 1      26 210
10  62  27  45   2  20   0 0.00    M    M  7.4 18 220   M    M   3        26 200
11  58  33  46   2  19   0    T    M    M 17.7 31 230   M    M   5        40 210
12  53  31  42  -2  23   0    T    M    M 17.3 30 210   M    M   4        39 210
13  69  26  48   4  17   0 0.00    M    M  7.8 23 200   M    M   1        30 180
14  64  31  48   4  17   0 0.14    M    M 15.1 40 210   M    M   6 178    49 220
15  48  30  39  -5  26   0    T    M    M 17.7 31 350   M    M   8 178    39 350
16  61  33  47   2  18   0 0.00    M    M  9.7 17  20   M    M   4 78     23 350
17  68  26  47   2  18   0 0.00    M    M  5.7 14 200   M    M   0 8      17 200
================================================================================
SM  951  469       391   0  0.32    M    193.3          M       78
================================================================================
AV 55.9 27.6                              11.4 FASTST   M    M   5    MAX(MPH)
                                 MISC ---->  # 40 210               # 49  220
================================================================================
NOTES:
# LAST OF SEVERAL OCCURRENCES

COLUMN 17 PEAK WIND IN M.P.H.

PRELIMINARY LOCAL CLIMATOLOGICAL DATA (WS FORM: F-6) , PAGE 2

                                          STATION:  IDAHO FALLS ID
                                          MONTH:    APRIL
                                          YEAR:     2015
                                          LATITUDE:   43 31 N
                                          LONGITUDE: 112  4 W

[TEMPERATURE DATA]      [PRECIPITATION DATA]       SYMBOLS USED IN COLUMN 16

AVERAGE MONTHLY: 41.8   TOTAL FOR MONTH:   0.32    1 = FOG OR MIST
DPTR FM NORMAL:  -1.4   DPTR FM NORMAL:   -0.25    2 = FOG REDUCING VISIBILITY
HIGHEST:    69 ON 13    GRTST 24HR  0.14 ON 14-14      TO 1/4 MILE OR LESS
LOWEST:     14 ON  3                               3 = THUNDER
                        SNOW, ICE PELLETS, HAIL    4 = ICE PELLETS
                        TOTAL MONTH:    M          5 = HAIL
                        GRTST 24HR    M  ON   M    6 = FREEZING RAIN OR DRIZZLE
                        GRTST DEPTH:  M  ON   M    7 = DUSTSTORM OR SANDSTORM:
                                                       VSBY 1/2 MILE OR LESS
                                                   8 = SMOKE OR HAZE
[NO. OF DAYS WITH]      [WEATHER - DAYS WITH]      9 = BLOWING SNOW
                                                   X = TORNADO
MAX 32 OR BELOW:   0    0.01 INCH OR MORE:   5
MAX 90 OR ABOVE:   0    0.10 INCH OR MORE:   1
MIN 32 OR BELOW:  14    0.50 INCH OR MORE:   0
MIN  0 OR BELOW:   0    1.00 INCH OR MORE:   0

[HDD (BASE 65) ]
TOTAL THIS MO.   391    CLEAR  (SCALE 0-3)   4
DPTR FM NORMAL    18    PTCLDY (SCALE 4-7)  13
TOTAL FM JUL 1  5901    CLOUDY (SCALE 8-10)  0
DPTR FM NORMAL -1176

[CDD (BASE 65) ]
TOTAL THIS MO.     0
DPTR FM NORMAL     0    [PRESSURE DATA]
TOTAL FM JAN 1     0    HIGHEST SLP M ON M
DPTR FM NORMAL     0    LOWEST  SLP 29.59 ON 14

[REMARKS]
