000
CXUS55 KDVN 271339
CF6IOW
PRELIMINARY LOCAL CLIMATOLOGICAL DATA (WS FORM: F-6)

                                          STATION:   IOWA CITY IA
                                          MONTH:     APRIL
                                          YEAR:      2015
                                          LATITUDE:   41 37 N
                                          LONGITUDE:  91 33 W

  TEMPERATURE IN F:       :PCPN:    SNOW:  WIND      :SUNSHINE: SKY     :PK WND
================================================================================
1   2   3   4   5  6A  6B    7    8   9   10  11  12  13   14  15   16   17  18
                                     12Z  AVG MX 2MIN
DY MAX MIN AVG DEP HDD CDD  WTR  SNW DPTH SPD SPD DIR MIN PSBL S-S WX    SPD DR
================================================================================

 1  80  36  58  12   7   0 0.00    M    M 11.8 30 170   M    M   0        38 180
 2  67  52  60  14   5   0 0.04    M    M 10.1 21 320   M    M   4 1      25 300
 3  53  25  39  -8  26   0 0.01    M    M 14.1 28 300   M    M   5        38 320
 4  64  23  44  -3  21   0 0.00    M    M 10.0 24 260   M    M   0        29 240
 5  70  39  55   7  10   0 0.00    M    M  9.7 18 170   M    M   1        28 190
 6  61  41  51   3  14   0 0.00    M    M  5.8 16 130   M    M   8 1      20 150
 7  54  42  48   0  17   0 0.02    M    M 12.4 18 110   M    M  10 138    27 120
 8  56  45  51   3  14   0 0.00    M    M  9.9 16  90   M    M  10 138    22  70
 9  78  39  59  10   6   0 0.16    M    M 14.0 32 270   M    M   9 138    39 270
10  57  32  45  -4  20   0 0.00    M    M 14.3 33 310   M    M   1        44 300
11  67  28  48  -2  17   0 0.00    M    M  5.6 15 150   M    M   1 12     20 130
12  64  45  55   5  10   0 0.04    M    M  9.3 23 180   M    M   5 13     29 170
13  65  39  52   2  13   0 0.52    M    M 10.1 25 290   M    M   2 13     35 290
14  68  35  52   2  13   0 0.00    M    M  4.3 13 150   M    M   0        16 150
15  71  48  60   9   5   0 0.00    M    M 10.4 21 120   M    M   1        28 130
16  74  48  61  10   4   0 0.00    M    M  3.0 13  80   M    M   2        18  70
17  79  46  63  11   2   0 0.00    M    M  1.3 10 160   M    M   1        15 150
18  77  50  64  12   1   0 0.46    M    M  7.3 20  90   M    M   1 138    26 100
19  72  48  60   8   5   0 0.61    M    M  9.3 29 330   M    M   8 1      39 320
20  52  35  44  -8  21   0 0.05    M    0 15.6 35 300   M    M   7 1      45 280
21  55  35  45  -8  20   0 0.00  0.0    0 17.8 37 270   M    M   2        48 280
22  53  33  43 -10  22   0 0.00    M    M 15.6 33 300   M    M   0        42 290
23  58  28  43 -10  22   0 0.00    M    M  6.9 17 280   M    M   0        24 300
24  59  38  49  -5  16   0 0.61    M    M 10.3 24 140   M    M   9 13     33 140
25  51  43  47  -7  18   0 0.58    M    M 13.6 26  60   M    M  10 18     35  60
26  60  38  49  -5  16   0 0.00    M    M  6.1 14  50   M    M   1        18  60
================================================================================
SM 1665 1011       345   0  3.10     0.0 258.6          M       98
================================================================================
AV 64.0 38.9                               9.9 FASTST   M    M   4    MAX(MPH)
                                 MISC ---->  # 37 270               # 48  280
================================================================================
NOTES:
# LAST OF SEVERAL OCCURRENCES

COLUMN 17 PEAK WIND IN M.P.H.

PRELIMINARY LOCAL CLIMATOLOGICAL DATA (WS FORM: F-6) , PAGE 2

                                          STATION:  IOWA CITY IA
                                          MONTH:    APRIL
                                          YEAR:     2015
                                          LATITUDE:   41 37 N
                                          LONGITUDE:  91 33 W

[TEMPERATURE DATA]      [PRECIPITATION DATA]       SYMBOLS USED IN COLUMN 16

AVERAGE MONTHLY: 51.5   TOTAL FOR MONTH:   3.10    1 = FOG OR MIST
DPTR FM NORMAL:   1.2   DPTR FM NORMAL:    0.27    2 = FOG REDUCING VISIBILITY
HIGHEST:    80 ON  1    GRTST 24HR  1.19 ON 24-25      TO 1/4 MILE OR LESS
LOWEST:     23 ON  4                               3 = THUNDER
                        SNOW, ICE PELLETS, HAIL    4 = ICE PELLETS
                        TOTAL MONTH:   0.0 INCH    5 = HAIL
                        GRTST 24HR     0.0         6 = FREEZING RAIN OR DRIZZLE
                        GRTST DEPTH:   0           7 = DUSTSTORM OR SANDSTORM:
                                                       VSBY 1/2 MILE OR LESS
                                                   8 = SMOKE OR HAZE
[NO. OF DAYS WITH]      [WEATHER - DAYS WITH]      9 = BLOWING SNOW
                                                   X = TORNADO
MAX 32 OR BELOW:   0    0.01 INCH OR MORE:  11
MAX 90 OR ABOVE:   0    0.10 INCH OR MORE:   6
MIN 32 OR BELOW:   5    0.50 INCH OR MORE:   4
MIN  0 OR BELOW:   0    1.00 INCH OR MORE:   0

[HDD (BASE 65) ]
TOTAL THIS MO.   345    CLEAR  (SCALE 0-3)  15
DPTR FM NORMAL   -41    PTCLDY (SCALE 4-7)   5
TOTAL FM JUL 1  6554    CLOUDY (SCALE 8-10)  6
DPTR FM NORMAL   401

[CDD (BASE 65) ]
TOTAL THIS MO.     0
DPTR FM NORMAL     0    [PRESSURE DATA]
TOTAL FM JAN 1     0    HIGHEST SLP M ON M
DPTR FM NORMAL     0    LOWEST  SLP 29.32 ON 19

[REMARKS]
