000
CXUS51 KOKX 250703
CF6ISP
PRELIMINARY LOCAL CLIMATOLOGICAL DATA (WS FORM: F-6)

                                          STATION:   ISLIP NY
                                          MONTH:     APRIL
                                          YEAR:      2015
                                          LATITUDE:   40 47 N
                                          LONGITUDE:  73  6 W

  TEMPERATURE IN F:       :PCPN:    SNOW:  WIND      :SUNSHINE: SKY     :PK WND
================================================================================
1   2   3   4   5  6A  6B    7    8   9   10  11  12  13   14  15   16   17  18
                                     12Z  AVG MX 2MIN
DY MAX MIN AVG DEP HDD CDD  WTR  SNW DPTH SPD SPD DIR MIN PSBL S-S WX    SPD DR
================================================================================

 1  50  32  41  -3  24   0 0.00  0.0    0 10.2 21 330   M    M   3        26 340
 2  56  28  42  -3  23   0    T  0.0    0 14.7 31 200   M    M   5        46 190
 3  52  46  49   4  16   0 0.09  0.0    0  9.3 23 210   M    M   9 12     31 230
 4  54  39  47   2  18   0 0.00  0.0    0 18.1 36 300   M    M   5 1      50 320
 5  55  30  43  -3  22   0    T    M    0  7.3 22 200   M    M   5        28 210
 6  59  34  47   1  18   0 0.00  0.0    0  9.5 22 210   M    M   6        32 220
 7  52  40  46   0  19   0 0.11  0.0    0  9.2 18  30   M    M   8 1      23  50
 8  46  37  42  -5  23   0 0.04  0.0    0 13.8 23  70   M    M  10 18     32  60
 9  44  36  40  -7  25   0    T  0.0    0 12.2 20  50   M    M  10 1      27  40
10  52  39  46  -1  19   0 0.18  0.0    0  7.2 16 100   M    M  10 12     20 100
11  58  41  50   2  15   0 0.00  0.0    0 13.9 28 300   M    M   3 1      35 310
12  61  32  47  -1  18   0 0.00  0.0    0  8.0 21 210   M    M   1        24 210
13  62  36  49   1  16   0 0.00  0.0    0  9.2 20 200   M    M   6        26 210
14  65  51  58   9   7   0 0.04  0.0    0  6.1 20 210   M    M   9 1      26 210
15  70  45  58   9   7   0 0.00  0.0    0 12.1 24 340   M    M   5        31 340
16  58  43  51   2  14   0 0.00  0.0    0  9.5 16 140   M    M   6        20 140
17  64  43  54   4  11   0 0.15    M    0  9.3 17 210   M    M   9 1      25 200
18  75  46  61  11   4   0 0.00  0.0    0  8.0 22 220   M    M   3        28 230
19  59  42  51   1  14   0 0.00  0.0    0 10.0 20 130   M    M   6        24 130
20  56  45  51   0  14   0 0.61  0.0    0 16.2 36 110   M    M   9 123    46 120
21  67  44  56   5   9   0 0.26  0.0    0  8.7 21 270   M    M   6 123    29 290
22  62  39  51   0  14   0 0.18  0.0    0 10.2 33 230   M    M   4 1      45 230
23  51  39  45  -7  20   0 0.00  0.0    0 15.0 26 280   M    M   5        35 280
24  47  37  42 -10  23   0 0.00  0.0    0 16.4 26 320   M    M   5        36 300
================================================================================
SM 1375  944       393   0  1.66     0.0 264.1          M      148
================================================================================
AV 57.3 39.3                              11.0 FASTST   M    M   6    MAX(MPH)
                                 MISC ---->  # 36 300               # 50  320
================================================================================
NOTES:
# LAST OF SEVERAL OCCURRENCES

COLUMN 17 PEAK WIND IN M.P.H.

PRELIMINARY LOCAL CLIMATOLOGICAL DATA (WS FORM: F-6) , PAGE 2

                                          STATION:  ISLIP NY
                                          MONTH:    APRIL
                                          YEAR:     2015
                                          LATITUDE:   40 47 N
                                          LONGITUDE:  73  6 W

[TEMPERATURE DATA]      [PRECIPITATION DATA]       SYMBOLS USED IN COLUMN 16

AVERAGE MONTHLY: 48.3   TOTAL FOR MONTH:   1.66    1 = FOG OR MIST
DPTR FM NORMAL:   0.1   DPTR FM NORMAL:   -1.85    2 = FOG REDUCING VISIBILITY
HIGHEST:    75 ON 18    GRTST 24HR  0.86 ON 20-21      TO 1/4 MILE OR LESS
LOWEST:     28 ON  2                               3 = THUNDER
                        SNOW, ICE PELLETS, HAIL    4 = ICE PELLETS
                        TOTAL MONTH:   0.0 INCH    5 = HAIL
                        GRTST 24HR     0.0         6 = FREEZING RAIN OR DRIZZLE
                        GRTST DEPTH:   0           7 = DUSTSTORM OR SANDSTORM:
                                                       VSBY 1/2 MILE OR LESS
                                                   8 = SMOKE OR HAZE
[NO. OF DAYS WITH]      [WEATHER - DAYS WITH]      9 = BLOWING SNOW
                                                   X = TORNADO
MAX 32 OR BELOW:   0    0.01 INCH OR MORE:   9
MAX 90 OR ABOVE:   0    0.10 INCH OR MORE:   6
MIN 32 OR BELOW:   4    0.50 INCH OR MORE:   1
MIN  0 OR BELOW:   0    1.00 INCH OR MORE:   0

[HDD (BASE 65) ]
TOTAL THIS MO.   393    CLEAR  (SCALE 0-3)   4
DPTR FM NORMAL   -12    PTCLDY (SCALE 4-7)  12
TOTAL FM JUL 1  5329    CLOUDY (SCALE 8-10)  8
DPTR FM NORMAL   232

[CDD (BASE 65) ]
TOTAL THIS MO.     0
DPTR FM NORMAL     0    [PRESSURE DATA]
TOTAL FM JAN 1     0    HIGHEST SLP M ON M
DPTR FM NORMAL     0    LOWEST  SLP 29.46 ON  4

[REMARKS]
