000
CXUS55 KCTP 011131
CF6JST
PRELIMINARY LOCAL CLIMATOLOGICAL DATA (WS FORM: F-6)

                                          STATION:   JOHNSTOWN
                                          MONTH:     MARCH
                                          YEAR:      2015
                                          LATITUDE:   40 18 N
                                          LONGITUDE:  78 50 W

  TEMPERATURE IN F:       :PCPN:    SNOW:  WIND      :SUNSHINE: SKY     :PK WND
================================================================================
1   2   3   4   5  6A  6B    7    8   9   10  11  12  13   14  15   16   17  18
                                     12Z  AVG MX 2MIN
DY MAX MIN AVG DEP HDD CDD  WTR  SNW DPTH SPD SPD DIR MIN PSBL S-S WX    SPD DR
================================================================================

 1  35  17  26  -4  39   0 0.34    M    M  9.2 16 250   M    M  10 1      22 260
 2  33  16  25  -6  40   0 0.11    M    M 13.9 30 290   M    M   7 1268   38 280
 3  47  13  30  -1  35   0 1.20    M    M 10.1 20 250   M    M   9 126    27 170
 4  46  27  37   6  28   0 0.64    M    M 10.8 22 250   M    M  10 12     29 230
 5  27   3  15 -17  50   0 0.07    M    M 12.7 22 300   M    M   8 128    26 300
 6  20  -2   9 -23  56   0    T    M    M  6.0 16 300   M    M   0        19 310
 7  39  12  26  -6  39   0    T    M    M 16.1 25 260   M    M   4 1      35 270
 8  40  32  36   3  29   0 0.00  0.0    M 15.9 28 280   M    M   6        38 290
 9  46  33  40   7  25   0    T    M    M  7.8 24 260   M    M   4 1      33 260
10  46  35  41   8  24   0 0.42    M    M  4.7 14 160   M    M   6 12     18 180
11  47  34  41   7  24   0    T    M    M 10.3 22 300   M    M   6 128    29 310
12  45  29  37   3  28   0 0.00  0.0    0  8.0 22 310   M    M   0        27 310
13  46  33  40   6  25   0 0.14    M    M 10.9 21 170   M    M   4 1      25 160
14  49  35  42   7  23   0 0.65    M    M 11.6 30 310   M    M  10 128    39 290
15  35  29  32  -3  33   0    T    M    M 17.3 29 300   M    M   8 168    38 290
16  57  30  44   9  21   0    T    M    M 10.5 23 280   M    M   2        30 270
17  56  24  40   4  25   0 0.00    M    M 16.9 29 310   M    M   6 8      37 310
18  38  20  29  -7  36   0 0.00    M    M 16.2 26 330   M    M   1        34 310
19  46  25  36  -1  29   0 0.00    M    M  5.5 17 140   M    M   0        24 140
20  37  30  34  -3  31   0 0.26    M    M  5.7 16 140   M    M  10 12     22 140
21  49  32  41   4  24   0 0.00    M    M 13.8 25 310   M    M  10 18     31 280
22  37  22  30  -8  35   0 0.00    M    M 14.1 24 320   M    M   2        32 320
23  37  15  26 -12  39   0 0.07    M    M  6.8 15 350   M    M   3 1      19 350
24  40  26  33  -6  32   0    T    M    M  4.1 10 150   M    M   6 1      13 150
25  53  30  42   3  23   0 0.09    M    M 10.7 21 170   M    M   5 1      26 160
26  66  33  50  11  15   0 0.06    M    M  9.9 22 240   M    M   8 12     30 230
27  34  20  27 -13  38   0    T    M    M 10.8 18 320   M    M   9 18     25 310
28  21  11  16 -24  49   0    T    M    M 15.6 24 300   M    M   7 18     31 300
29  41  12  27 -13  38   0    T    M    M  9.3 24 240   M    M   1 1      33 210
30  46  32  39  -2  26   0    T    M    M 16.3 28 290   M    M  10 1      42 270
31  55  30  43   2  22   0    T    M    M 11.9 25 250   M    M   8        35 270
================================================================================
SM 1314  738       981   0  4.05     0.0 343.4          M      180
================================================================================
AV 42.4 23.8                              11.1 FASTST   M    M   6    MAX(MPH)
                                 MISC ---->  # 30 290               # 42  270
================================================================================
NOTES:
# LAST OF SEVERAL OCCURRENCES

COLUMN 17 PEAK WIND IN M.P.H.

PRELIMINARY LOCAL CLIMATOLOGICAL DATA (WS FORM: F-6) , PAGE 2

                                          STATION:  JOHNSTOWN
                                          MONTH:    MARCH
                                          YEAR:     2015
                                          LATITUDE:   40 18 N
                                          LONGITUDE:  78 50 W

[TEMPERATURE DATA]      [PRECIPITATION DATA]       SYMBOLS USED IN COLUMN 16

AVERAGE MONTHLY: 33.1   TOTAL FOR MONTH:   4.05    1 = FOG OR MIST
DPTR FM NORMAL:  -2.4   DPTR FM NORMAL:    0.76    2 = FOG REDUCING VISIBILITY
HIGHEST:    66 ON 26    GRTST 24HR  1.20 ON  3- 3      TO 1/4 MILE OR LESS
LOWEST:     -2 ON  6                               3 = THUNDER
                        SNOW, ICE PELLETS, HAIL    4 = ICE PELLETS
                        TOTAL MONTH:   0.0 INCH    5 = HAIL
                        GRTST 24HR     0.0         6 = FREEZING RAIN OR DRIZZLE
                        GRTST DEPTH:   0           7 = DUSTSTORM OR SANDSTORM:
                                                       VSBY 1/2 MILE OR LESS
                                                   8 = SMOKE OR HAZE
[NO. OF DAYS WITH]      [WEATHER - DAYS WITH]      9 = BLOWING SNOW
                                                   X = TORNADO
MAX 32 OR BELOW:   3    0.01 INCH OR MORE:  12
MAX 90 OR ABOVE:   0    0.10 INCH OR MORE:   8
MIN 32 OR BELOW:  25    0.50 INCH OR MORE:   3
MIN  0 OR BELOW:   1    1.00 INCH OR MORE:   1

[HDD (BASE 65) ]
TOTAL THIS MO.   981    CLEAR  (SCALE 0-3)   8
DPTR FM NORMAL    68    PTCLDY (SCALE 4-7)  15
TOTAL FM JUL 1  6170    CLOUDY (SCALE 8-10)  8
DPTR FM NORMAL   378

[CDD (BASE 65) ]
TOTAL THIS MO.     0
DPTR FM NORMAL     0    [PRESSURE DATA]
TOTAL FM JAN 1     0    HIGHEST SLP 30.59 ON  1
DPTR FM NORMAL     0    LOWEST  SLP 29.61 ON 31

[REMARKS]
#FINAL-03-15#
