000
CXUS55 KEAX 170736
CF6MCI
PRELIMINARY LOCAL CLIMATOLOGICAL DATA (WS FORM: F-6)

                                          STATION:   Kansas City International MO
                                          MONTH:     APRIL
                                          YEAR:      2015
                                          LATITUDE:   39 19 N
                                          LONGITUDE:  94 43 W

  TEMPERATURE IN F:       :PCPN:    SNOW:  WIND      :SUNSHINE: SKY     :PK WND
================================================================================
1   2   3   4   5  6A  6B    7    8   9   10  11  12  13   14  15   16   17  18
                                     12Z  AVG MX 2MIN
DY MAX MIN AVG DEP HDD CDD  WTR  SNW DPTH SPD SPD DIR MIN PSBL S-S WX    SPD DR
================================================================================

 1  80  53  67  17   0   2 0.00  0.0    0 17.4 31 160   M    M   5 8      38 160
 2  70  53  62  12   3   0 0.58  0.0    0 11.2 25 180   M    M   8 13     33 180
 3  57  38  48  -3  17   0 0.09  0.0    0 14.4 26 350   M    M   6 3      34 350
 4  62  29  46  -5  19   0 0.00  0.0    0 12.2 21 220   M    M   1        26 210
 5  66  39  53   2  12   0    T  0.0    0 15.5 26 200   M    M   7 1      31 200
 6  61  49  55   3  10   0    T  0.0    0  9.6 15 170   M    M   9 1      18 160
 7  85  52  69  17   0   4    T  0.0    0 11.8 22 330   M    M   9 1      28 160
 8  77  51  64  12   1   0 0.08  0.0    0 10.5 25 180   M    M   9 1238   32 180
 9  77  40  59   6   6   0 0.02  0.0    0 19.4 32 250   M    M   9 1      41 240
10  69  35  52  -1  13   0 0.00  0.0    0 10.0 21 290   M    M   2        28 290
11  73  49  61   8   4   0 0.00  0.0    0 11.2 22 160   M    M   6        27 190
12  67  52  60   6   5   0 0.53  0.0    0 14.4 37 140   M    M   8 13     45 140
13  64  50  57   3   8   0 0.32  0.0    0 11.2 25  20   M    M   9 13     31  20
14  67  48  58   4   7   0    T  0.0    0  9.5 20 120   M    M   8        26 100
15  59  49  54  -1  11   0 0.05  0.0    0 11.7 25 140   M    M  10 1      30 130
16  77  48  63   8   2   0 0.00  0.0    0  5.1 10  80   M    M   6 1      17 100
================================================================================
SM 1111  735       118   6  1.67     0.0 195.1          M      112
================================================================================
AV 69.4 45.9                              12.2 FASTST   M    M   7    MAX(MPH)
                                 MISC ---->  # 37 140               # 45  140
================================================================================
NOTES:
# LAST OF SEVERAL OCCURRENCES

COLUMN 17 PEAK WIND IN M.P.H.

PRELIMINARY LOCAL CLIMATOLOGICAL DATA (WS FORM: F-6) , PAGE 2

                                          STATION:  Kansas City International MO
                                          MONTH:    APRIL
                                          YEAR:     2015
                                          LATITUDE:   39 19 N
                                          LONGITUDE:  94 43 W

[TEMPERATURE DATA]      [PRECIPITATION DATA]       SYMBOLS USED IN COLUMN 16

AVERAGE MONTHLY: 57.7   TOTAL FOR MONTH:   1.67    1 = FOG OR MIST
DPTR FM NORMAL:   5.2   DPTR FM NORMAL:   -0.06    2 = FOG REDUCING VISIBILITY
HIGHEST:    85 ON  7    GRTST 24HR  0.85 ON 12-13      TO 1/4 MILE OR LESS
LOWEST:     29 ON  4                               3 = THUNDER
                        SNOW, ICE PELLETS, HAIL    4 = ICE PELLETS
                        TOTAL MONTH:   0.0 INCH    5 = HAIL
                        GRTST 24HR     0.0         6 = FREEZING RAIN OR DRIZZLE
                        GRTST DEPTH:   0           7 = DUSTSTORM OR SANDSTORM:
                                                       VSBY 1/2 MILE OR LESS
                                                   8 = SMOKE OR HAZE
[NO. OF DAYS WITH]      [WEATHER - DAYS WITH]      9 = BLOWING SNOW
                                                   X = TORNADO
MAX 32 OR BELOW:   0    0.01 INCH OR MORE:   7
MAX 90 OR ABOVE:   0    0.10 INCH OR MORE:   3
MIN 32 OR BELOW:   1    0.50 INCH OR MORE:   2
MIN  0 OR BELOW:   0    1.00 INCH OR MORE:   0

[HDD (BASE 65) ]
TOTAL THIS MO.   118    CLEAR  (SCALE 0-3)   2
DPTR FM NORMAL   -91    PTCLDY (SCALE 4-7)   8
TOTAL FM JUL 1  4894    CLOUDY (SCALE 8-10)  6
DPTR FM NORMAL    -6

[CDD (BASE 65) ]
TOTAL THIS MO.     6
DPTR FM NORMAL    -4    [PRESSURE DATA]
TOTAL FM JAN 1     8    HIGHEST SLP  0.00 ON M
DPTR FM NORMAL    -5    LOWEST  SLP  0.00 ON M

[REMARKS]
