000
CXUS53 KARX 270930
CF6MDZ
PRELIMINARY LOCAL CLIMATOLOGICAL DATA (WS FORM: F-6)

                                          STATION:   MEDFORD WI
                                          MONTH:     APRIL
                                          YEAR:      2015
                                          LATITUDE:   45  5 N
                                          LONGITUDE:  90 18 W

  TEMPERATURE IN F:       :PCPN:    SNOW:  WIND      :SUNSHINE: SKY     :PK WND
================================================================================
1   2   3   4   5  6A  6B    7    8   9   10  11  12  13   14  15   16   17  18
                                     12Z  AVG MX 2MIN
DY MAX MIN AVG DEP HDD CDD  WTR  SNW DPTH SPD SPD DIR MIN PSBL S-S WX    SPD DR
================================================================================

 1  68  34  51   M  14   0 0.24  0.0    0 11.1 21 160   M    M   2 3      25 160
 2  60  41  51   M  14   0 0.02  0.0    0 13.7 25 270   M    M   3        32 260
 3  40  28  34   M  31   0 0.00  0.0    0  9.9 16 330   M    M   6        23 330
 4  47  26  37   M  28   0    T  0.0    0  8.3 17 290   M    M   6        30 300
 5  49  25  37   M  28   0 0.04  0.0    0  4.1  9  30   M    M   5         M  M
 6  37  32  35   M  30   0 0.03    T    0 10.3 16  60   M    M  10        21  70
 7  44  31  38   M  27   0 0.01  0.0    0 12.9 17  80   M    M  10        25  80
 8  42  32  37   M  28   0    T  0.0    0  7.8 13  80   M    M  10 1      18  80
 9  39  31  35   M  30   0    M    M    0  8.8 16 360   M    M  10 13     22 350
10  48  29  39   M  26   0    M    M    M  8.7 14 330   M    M   6        22 320
11  59  26  43   M  22   0 0.00  0.0    0  6.4 14 210   M    M   0 1      17 240
12  68  41  55   M  10   0 0.00  0.0    0 13.6 20 190   M    M   2 3      28 200
13  59  40  50   M  15   0 0.03    M    0 12.5 25 280   M    M   5        36 280
14  63  28  46   M  19   0 0.00  0.0    0  3.5  9 310   M    M   0         M  M
15  64  36  50   M  15   0 0.00  0.0    0  8.5 14 140   M    M   0        21 140
16  68  35  52   M  13   0 0.00  0.0    0  4.4 10 260   M    M   3        10 240
17  72  40  56   M   9   0 0.00  0.0    0  4.8 14 250   M    M   2        20 280
18  63  43  53   M  12   0 0.00  0.0    0  9.6 13 100   M    M   1        22 110
19  64  40  52   M  13   0 0.07  0.0    0  7.9 13 140   M    M   9        21 130
20  48  32  40   M  25   0 0.24    M    0 12.3 18 270   M    M  10        29 270
21  38  28  33   M  32   0 0.01    M    0 12.6 21 270   M    M  10 18     31 330
22  38  27  33   M  32   0    M    M    0 13.8 18 300   M    M   9        27 330
23  48  25  37   M  28   0 0.00  0.0    0  6.5 13 310   M    M   0        24 280
24  54  28  41   M  24   0 0.00  0.0    0  6.5 14 120   M    M   7        22 120
25  58  32  45   M  20   0 0.00  0.0    0  8.7 18  50   M    M   4        23  90
26  60  28  44   M  21   0 0.00  0.0    0  6.7 15 360   M    M   0        18 360
================================================================================
SM 1398  838       566   0  0.69    T    233.9          M      130
================================================================================
AV 53.8 32.2                               9.0 FASTST   M    M   5    MAX(MPH)
                                 MISC ---->    25   M                 36    M
================================================================================
NOTES:
# LAST OF SEVERAL OCCURRENCES

COLUMN 17 PEAK WIND IN M.P.H.

PRELIMINARY LOCAL CLIMATOLOGICAL DATA (WS FORM: F-6) , PAGE 2

                                          STATION:  MEDFORD WI
                                          MONTH:    APRIL
                                          YEAR:     2015
                                          LATITUDE:   45  5 N
                                          LONGITUDE:  90 18 W

[TEMPERATURE DATA]      [PRECIPITATION DATA]       SYMBOLS USED IN COLUMN 16

AVERAGE MONTHLY: 43.0   TOTAL FOR MONTH:   0.69    1 = FOG OR MIST
DPTR FM NORMAL:     M   DPTR FM NORMAL:       M    2 = FOG REDUCING VISIBILITY
HIGHEST:    72 ON 17    GRTST 24HR  0.24 ON 20-20      TO 1/4 MILE OR LESS
LOWEST:     25 ON 23, 5                            3 = THUNDER
                        SNOW, ICE PELLETS, HAIL    4 = ICE PELLETS
                        TOTAL MONTH:    T          5 = HAIL
                        GRTST 24HR    T  ON  6- 6  6 = FREEZING RAIN OR DRIZZLE
                        GRTST DEPTH:   0           7 = DUSTSTORM OR SANDSTORM:
                                                       VSBY 1/2 MILE OR LESS
                                                   8 = SMOKE OR HAZE
[NO. OF DAYS WITH]      [WEATHER - DAYS WITH]      9 = BLOWING SNOW
                                                   X = TORNADO
MAX 32 OR BELOW:   0    0.01 INCH OR MORE:   9
MAX 90 OR ABOVE:   0    0.10 INCH OR MORE:   2
MIN 32 OR BELOW:  17    0.50 INCH OR MORE:   0
MIN  0 OR BELOW:   0    1.00 INCH OR MORE:   0

[HDD (BASE 65) ]
TOTAL THIS MO.   566    CLEAR  (SCALE 0-3)  10
DPTR FM NORMAL     M    PTCLDY (SCALE 4-7)   8
TOTAL FM JUL 1  8480    CLOUDY (SCALE 8-10)  8
DPTR FM NORMAL     M

[CDD (BASE 65) ]
TOTAL THIS MO.     0
DPTR FM NORMAL     M    [PRESSURE DATA]
TOTAL FM JAN 1     0    HIGHEST SLP M ON M
DPTR FM NORMAL     M    LOWEST  SLP M ON M

[REMARKS]
