000
CXUS51 KPBZ 010804
CF6MGW
PRELIMINARY LOCAL CLIMATOLOGICAL DATA (WS FORM: F-6)

                                          STATION:   MORGANTOWN WV
                                          MONTH:     MARCH
                                          YEAR:      2015
                                          LATITUDE:   39 39 N
                                          LONGITUDE:  79 55 W

  TEMPERATURE IN F:       :PCPN:    SNOW:  WIND      :SUNSHINE: SKY     :PK WND
================================================================================
1   2   3   4   5  6A  6B    7    8   9   10  11  12  13   14  15   16   17  18
                                     12Z  AVG MX 2MIN
DY MAX MIN AVG DEP HDD CDD  WTR  SNW DPTH SPD SPD DIR MIN PSBL S-S WX    SPD DR
================================================================================

 1  41  27  34  -3  31   0 0.45    M    M  4.0 10 180   M    M  10 18     14 210
 2  39  23  31  -7  34   0 0.06    M    M  6.1 13 280   M    M   5 1      19 320
 3  54  23  39   1  26   0 0.77    M    M  5.5 14 210   M    M   8 18     23 200
 4  52  32  42   4  23   0 1.55    M    M  3.8 10 290   M    M  10 1      17 310
 5  31   5  18 -20  47   0 1.07    M    M  4.3 18 350   M    M   8 18     26  10
 6  23  -3  10 -29  55   0    T    M    M  2.4  8 230   M    M   1        11 220
 7  45  16  31  -8  34   0 0.00    M    M  8.8 16 210   M    M   3        28 200
 8  50  37  44   5  21   0 0.00    M    M  6.7 14 240   M    M   6        22 250
 9  58  31  45   5  20   0 0.00    M    M  3.5 15 240   M    M   1        16 210
10  51  33  42   2  23   0 0.79    M    M  0.8  7 130   M    M   7 12      8 220
11  63  37  50  10  15   0 0.01    M    M  3.5 14  10   M    M   4 128    18 340
12  55  31  43   2  22   0 0.00    M    M  4.6 14 350   M    M   4 128    17 350
13  62  38  50   9  15   0 0.12    M    M  6.3 15 170   M    M   4 1      20 170
14  56  45  51  10  14   0 0.66    M    M  4.9 14 350   M    M   9 18     17 350
15  53  36  45   3  20   0 0.00    M    M  6.5 16 280   M    M   6        24 320
16  68  34  51   9  14   0 0.00    M    M  6.2 13 280   M    M   2        21 220
17  60  28  44   2  21   0 0.00    M    M  8.3 22 360   M    M   4        28  20
18  47  27  37  -6  28   0 0.00    M    M  4.9 15 280   M    M   0        22 280
19  55  29  42  -1  23   0    T    M    M  4.7 13 130   M    M   2        16 130
20  46  40  43   0  22   0 0.38    M    M  2.4 14 140   M    M  10 18     18 150
21  59  39  49   5  16   0 0.00    M    M  6.2 16 350   M    M   8 18     25 220
22  48  30  39  -5  26   0 0.00    M    M  6.7 14  10   M    M   3        19 350
23  45  22  34 -10  31   0 0.07    M    M  7.6 16  20   M    M   4 18     20  20
24  50  31  41  -4  24   0 0.00    M    M  3.9  9 320   M    M   5 18     13  40
25  72  40  56  11   9   0 0.01    M    M  8.8 21 210   M    M   6        33 200
26  71  41  56  10   9   0 0.22    M    M  6.0 20 220   M    M   9 18     31 210
27  41  24  33 -13  32   0    T    M    M  5.3 15 330   M    M  10 8      22 350
28  32  16  24 -22  41   0    T    M    M  7.3 16 350   M    M   5 1      22 360
29  46  14  30 -17  35   0 0.01    M    M  5.6 21 230   M    M   2        30 230
30  55  39  47   0  18   0 0.02    M    M  8.6 20 290   M    M   8 18     33 240
31  67  37  52   5  13   0    T    M    M  9.7 23 350   M    M   7        34 220
================================================================================
SM 1595  902       762   0  6.19    M    173.9          M      171
================================================================================
AV 51.5 29.1                               5.6 FASTST   M    M   6    MAX(MPH)
                                 MISC ---->  # 23 350               # 34  220
================================================================================
NOTES:
# LAST OF SEVERAL OCCURRENCES

COLUMN 17 PEAK WIND IN M.P.H.

PRELIMINARY LOCAL CLIMATOLOGICAL DATA (WS FORM: F-6) , PAGE 2

                                          STATION:  MORGANTOWN WV
                                          MONTH:    MARCH
                                          YEAR:     2015
                                          LATITUDE:   39 39 N
                                          LONGITUDE:  79 55 W

[TEMPERATURE DATA]      [PRECIPITATION DATA]       SYMBOLS USED IN COLUMN 16

AVERAGE MONTHLY: 40.3   TOTAL FOR MONTH:   6.19    1 = FOG OR MIST
DPTR FM NORMAL:  -1.8   DPTR FM NORMAL:    2.54    2 = FOG REDUCING VISIBILITY
HIGHEST:    72 ON 25    GRTST 24HR  1.55 ON  4- 4      TO 1/4 MILE OR LESS
LOWEST:     -3 ON  6                               3 = THUNDER
                        SNOW, ICE PELLETS, HAIL    4 = ICE PELLETS
                        TOTAL MONTH:    M          5 = HAIL
                        GRTST 24HR    M  ON   M    6 = FREEZING RAIN OR DRIZZLE
                        GRTST DEPTH:  M  ON   M    7 = DUSTSTORM OR SANDSTORM:
                                                       VSBY 1/2 MILE OR LESS
                                                   8 = SMOKE OR HAZE
[NO. OF DAYS WITH]      [WEATHER - DAYS WITH]      9 = BLOWING SNOW
                                                   X = TORNADO
MAX 32 OR BELOW:   3    0.01 INCH OR MORE:  15
MAX 90 OR ABOVE:   0    0.10 INCH OR MORE:   9
MIN 32 OR BELOW:  18    0.50 INCH OR MORE:   5
MIN  0 OR BELOW:   1    1.00 INCH OR MORE:   2

[HDD (BASE 65) ]
TOTAL THIS MO.   762    CLEAR  (SCALE 0-3)   8
DPTR FM NORMAL    50    PTCLDY (SCALE 4-7)  14
TOTAL FM JUL 1  4886    CLOUDY (SCALE 8-10)  9
DPTR FM NORMAL   285

[CDD (BASE 65) ]
TOTAL THIS MO.     0
DPTR FM NORMAL    -2    [PRESSURE DATA]
TOTAL FM JAN 1     0    HIGHEST SLP 30.62 ON  6
DPTR FM NORMAL    -2    LOWEST  SLP 29.60 ON 31

[REMARKS]
#FINAL-03-15#
#FINAL-03-15#
