000
CXUS54 KMOB 251303
CF6MOB
PRELIMINARY LOCAL CLIMATOLOGICAL DATA (WS FORM: F-6)

                                          STATION:   MOBILE
                                          MONTH:     APRIL
                                          YEAR:      2015
                                          LATITUDE:   30 40 N
                                          LONGITUDE:  88 15 W

  TEMPERATURE IN F:       :PCPN:    SNOW:  WIND      :SUNSHINE: SKY     :PK WND
================================================================================
1   2   3   4   5  6A  6B    7    8   9   10  11  12  13   14  15   16   17  18
                                     12Z  AVG MX 2MIN
DY MAX MIN AVG DEP HDD CDD  WTR  SNW DPTH SPD SPD DIR MIN PSBL S-S WX    SPD DR
================================================================================

 1  82  58  70   7   0   5 0.00  0.0    0  6.3 17 210   M    M   5 12     23 200
 2  83  66  75  12   0  10 0.00  0.0    0  9.2 20 200   M    M   4        26 160
 3  83  61  72   8   0   7 0.00  0.0    0  9.7 18 190   M    M   5 12     23 190
 4  76  52  64   0   1   0 0.12  0.0    0 11.5 24 350   M    M   5 1      30 340
 5  77  49  63  -1   2   0 0.08  0.0    0  6.8 16 140   M    M   5        19 140
 6  79  66  73   9   0   8 0.18  0.0    0  8.1 17 160   M    M   8 18     22 140
 7  84  66  75  11   0  10 0.00  0.0    0  7.5 14 160   M    M   7 18     18 190
 8  83  64  74   9   0   9 0.00  0.0    0  6.3 16 190   M    M   6 128    22 180
 9  82  69  76  11   0  11 0.00  0.0    0  9.2 20 160   M    M   7 18     26 180
10  85  67  76  11   0  11 0.13  0.0    0  7.1 21 290   M    M   7 13     29 300
11  80  62  71   6   0   6 0.04  0.0    0  4.4 14  10   M    M   6 1      18  10
12  73  66  70   4   0   5 7.28  0.0    0  6.4 22 360   M    M   9 123    27 350
13  73  66  70   4   0   5 0.83  0.0    0  9.2 17 140   M    M   8 13     22 120
14  75  61  68   2   0   3 2.13  0.0    0  5.0 17 350   M    M   8 13     23 310
15  79  61  70   4   0   5 0.08  0.0    0  3.4 16 150   M    M   9 1238   19 140
16  80  70  75   9   0  10 0.07  0.0    0  7.9 14 160   M    M   8 1      18 150
17  81  68  75   8   0  10 0.47  0.0    0  7.7 21 130   M    M   8 13     26 150
18  76  66  71   4   0   6 0.24  0.0    0  7.2 16 150   M    M   8 1      23 240
19  82  68  75   8   0  10 0.00  0.0    0  8.1 17 210   M    M   6 1      22 210
20  80  58  69   2   0   4 0.00  0.0    0  5.7 15 280   M    M   5 1      21 280
21  79  51  65  -3   0   0 0.00  0.0    0  5.0 14  20   M    M   2 1      17  60
22  83  53  68   0   0   3 0.00  0.0    0  4.6 14 190   M    M   4        16 180
23  86  62  74   6   0   9 0.00  0.0    0  5.3 15  50   M    M   5 1      17  30
24  80  61  71   3   0   6 0.00  0.0    0  9.6 16 160   M    M   6        20 110
================================================================================
SM 1921 1491         3 153 11.65     0.0 171.2          M      151
================================================================================
AV 80.0 62.1                               7.1 FASTST   M    M   6    MAX(MPH)
                                 MISC ---->  # 24 350               # 30  340
================================================================================
NOTES:
# LAST OF SEVERAL OCCURRENCES

COLUMN 17 PEAK WIND IN M.P.H.

PRELIMINARY LOCAL CLIMATOLOGICAL DATA (WS FORM: F-6) , PAGE 2

                                          STATION:  MOBILE
                                          MONTH:    APRIL
                                          YEAR:     2015
                                          LATITUDE:   30 40 N
                                          LONGITUDE:  88 15 W

[TEMPERATURE DATA]      [PRECIPITATION DATA]       SYMBOLS USED IN COLUMN 16

AVERAGE MONTHLY: 71.1   TOTAL FOR MONTH:  11.65    1 = FOG OR MIST
DPTR FM NORMAL:   5.4   DPTR FM NORMAL:    7.77    2 = FOG REDUCING VISIBILITY
HIGHEST:    86 ON 23    GRTST 24HR  7.71 ON 12-13      TO 1/4 MILE OR LESS
LOWEST:     49 ON  5                               3 = THUNDER
                        SNOW, ICE PELLETS, HAIL    4 = ICE PELLETS
                        TOTAL MONTH:   0.0 INCH    5 = HAIL
                        GRTST 24HR     0.0         6 = FREEZING RAIN OR DRIZZLE
                        GRTST DEPTH:   0           7 = DUSTSTORM OR SANDSTORM:
                                                       VSBY 1/2 MILE OR LESS
                                                   8 = SMOKE OR HAZE
[NO. OF DAYS WITH]      [WEATHER - DAYS WITH]      9 = BLOWING SNOW
                                                   X = TORNADO
MAX 32 OR BELOW:   0    0.01 INCH OR MORE:  12
MAX 90 OR ABOVE:   0    0.10 INCH OR MORE:   8
MIN 32 OR BELOW:   0    0.50 INCH OR MORE:   3
MIN  0 OR BELOW:   0    1.00 INCH OR MORE:   2

[HDD (BASE 65) ]
TOTAL THIS MO.     3    CLEAR  (SCALE 0-3)   1
DPTR FM NORMAL   -53    PTCLDY (SCALE 4-7)  18
TOTAL FM JUL 1  1819    CLOUDY (SCALE 8-10)  5
DPTR FM NORMAL   132

[CDD (BASE 65) ]
TOTAL THIS MO.   153
DPTR FM NORMAL    81    [PRESSURE DATA]
TOTAL FM JAN 1   253    HIGHEST SLP M ON M
DPTR FM NORMAL   126    LOWEST  SLP 29.75 ON 19

[REMARKS]
