000
CXUS54 KLZK 281330
CF6MWT
PRELIMINARY LOCAL CLIMATOLOGICAL DATA (WS FORM: F-6)

                                          STATION:   Mount Ida
                                          MONTH:     APRIL
                                          YEAR:      2015
                                          LATITUDE:   34 32 N
                                          LONGITUDE:  93 35 W

  TEMPERATURE IN F:       :PCPN:    SNOW:  WIND      :SUNSHINE: SKY     :PK WND
================================================================================
1   2   3   4   5  6A  6B    7    8   9   10  11  12  13   14  15   16   17  18
                                     12Z  AVG MX 2MIN
DY MAX MIN AVG DEP HDD CDD  WTR  SNW DPTH SPD SPD DIR MIN PSBL S-S WX    SPD DR
================================================================================

 1  78  60  69  13   0   4 1.79  0.0    0  2.2 17 330   M    M   4 1      28 290
 2  79  66  73  16   0   8 0.00  0.0    0  5.8 13 200   M    M   6 18     22 220
 3  74  48  61   4   4   0    T    M    0  7.6 16 340   M    M   5        29 240
 4  65  40  53  -4  12   0 0.00  0.0    0  1.9 12 140   M    M   0        15 140
 5  58  39  49  -8  16   0 0.07    M    0  3.7 13 140   M    M   7 1      19 130
 6  75  54  65   7   0   0 0.01  0.0    0  3.8 10 200   M    M   8 1      19 170
 7  83  67  75  17   0  10 0.02  0.0    0  4.4 12 240   M    M   6 18     21 200
 8  81  68  75  17   0  10 0.00  0.0    0  5.1 14 230   M    M   2        22 220
 9  84  63  74  16   0   9 0.40  0.0    0  6.0 15 200   M    M   7 1      28 200
10  71  47  59   0   6   0 0.00  0.0    0  1.8 14 330   M    M   0        25 340
11  74  42  58  -1   7   0 0.00  0.0    0  2.5 14 140   M    M   0        19 120
12  79  45  62   3   3   0 0.00  0.0    0  3.1 12 140   M    M   5        18 180
13  71  58  65   5   0   0 1.40  0.0    0  2.6 10 330   M    M  10 1      19  50
14  67  55  61   1   4   0 0.26  0.0    0  2.5 12 130   M    M   9 1      16 140
15  69  54  62   2   3   0 0.42  0.0    0  1.1  7 190   M    M   8 1      12 210
16  80  50  65   5   0   0 0.22  0.0    0  1.7  8 140   M    M   5 128    11 150
17  81  62  72  11   0   7 0.00  0.0    0  1.2  9 130   M    M   5 128    14  80
18  73  61  67   6   0   2    T  0.0    0  1.3 10 130   M    M   7 18     15 130
19  81  56  69   8   0   4 0.36  0.0    0  3.5 15 320   M    M   5 18     30 310
20  68  44  56  -6   9   0 0.00  0.0    0  6.0 17 310   M    M   1        30 310
21  71  39  55  -7  10   0 0.01    M    0  1.8 10 240   M    M   3        17 180
22  69  48  59  -3   6   0 0.07    M    0  1.0  9 330   M    M   4 12     15 330
23  61  51  56  -6   9   0 0.08  0.0    0  2.2  8  90   M    M   9 1      14  80
24  65  51  58  -5   7   0 1.76  0.0    0  1.6 14 120   M    M   8 1      22 120
25  86  59  73  10   0   8 0.00  0.0    0  2.5 12 280   M    M   1 1      19 230
26  79  52  66   3   0   1 0.00  0.0    0  3.5 10 100   M    M   1        22 100
27  66  52  59  -5   6   0 0.17  0.0    0  4.8 15 100   M    M   6 1      25  70
================================================================================
SM 1988 1431       102  63  7.04     0.0  85.2          M      132
================================================================================
AV 73.6 53.0                               3.2 FASTST   M    M   5    MAX(MPH)
                                 MISC ---->  # 17 330               # 30  310
================================================================================
NOTES:
# LAST OF SEVERAL OCCURRENCES

COLUMN 17 PEAK WIND IN M.P.H.

PRELIMINARY LOCAL CLIMATOLOGICAL DATA (WS FORM: F-6) , PAGE 2

                                          STATION:  Mount Ida
                                          MONTH:    APRIL
                                          YEAR:     2015
                                          LATITUDE:   34 32 N
                                          LONGITUDE:  93 35 W

[TEMPERATURE DATA]      [PRECIPITATION DATA]       SYMBOLS USED IN COLUMN 16

AVERAGE MONTHLY: 63.3   TOTAL FOR MONTH:   7.04    1 = FOG OR MIST
DPTR FM NORMAL:   3.4   DPTR FM NORMAL:    2.22    2 = FOG REDUCING VISIBILITY
HIGHEST:    86 ON 25    GRTST 24HR  1.79 ON  1- 1      TO 1/4 MILE OR LESS
LOWEST:     39 ON 21, 5                            3 = THUNDER
                        SNOW, ICE PELLETS, HAIL    4 = ICE PELLETS
                        TOTAL MONTH:   0.0 INCH    5 = HAIL
                        GRTST 24HR     0.0         6 = FREEZING RAIN OR DRIZZLE
                        GRTST DEPTH:   0           7 = DUSTSTORM OR SANDSTORM:
                                                       VSBY 1/2 MILE OR LESS
                                                   8 = SMOKE OR HAZE
[NO. OF DAYS WITH]      [WEATHER - DAYS WITH]      9 = BLOWING SNOW
                                                   X = TORNADO
MAX 32 OR BELOW:   0    0.01 INCH OR MORE:  15
MAX 90 OR ABOVE:   0    0.10 INCH OR MORE:   9
MIN 32 OR BELOW:   0    0.50 INCH OR MORE:   3
MIN  0 OR BELOW:   0    1.00 INCH OR MORE:   3

[HDD (BASE 65) ]
TOTAL THIS MO.   102    CLEAR  (SCALE 0-3)   8
DPTR FM NORMAL   -68    PTCLDY (SCALE 4-7)  15
TOTAL FM JUL 1  3257    CLOUDY (SCALE 8-10)  4
DPTR FM NORMAL    13

[CDD (BASE 65) ]
TOTAL THIS MO.    63
DPTR FM NORMAL    34    [PRESSURE DATA]
TOTAL FM JAN 1    76    HIGHEST SLP M ON M
DPTR FM NORMAL    33    LOWEST  SLP 29.54 ON 25

[REMARKS]
ALL SNOWFALL DATA IS FROM THE MT IDA 1 SSE COOPERATIVE OBSERVER SITE
