000
CXHW50 PHFO 201250
CF6NGF
PRELIMINARY LOCAL CLIMATOLOGICAL DATA (WS FORM: F-6)

                                          STATION:   KANEOHE BAY MCAS HI
                                          MONTH:     APRIL
                                          YEAR:      2015
                                          LATITUDE:   21 25 N
                                          LONGITUDE: 157 46 W

  TEMPERATURE IN F:       :PCPN:    SNOW:  WIND      :SUNSHINE: SKY     :PK WND
================================================================================
1   2   3   4   5  6A  6B    7    8   9   10  11  12  13   14  15   16   17  18
                                     12Z  AVG MX 2MIN
DY MAX MIN AVG DEP HDD CDD  WTR  SNW DPTH SPD SPD DIR MIN PSBL S-S WX    SPD DR
================================================================================

 1  82  73  78   4   0  13 0.00  0.0    0  7.9 13  60   M    M   7        22  70
 2  82  74  78   4   0  13 0.00  0.0    0  9.5 13  70   M    M   8        32  60
 3  83  75  79   5   0  14 0.00  0.0    0  8.4 12 100   M    M   9        20 100
 4  81  74  78   4   0  13    T  0.0    0 10.2 14  80   M    M   8        30  60
 5  80  74  77   3   0  12    T  0.0    0 11.6 15  50   M    M   9        25  60
 6  80  72  76   2   0  11 0.00  0.0    0  9.8 13  50   M    M   2        22  70
 7  79  72  76   2   0  11 0.05  0.0    0  9.3 12  70   M    M   7 1      23  70
 8  81  73  77   3   0  12 0.00  0.0    0 10.7 15  50   M    M   2        22  50
 9  82  73  78   4   0  13    T  0.0    0 11.8 16  70   M    M   3        25  60
10  80  72  76   2   0  11 0.00  0.0    0  8.2 12  50   M    M   3        18  90
11  82  73  78   4   0  13 0.00  0.0    0  9.1 13  60   M    M   9        21  60
12  82  73  78   4   0  13 0.04  0.0    0  9.0 13  40   M    M   3         M  M
13  81  72  77   3   0  12 0.01  0.0    0 11.6 15  70   M    M   6        25  80
14  81  74  78   4   0  13 0.02  0.0    0 10.6 14  70   M    M   6        22  80
15  81  74  78   4   0  13    T  0.0    0 10.5 15  70   M    M   6        22  60
16  82  73  78   4   0  13    T  0.0    0 11.1 14  70   M    M   5        22  60
17  81  74  78   4   0  13    T  0.0    0 12.3 16  60   M    M   5        27  70
18  82  75  79   5   0  14 0.00  0.0    0 12.7 18  70   M    M   6        30  80
19  82  72  77   3   0  12 0.01  0.0    0 13.9 17  60   M    M   7        25  80
================================================================================
SM 1544 1392         0 239  0.13     0.0 198.2          M      111
================================================================================
AV 81.3 73.3                              10.4 FASTST   M    M   6    MAX(MPH)
                                 MISC ---->    18   M                 32    M
================================================================================
NOTES:
# LAST OF SEVERAL OCCURRENCES

COLUMN 17 PEAK WIND IN M.P.H.

PRELIMINARY LOCAL CLIMATOLOGICAL DATA (WS FORM: F-6) , PAGE 2

                                          STATION:  KANEOHE BAY MCAS HI
                                          MONTH:    APRIL
                                          YEAR:     2015
                                          LATITUDE:   21 25 N
                                          LONGITUDE: 157 46 W

[TEMPERATURE DATA]      [PRECIPITATION DATA]       SYMBOLS USED IN COLUMN 16

AVERAGE MONTHLY: 77.3   TOTAL FOR MONTH:   0.13    1 = FOG OR MIST
DPTR FM NORMAL:   3.3   DPTR FM NORMAL:   -1.37    2 = FOG REDUCING VISIBILITY
HIGHEST:    83 ON  3    GRTST 24HR  0.05 ON  7- 7      TO 1/4 MILE OR LESS
LOWEST:     72 ON 19,13                            3 = THUNDER
                        SNOW, ICE PELLETS, HAIL    4 = ICE PELLETS
                        TOTAL MONTH:   0.0 INCH    5 = HAIL
                        GRTST 24HR     0.0         6 = FREEZING RAIN OR DRIZZLE
                        GRTST DEPTH:   0           7 = DUSTSTORM OR SANDSTORM:
                                                       VSBY 1/2 MILE OR LESS
                                                   8 = SMOKE OR HAZE
[NO. OF DAYS WITH]      [WEATHER - DAYS WITH]      9 = BLOWING SNOW
                                                   X = TORNADO
MAX 32 OR BELOW:   0    0.01 INCH OR MORE:   5
MAX 90 OR ABOVE:   0    0.10 INCH OR MORE:   0
MIN 32 OR BELOW:   0    0.50 INCH OR MORE:   0
MIN  0 OR BELOW:   0    1.00 INCH OR MORE:   0

[HDD (BASE 65) ]
TOTAL THIS MO.     0    CLEAR  (SCALE 0-3)   5
DPTR FM NORMAL     0    PTCLDY (SCALE 4-7)  10
TOTAL FM JUL 1     0    CLOUDY (SCALE 8-10)  4
DPTR FM NORMAL     0

[CDD (BASE 65) ]
TOTAL THIS MO.   239
DPTR FM NORMAL    68    [PRESSURE DATA]
TOTAL FM JAN 1  1001    HIGHEST SLP M ON M
DPTR FM NORMAL   115    LOWEST  SLP M ON M

[REMARKS]
