000
CXUS56 KMTR 251000
CF6OAK
PRELIMINARY LOCAL CLIMATOLOGICAL DATA (WS FORM: F-6)

                                          STATION:   OAKLAND AIRPORT
                                          MONTH:     APRIL
                                          YEAR:      2015
                                          LATITUDE:   37 43 N
                                          LONGITUDE: 122 13 W

  TEMPERATURE IN F:       :PCPN:    SNOW:  WIND      :SUNSHINE: SKY     :PK WND
================================================================================
1   2   3   4   5  6A  6B    7    8   9   10  11  12  13   14  15   16   17  18
                                     12Z  AVG MX 2MIN
DY MAX MIN AVG DEP HDD CDD  WTR  SNW DPTH SPD SPD DIR MIN PSBL S-S WX    SPD DR
================================================================================

 1  65  45  55  -1  10   0 0.00  0.0    0  8.6 24 280   M    M   3        26 280
 2  69  48  59   3   6   0 0.00  0.0    0  9.5 22 260   M    M   0        26 270
 3  67  44  56   0   9   0 0.00  0.0    0  7.5 18 270   M    M   1        21 270
 4  64  43  54  -2  11   0 0.00  0.0    0 10.7 26 280   M    M   5        32 280
 5  58  50  54  -2  11   0 0.11  0.0    0 10.9 21 270   M    M   6 1      24 270
 6  63  44  54  -2  11   0 0.00  0.0    0 12.7 25 140   M    M   6        29 150
 7  61  48  55  -1  10   0 0.74    M    M   M   M   M   M    M   M         M  M
 8  63  47  55  -2  10   0 0.01    M    M  7.6 16 280   M    M   3        20 290
 9  67  43  55  -2  10   0 0.00  0.0    0  5.9 17 280   M    M   5        20 270
10  66  46  56  -1   9   0 0.00  0.0    0  6.5 16 280   M    M   3        18 300
11  72  47  60   3   5   0 0.00  0.0    0  6.6 20 290   M    M   5        23 280
12  73  48  61   4   4   0 0.00  0.0    0  5.9 14 300   M    M   2        16 310
13  62  50  56  -1   9   0 0.00  0.0    0 15.0 29 280   M    M   5        36 270
14  65  48  57   0   8   0 0.00  0.0    0 12.8 25 280   M    M   1        29 290
15  71  47  59   1   6   0 0.00  0.0    0  8.1 22 280   M    M   2        25 280
16  81  48  65   7   0   0 0.00  0.0    0  7.7 22  50   M    M   0        28  20
17  72  48  60   2   5   0 0.00  0.0    0  7.2 20 290   M    M   1        23 280
18  67  49  58   0   7   0 0.00  0.0    0  9.2 20 290   M    M   4        23 280
19  63  49  56  -2   9   0 0.00  0.0    0  9.2 20 290   M    M   7 18     23 290
20  63  53  58   0   7   0 0.00  0.0    0 11.7 22 280   M    M   8        24 270
21  61  53  57  -1   8   0    T  0.0    0 14.1 21 250   M    M   9        25 240
22  66  52  59   1   6   0 0.00  0.0    0  9.2 22 270   M    M   7        25 270
23  64  52  58   0   7   0 0.00  0.0    0 10.2 22 270   M    M   7        24 270
24  63  52  58   0   7   0 0.08  0.0    0 18.9 29 260   M    M   6 1      33 260
================================================================================
SM 1586 1154       185   0  0.94     0.0 225.7          M       96
================================================================================
AV 66.1 48.1                               9.8 FASTST   M    M   4    MAX(MPH)
                                 MISC ---->  # 29 280               # 36  270
================================================================================
NOTES:
# LAST OF SEVERAL OCCURRENCES

COLUMN 17 PEAK WIND IN M.P.H.

PRELIMINARY LOCAL CLIMATOLOGICAL DATA (WS FORM: F-6) , PAGE 2

                                          STATION:  OAKLAND AIRPORT
                                          MONTH:    APRIL
                                          YEAR:     2015
                                          LATITUDE:   37 43 N
                                          LONGITUDE: 122 13 W

[TEMPERATURE DATA]      [PRECIPITATION DATA]       SYMBOLS USED IN COLUMN 16

AVERAGE MONTHLY: 57.1   TOTAL FOR MONTH:   0.94    1 = FOG OR MIST
DPTR FM NORMAL:  -0.0   DPTR FM NORMAL:   -0.20    2 = FOG REDUCING VISIBILITY
HIGHEST:    81 ON 16    GRTST 24HR  0.74 ON  7- 7      TO 1/4 MILE OR LESS
LOWEST:     43 ON  9, 4                            3 = THUNDER
                        SNOW, ICE PELLETS, HAIL    4 = ICE PELLETS
                        TOTAL MONTH:   0.0 INCH    5 = HAIL
                        GRTST 24HR     0.0         6 = FREEZING RAIN OR DRIZZLE
                        GRTST DEPTH:   0           7 = DUSTSTORM OR SANDSTORM:
                                                       VSBY 1/2 MILE OR LESS
                                                   8 = SMOKE OR HAZE
[NO. OF DAYS WITH]      [WEATHER - DAYS WITH]      9 = BLOWING SNOW
                                                   X = TORNADO
MAX 32 OR BELOW:   0    0.01 INCH OR MORE:   4
MAX 90 OR ABOVE:   0    0.10 INCH OR MORE:   2
MIN 32 OR BELOW:   0    0.50 INCH OR MORE:   1
MIN  0 OR BELOW:   0    1.00 INCH OR MORE:   0

[HDD (BASE 65) ]
TOTAL THIS MO.   185    CLEAR  (SCALE 0-3)  10
DPTR FM NORMAL    -7    PTCLDY (SCALE 4-7)  12
TOTAL FM JUL 1  1693    CLOUDY (SCALE 8-10)  1
DPTR FM NORMAL  -852

[CDD (BASE 65) ]
TOTAL THIS MO.     0
DPTR FM NORMAL     0    [PRESSURE DATA]
TOTAL FM JAN 1     1    HIGHEST SLP M ON M
DPTR FM NORMAL     0    LOWEST  SLP 29.82 ON  6

[REMARKS]
