000
CXUS55 KEAX 240736
CF6OJC
PRELIMINARY LOCAL CLIMATOLOGICAL DATA (WS FORM: F-6)

                                          STATION:   Johnson County Executive KS
                                          MONTH:     APRIL
                                          YEAR:      2015
                                          LATITUDE:   38 50 N
                                          LONGITUDE:  94 44 W

  TEMPERATURE IN F:       :PCPN:    SNOW:  WIND      :SUNSHINE: SKY     :PK WND
================================================================================
1   2   3   4   5  6A  6B    7    8   9   10  11  12  13   14  15   16   17  18
                                     12Z  AVG MX 2MIN
DY MAX MIN AVG DEP HDD CDD  WTR  SNW DPTH SPD SPD DIR MIN PSBL S-S WX    SPD DR
================================================================================

 1  79  52  66  16   0   1 0.00    M    M 15.0 29 170   M    M   1        38 140
 2  71  56  64  13   1   0 0.33    M    M  9.4 24  40   M    M   6 13     33  30
 3  58  36  47  -4  18   0 0.17    M    M 14.5 28  10   M    M   5 3      39 320
 4  61  29  45  -7  20   0 0.00    M    M  7.0 16 180   M    M   0        24 240
 5  63  39  51  -1  14   0    T    M    M 11.8 23 170   M    M   4 18     31 170
 6  63  48  56   4   9   0    T    M    M  7.9 15 180   M    M  10 1      19 170
 7  84  56  70  18   0   5 0.00    M    M 10.0 22 170   M    M   7 18     28 170
 8  77  52  65  12   0   0 0.02    M    M 10.3 24 210   M    M   7 123    33 200
 9  76  40  58   5   7   0 0.01    M    M 16.1 29 320   M    M   6        40 330
10  68  37  53   0  12   0 0.00    M    M  6.8 16 300   M    M   0        24 270
11  71  47  59   5   6   0 0.00    M    M  8.7 18 170   M    M   1        26 160
12  68  51  60   6   5   0 0.96    M    M 12.1 26 330   M    M   8 13     40 300
13  65  53  59   5   6   0 0.88    M    M 11.6 29 340   M    M   2 13     35 340
14  69  50  60   5   5   0 0.00    M    M  9.2 21 100   M    M   2        27 110
15  60  51  56   1   9   0 0.01    M    M  8.0 15 100   M    M  10 18     21  80
16  74  50  62   7   3   0 0.00    M    M  4.4 12 150   M    M   4 1      14 150
17  76  56  66  10   0   1 0.00    M    M  5.5 17 170   M    M   2        21 160
18  65  58  62   6   3   0 0.27    M    M  5.8 17 240   M    M   6 13     23 240
19  68  50  59   3   6   0 0.12    M    M 11.0 24 340   M    M   8 13     33 310
20  59  44  52  -4  13   0 0.00    M    M 12.5 25 310   M    M   3        36 300
21  69  42  56  -1   9   0 0.00    M    M  8.2 22  10   M    M   3        27 360
22  58  39  49  -8  16   0 0.00    M    M  7.0 16  10   M    M   1        21 360
23  65  43  54  -4  11   0 0.00    M    M  7.5 18 160   M    M   6        23 180
================================================================================
SM 1567 1079       173   7  2.77    M    220.3          M      102
================================================================================
AV 68.1 46.9                               9.6 FASTST   M    M   4    MAX(MPH)
                                 MISC ---->  # 29 170               # 40  330
================================================================================
NOTES:
# LAST OF SEVERAL OCCURRENCES

COLUMN 17 PEAK WIND IN M.P.H.

PRELIMINARY LOCAL CLIMATOLOGICAL DATA (WS FORM: F-6) , PAGE 2

                                          STATION:  Johnson County Executive KS
                                          MONTH:    APRIL
                                          YEAR:     2015
                                          LATITUDE:   38 50 N
                                          LONGITUDE:  94 44 W

[TEMPERATURE DATA]      [PRECIPITATION DATA]       SYMBOLS USED IN COLUMN 16

AVERAGE MONTHLY: 57.5   TOTAL FOR MONTH:   2.77    1 = FOG OR MIST
DPTR FM NORMAL:   3.5   DPTR FM NORMAL:    0.01    2 = FOG REDUCING VISIBILITY
HIGHEST:    84 ON  7    GRTST 24HR  1.83 ON 12-13      TO 1/4 MILE OR LESS
LOWEST:     29 ON  4                               3 = THUNDER
                        SNOW, ICE PELLETS, HAIL    4 = ICE PELLETS
                        TOTAL MONTH:    M          5 = HAIL
                        GRTST 24HR    M  ON   M    6 = FREEZING RAIN OR DRIZZLE
                        GRTST DEPTH:  M  ON   M    7 = DUSTSTORM OR SANDSTORM:
                                                       VSBY 1/2 MILE OR LESS
                                                   8 = SMOKE OR HAZE
[NO. OF DAYS WITH]      [WEATHER - DAYS WITH]      9 = BLOWING SNOW
                                                   X = TORNADO
MAX 32 OR BELOW:   0    0.01 INCH OR MORE:   9
MAX 90 OR ABOVE:   0    0.10 INCH OR MORE:   6
MIN 32 OR BELOW:   1    0.50 INCH OR MORE:   2
MIN  0 OR BELOW:   0    1.00 INCH OR MORE:   0

[HDD (BASE 65) ]
TOTAL THIS MO.   173    CLEAR  (SCALE 0-3)   9
DPTR FM NORMAL   -92    PTCLDY (SCALE 4-7)  12
TOTAL FM JUL 1  4745    CLOUDY (SCALE 8-10)  2
DPTR FM NORMAL   -37

[CDD (BASE 65) ]
TOTAL THIS MO.     7
DPTR FM NORMAL    -8    [PRESSURE DATA]
TOTAL FM JAN 1     9    HIGHEST SLP  0.00 ON M
DPTR FM NORMAL    -7    LOWEST  SLP  0.00 ON M

[REMARKS]
