000
CXUS56 KPDT 210532
CF6PDT
PRELIMINARY LOCAL CLIMATOLOGICAL DATA (WS FORM: F-6)

                                          STATION:   PENDLETON OR
                                          MONTH:     APRIL
                                          YEAR:      2015
                                          LATITUDE:   45 40 N
                                          LONGITUDE: 118 51 W

  TEMPERATURE IN F:       :PCPN:    SNOW:  WIND      :SUNSHINE: SKY     :PK WND
================================================================================
1   2   3   4   5  6A  6B    7    8   9   10  11  12  13   14  15   16   17  18
                                     12Z  AVG MX 2MIN
DY MAX MIN AVG DEP HDD CDD  WTR  SNW DPTH SPD SPD DIR MIN PSBL S-S WX    SPD DR
================================================================================

 1  55  39  47  -1  18   0 0.00  0.0    0 16.9 29 260   M    M   1        36 280
 2  55  35  45  -4  20   0 0.00  0.0    0  6.7 15 250   M    M   2        20 260
 3  56  30  43  -6  22   0 0.03  0.0    0  6.6 22 270   M    M   2 1      28 270
 4  55  32  44  -5  21   0 0.01  0.0    0  6.9 15 270   M    M   4 18     22 190
 5  43  29  36 -13  29   0 0.17    T    0  3.6 10 280   M    M   7 1      13 270
 6  57  37  47  -2  18   0 0.01  0.0    0  8.1 22 260   M    M   6 1      28 250
 7  59  34  47  -2  18   0 0.00  0.0    0  7.9 17 300   M    M   4        22 330
 8  56  39  48  -1  17   0 0.01  0.0    0  8.1 20 200   M    M   7        23 200
 9  62  36  49  -1  16   0 0.00  0.0    0  5.9 13  60   M    M   2        15  60
10  64  37  51   1  14   0 0.00  0.0    0  8.1 16 320   M    M   1        18 310
11  56  39  48  -2  17   0    T  0.0    0 19.4 33 260   M    M   8        41 260
12  57  35  46  -4  19   0 0.00  0.0    0  8.8 18 250   M    M   2        24 250
13  61  30  46  -4  19   0 0.03  0.0    0  9.7 37 260   M    M   3 1      46 260
14  54  39  47  -3  18   0 0.01    T    0 22.9 35 260   M    M   5 5      41 260
15  56  30  43  -7  22   0 0.00  0.0    0  7.6 20 260   M    M   0        24 260
16  64  30  47  -3  18   0 0.00  0.0    0  6.7 13 310   M    M   0 8      19 360
17  71  35  53   2  12   0 0.00  0.0    0  5.1 13 190   M    M   0        14 190
18  69  37  53   2  12   0 0.00  0.0    0  5.9 13 150   M    M   0        16 340
19  73  37  55   4  10   0 0.00  0.0    0  6.9 13 150   M    M   0        17  30
================================================================================
SM 1123  660       340   0  0.27    T    171.8          M       54
================================================================================
AV 59.1 34.7                               9.0 FASTST   M    M   3    MAX(MPH)
                                 MISC ---->  # 37 260               # 46  260
================================================================================
NOTES:
# LAST OF SEVERAL OCCURRENCES

COLUMN 17 PEAK WIND IN M.P.H.

PRELIMINARY LOCAL CLIMATOLOGICAL DATA (WS FORM: F-6) , PAGE 2

                                          STATION:  PENDLETON OR
                                          MONTH:    APRIL
                                          YEAR:     2015
                                          LATITUDE:   45 40 N
                                          LONGITUDE: 118 51 W

[TEMPERATURE DATA]      [PRECIPITATION DATA]       SYMBOLS USED IN COLUMN 16

AVERAGE MONTHLY: 46.9   TOTAL FOR MONTH:   0.27    1 = FOG OR MIST
DPTR FM NORMAL:  -2.8   DPTR FM NORMAL:   -0.47    2 = FOG REDUCING VISIBILITY
HIGHEST:    73 ON 19    GRTST 24HR  0.18 ON  5- 6      TO 1/4 MILE OR LESS
LOWEST:     29 ON  5                               3 = THUNDER
                        SNOW, ICE PELLETS, HAIL    4 = ICE PELLETS
                        TOTAL MONTH:    T          5 = HAIL
                        GRTST 24HR    T  ON 14-14  6 = FREEZING RAIN OR DRIZZLE
                        GRTST DEPTH:   0           7 = DUSTSTORM OR SANDSTORM:
                                                       VSBY 1/2 MILE OR LESS
                                                   8 = SMOKE OR HAZE
[NO. OF DAYS WITH]      [WEATHER - DAYS WITH]      9 = BLOWING SNOW
                                                   X = TORNADO
MAX 32 OR BELOW:   0    0.01 INCH OR MORE:   7
MAX 90 OR ABOVE:   0    0.10 INCH OR MORE:   1
MIN 32 OR BELOW:   6    0.50 INCH OR MORE:   0
MIN  0 OR BELOW:   0    1.00 INCH OR MORE:   0

[HDD (BASE 65) ]
TOTAL THIS MO.   340    CLEAR  (SCALE 0-3)  12
DPTR FM NORMAL    49    PTCLDY (SCALE 4-7)   7
TOTAL FM JUL 1  4303    CLOUDY (SCALE 8-10)  0
DPTR FM NORMAL  -504

[CDD (BASE 65) ]
TOTAL THIS MO.     0
DPTR FM NORMAL     0    [PRESSURE DATA]
TOTAL FM JAN 1     0    HIGHEST SLP 30.33 ON 18
DPTR FM NORMAL     0    LOWEST  SLP 29.69 ON M

[REMARKS]
