000
CXUS53 KILX 260900
CF6PIA
PRELIMINARY LOCAL CLIMATOLOGICAL DATA (WS FORM: F-6)

                                          STATION:   PEORIA IL
                                          MONTH:     APRIL
                                          YEAR:      2015
                                          LATITUDE:   40 40 N
                                          LONGITUDE:  89 41 W

  TEMPERATURE IN F:       :PCPN:    SNOW:  WIND      :SUNSHINE: SKY     :PK WND
================================================================================
1   2   3   4   5  6A  6B    7    8   9   10  11  12  13   14  15   16   17  18
                                     12Z  AVG MX 2MIN
DY MAX MIN AVG DEP HDD CDD  WTR  SNW DPTH SPD SPD DIR MIN PSBL S-S WX    SPD DR
================================================================================

 1  79  44  62  15   3   0 0.00  0.0    0 13.1 28 180   M    M   0        38 190
 2  72  53  63  16   2   0 0.64  0.0    0  8.7 21 180   M    M   6 13     27 180
 3  57  35  46  -2  19   0    T  0.0    0  9.3 22 310   M    M   4        32 300
 4  63  26  45  -3  20   0 0.00  0.0    0  9.8 22 260   M    M   0        31 240
 5  69  40  55   7  10   0 0.00  0.0    0 12.9 23 230   M    M   1        28 230
 6  64  53  59  10   6   0 0.03  0.0    0  7.5 14 170   M    M  10 18     17 150
 7  57  47  52   3  13   0 0.04  0.0    0 11.9 22  70   M    M  10 128    28  70
 8  71  54  63  13   2   0 1.09  0.0    0  8.5 22  80   M    M   7 138    25  80
 9  80  47  64  14   1   0 0.12  0.0    0 16.9 33 270   M    M   7 138    45 260
10  69  41  55   5  10   0 0.00  0.0    0 13.5 29 290   M    M   3        43 290
11  66  35  51   0  14   0 0.00  0.0    0  5.8 15 210   M    M   0        19 200
12  66  49  58   7   7   0    T  0.0    0  8.9 21 190   M    M   6        26 200
13  69  54  62  10   3   0 0.17  0.0    0  8.3 18 320   M    M   3 38     26 280
14  68  46  57   5   8   0 0.00  0.0    0  4.6 12  90   M    M   0 8      15  70
15  74  43  59   7   6   0 0.00  0.0    0 12.5 23  80   M    M   2        31 100
16  75  58  67  14   0   2 0.00  0.0    0  3.4 10 100   M    M   6 8      13 100
17  82  53  68  15   0   3 0.00  0.0    0  1.2  8 190   M    M   2 18     10 260
18  82  59  71  18   0   6 0.00  0.0    0  6.4 16 170   M    M   2 8      23 110
19  66  57  62   8   3   0 0.37  0.0    0  7.7 15  80   M    M   6 1      18  90
20  58  44  51  -3  14   0    T  0.0    0 16.1 28 270   M    M   8 1      39 270
21  62  38  50  -4  15   0 0.02  0.0    0 13.8 30 280   M    M   5        41 310
22  55  36  46  -9  19   0 0.00  0.0    0 11.8 29 280   M    M   1        40 280
23  61  35  48  -7  17   0 0.00  0.0    0  5.9 16 280   M    M   0        22 290
24  66  36  51  -5  14   0 0.02  0.0    0  8.8 21 170   M    M   8        30 160
25  56  47  52  -4  13   0 0.88  0.0    0 13.1 24  60   M    M  10 138    31  60
================================================================================
SM 1687 1130       219  11  3.38     0.0 240.4          M      107
================================================================================
AV 67.5 45.2                               9.6 FASTST   M    M   4    MAX(MPH)
                                 MISC ---->  # 33 270               # 45  260
================================================================================
NOTES:
# LAST OF SEVERAL OCCURRENCES

COLUMN 17 PEAK WIND IN M.P.H.

PRELIMINARY LOCAL CLIMATOLOGICAL DATA (WS FORM: F-6) , PAGE 2

                                          STATION:  PEORIA IL
                                          MONTH:    APRIL
                                          YEAR:     2015
                                          LATITUDE:   40 40 N
                                          LONGITUDE:  89 41 W

[TEMPERATURE DATA]      [PRECIPITATION DATA]       SYMBOLS USED IN COLUMN 16

AVERAGE MONTHLY: 56.3   TOTAL FOR MONTH:   3.38    1 = FOG OR MIST
DPTR FM NORMAL:   4.9   DPTR FM NORMAL:    0.40    2 = FOG REDUCING VISIBILITY
HIGHEST:    82 ON 18,17 GRTST 24HR  1.09 ON  8- 8      TO 1/4 MILE OR LESS
LOWEST:     26 ON  4                               3 = THUNDER
                        SNOW, ICE PELLETS, HAIL    4 = ICE PELLETS
                        TOTAL MONTH:   0.0 INCH    5 = HAIL
                        GRTST 24HR     0.0         6 = FREEZING RAIN OR DRIZZLE
                        GRTST DEPTH:   0           7 = DUSTSTORM OR SANDSTORM:
                                                       VSBY 1/2 MILE OR LESS
                                                   8 = SMOKE OR HAZE
[NO. OF DAYS WITH]      [WEATHER - DAYS WITH]      9 = BLOWING SNOW
                                                   X = TORNADO
MAX 32 OR BELOW:   0    0.01 INCH OR MORE:  10
MAX 90 OR ABOVE:   0    0.10 INCH OR MORE:   6
MIN 32 OR BELOW:   1    0.50 INCH OR MORE:   3
MIN  0 OR BELOW:   0    1.00 INCH OR MORE:   1

[HDD (BASE 65) ]
TOTAL THIS MO.   219    CLEAR  (SCALE 0-3)  11
DPTR FM NORMAL  -131    PTCLDY (SCALE 4-7)  10
TOTAL FM JUL 1  5668    CLOUDY (SCALE 8-10)  4
DPTR FM NORMAL    46

[CDD (BASE 65) ]
TOTAL THIS MO.    11
DPTR FM NORMAL     3    [PRESSURE DATA]
TOTAL FM JAN 1    11    HIGHEST SLP M ON M
DPTR FM NORMAL     2    LOWEST  SLP 29.35 ON 20

[REMARKS]
