000
CXUS52 KRAH 271345
CF6RDU
PRELIMINARY LOCAL CLIMATOLOGICAL DATA (WS FORM: F-6)

                                          STATION:   RALEIGH-DURHAM INTL AIRPORT NC
                                          MONTH:     APRIL
                                          YEAR:      2015
                                          LATITUDE:   35 52 N
                                          LONGITUDE:  78 47 W

  TEMPERATURE IN F:       :PCPN:    SNOW:  WIND      :SUNSHINE: SKY     :PK WND
================================================================================
1   2   3   4   5  6A  6B    7    8   9   10  11  12  13   14  15   16   17  18
                                     12Z  AVG MX 2MIN
DY MAX MIN AVG DEP HDD CDD  WTR  SNW DPTH SPD SPD DIR MIN PSBL S-S WX    SPD DR
================================================================================

 1  66  47  57   1   8   0 0.00  0.0    0  6.6 16  40   M    M   2        21  80
 2  74  39  57   0   8   0 0.00  0.0    0 10.0 21 220   M    M   6        28 210
 3  83  61  72  15   0   7 0.00  0.0    0 16.4 30 230   M    M   8        37 230
 4  73  43  58   1   7   0 0.00  0.0    0  8.5 24 220   M    M   6        30 320
 5  68  33  51  -6  14   0 0.00  0.0    0  4.6 16 230   M    M   4        22 200
 6  76  52  64   6   1   0 0.00  0.0    0  7.6 18 220   M    M   8        26 210
 7  72  61  67   9   0   2 0.11  0.0    0  5.1 15 240   M    M   9 1      18 190
 8  84  62  73  15   0   8    T  0.0    0  5.8 30  40   M    M   7 18     38  30
 9  78  57  68   9   0   3 0.53  0.0    0  5.7 24  90   M    M   9 138    28  90
10  84  65  75  16   0  10 0.00  0.0    0 13.7 30 230   M    M   7 8      37 230
11  75  52  64   5   1   0 0.00  0.0    0  3.9 13 280   M    M   6        20  20
12  73  47  60   1   5   0 0.00  0.0    0  7.6 20  90   M    M   5        28  90
13  80  50  65   5   0   0 0.00  0.0    0  6.1 15 180   M    M   6        22 160
14  79  61  70  10   0   5 1.23  0.0    0  6.0 17  40   M    M   9 13     25  30
15  61  52  57  -3   8   0 0.31  0.0    0  5.6  8 100   M    M  10 12     14 100
16  66  48  57  -3   8   0 0.05  0.0    0  4.4 10  50   M    M  10        18 110
17  78  56  67   6   0   2    T  0.0    0  2.0  8 230   M    M   8 18     13 250
18  80  61  71  10   0   6 0.01  0.0    0  3.1 12 130   M    M   9 1      16 140
19  73  63  68   7   0   3 0.76  0.0    0  8.5 20 120   M    M  10 1      28 100
20  78  63  71  10   0   6 0.28  0.0    0 11.9 22 180   M    M   8 13     29 170
21  70  52  61  -1   4   0 0.63  0.0    0  4.9 17 240   M    M   4 13     23 240
22  77  44  61  -1   4   0 0.00  0.0    0  9.7 25 230   M    M   4        35 230
23  68  49  59  -3   6   0 0.00  0.0    0  6.7 20 250   M    M   4        30 230
24  67  38  53  -9  12   0 0.00  0.0    0  3.6 15 260   M    M   5        21 330
25  57  45  51 -12  14   0 0.34  0.0    0  3.5 12 210   M    M   9 12     15  20
26  54  45  50 -13  15   0 0.02  0.0    0  5.7 13  50   M    M  10 1      16  40
================================================================================
SM 1894 1346       115  52  4.27     0.0 177.2          M      183
================================================================================
AV 72.8 51.8                               6.8 FASTST   M    M   7    MAX(MPH)
                                 MISC ---->  # 30 230               # 38   30
================================================================================
NOTES:
# LAST OF SEVERAL OCCURRENCES

COLUMN 17 PEAK WIND IN M.P.H.

PRELIMINARY LOCAL CLIMATOLOGICAL DATA (WS FORM: F-6) , PAGE 2

                                          STATION:  RALEIGH-DURHAM INTL AIRPORT NC
                                          MONTH:    APRIL
                                          YEAR:     2015
                                          LATITUDE:   35 52 N
                                          LONGITUDE:  78 47 W

[TEMPERATURE DATA]      [PRECIPITATION DATA]       SYMBOLS USED IN COLUMN 16

AVERAGE MONTHLY: 62.3   TOTAL FOR MONTH:   4.27    1 = FOG OR MIST
DPTR FM NORMAL:   2.6   DPTR FM NORMAL:    1.70    2 = FOG REDUCING VISIBILITY
HIGHEST:    84 ON 10, 8 GRTST 24HR  1.50 ON 14-15      TO 1/4 MILE OR LESS
LOWEST:     33 ON  5                               3 = THUNDER
                        SNOW, ICE PELLETS, HAIL    4 = ICE PELLETS
                        TOTAL MONTH:   0.0 INCH    5 = HAIL
                        GRTST 24HR     0.0         6 = FREEZING RAIN OR DRIZZLE
                        GRTST DEPTH:   0           7 = DUSTSTORM OR SANDSTORM:
                                                       VSBY 1/2 MILE OR LESS
                                                   8 = SMOKE OR HAZE
[NO. OF DAYS WITH]      [WEATHER - DAYS WITH]      9 = BLOWING SNOW
                                                   X = TORNADO
MAX 32 OR BELOW:   0    0.01 INCH OR MORE:  11
MAX 90 OR ABOVE:   0    0.10 INCH OR MORE:   8
MIN 32 OR BELOW:   0    0.50 INCH OR MORE:   4
MIN  0 OR BELOW:   0    1.00 INCH OR MORE:   1

[HDD (BASE 65) ]
TOTAL THIS MO.   115    CLEAR  (SCALE 0-3)   1
DPTR FM NORMAL   -61    PTCLDY (SCALE 4-7)  14
TOTAL FM JUL 1  3431    CLOUDY (SCALE 8-10) 11
DPTR FM NORMAL   259

[CDD (BASE 65) ]
TOTAL THIS MO.    52
DPTR FM NORMAL    13    [PRESSURE DATA]
TOTAL FM JAN 1    56    HIGHEST SLP  0.00 ON 22
DPTR FM NORMAL     5    LOWEST  SLP  0.00 ON 22

[REMARKS]
