000
CXUS55 KRIW 190903
CF6RKS
PRELIMINARY LOCAL CLIMATOLOGICAL DATA (WS FORM: F-6)

                                          STATION:   ROCK SPRINGS WY
                                          MONTH:     APRIL
                                          YEAR:      2015
                                          LATITUDE:   41 35 N
                                          LONGITUDE: 109  4 W

  TEMPERATURE IN F:       :PCPN:    SNOW:  WIND      :SUNSHINE: SKY     :PK WND
================================================================================
1   2   3   4   5  6A  6B    7    8   9   10  11  12  13   14  15   16   17  18
                                     12Z  AVG MX 2MIN
DY MAX MIN AVG DEP HDD CDD  WTR  SNW DPTH SPD SPD DIR MIN PSBL S-S WX    SPD DR
================================================================================

 1  48  27  38   0  27   0 0.00  0.0    M 19.6 36 260   M    M   2        47 260
 2  36  22  29  -9  36   0    T    M    M  6.6 20 360   M    M   8        28  20
 3  44  17  31  -7  34   0 0.00  0.0    M  8.4 16 260   M    M   0        25 260
 4  59  23  41   2  24   0 0.00  0.0    M  9.9 24 260   M    M   0        30 260
 5  62  31  47   8  18   0 0.00  0.0    M 14.3 36 220   M    M   1        42 220
 6  61  31  46   7  19   0 0.00  0.0    M 14.8 35 210   M    M   4        43 230
 7  55  30  43   4  22   0 0.00  0.0    M  9.3 32 220   M    M   4        40 200
 8  43  28  36  -4  29   0 0.15    M    M 10.3 29 260   M    M   7 13     33 260
 9  44  24  34  -6  31   0    T    M    M  5.9 17  40   M    M   7 1      21  50
10  54  27  41   1  24   0 0.00    M    M  6.6 21 260   M    M   0 1      25 270
11  61  28  45   5  20   0 0.00  0.0    M 10.7 31 270   M    M   2        38 260
12  52  32  42   2  23   0    T    M    M 20.4 33 260   M    M   2        42 250
13  63  30  47   6  18   0 0.00  0.0    M  9.5 21 260   M    M   0        26 260
14  67  28  48   7  17   0 0.09    M    M 23.4 44 210   M    M   2 18     57 180
15  38  22  30 -11  35   0 0.04    M    M 18.0 29  50   M    M   8 128    38  50
16  35  26  31 -11  34   0    T    M    M 23.2 36  40   M    M  10 1      46  50
17  39  30  35  -7  30   0 0.06    M    M 18.9 31  50   M    M   9 12     38  50
18  58  31  45   3  20   0    T    M    M 13.4 31  40   M    M   6 1      39  40
================================================================================
SM  919  487       461   0  0.34     0.0 243.2          M       72
================================================================================
AV 51.1 27.1                              13.5 FASTST   M    M   4    MAX(MPH)
                                 MISC ---->  # 44 210               # 57  180
================================================================================
NOTES:
# LAST OF SEVERAL OCCURRENCES

COLUMN 17 PEAK WIND IN M.P.H.

PRELIMINARY LOCAL CLIMATOLOGICAL DATA (WS FORM: F-6) , PAGE 2

                                          STATION:  ROCK SPRINGS WY
                                          MONTH:    APRIL
                                          YEAR:     2015
                                          LATITUDE:   41 35 N
                                          LONGITUDE: 109  4 W

[TEMPERATURE DATA]      [PRECIPITATION DATA]       SYMBOLS USED IN COLUMN 16

AVERAGE MONTHLY: 39.1   TOTAL FOR MONTH:   0.34    1 = FOG OR MIST
DPTR FM NORMAL:  -0.9   DPTR FM NORMAL:   -0.16    2 = FOG REDUCING VISIBILITY
HIGHEST:    67 ON 14    GRTST 24HR  0.15 ON  8- 8      TO 1/4 MILE OR LESS
LOWEST:     17 ON  3                               3 = THUNDER
                        SNOW, ICE PELLETS, HAIL    4 = ICE PELLETS
                        TOTAL MONTH:   0.0 INCH    5 = HAIL
                        GRTST 24HR     0.0         6 = FREEZING RAIN OR DRIZZLE
                        GRTST DEPTH:  M  ON   M    7 = DUSTSTORM OR SANDSTORM:
                                                       VSBY 1/2 MILE OR LESS
                                                   8 = SMOKE OR HAZE
[NO. OF DAYS WITH]      [WEATHER - DAYS WITH]      9 = BLOWING SNOW
                                                   X = TORNADO
MAX 32 OR BELOW:   0    0.01 INCH OR MORE:   4
MAX 90 OR ABOVE:   0    0.10 INCH OR MORE:   1
MIN 32 OR BELOW:  18    0.50 INCH OR MORE:   0
MIN  0 OR BELOW:   0    1.00 INCH OR MORE:   0

[HDD (BASE 65) ]
TOTAL THIS MO.   461    CLEAR  (SCALE 0-3)   9
DPTR FM NORMAL    10    PTCLDY (SCALE 4-7)   7
TOTAL FM JUL 1  6347    CLOUDY (SCALE 8-10)  2
DPTR FM NORMAL  -933

[CDD (BASE 65) ]
TOTAL THIS MO.     0
DPTR FM NORMAL     0    [PRESSURE DATA]
TOTAL FM JAN 1     0    HIGHEST SLP M ON M
DPTR FM NORMAL     0    LOWEST  SLP 29.64 ON 14

[REMARKS]
