000
CXUS53 KMKX 180646
CF6SBM
PRELIMINARY LOCAL CLIMATOLOGICAL DATA (WS FORM: F-6)

                                          STATION:   SHEBOYGAN WI
                                          MONTH:     APRIL
                                          YEAR:      2015
                                          LATITUDE:   43 46 N
                                          LONGITUDE:  87 51 W

  TEMPERATURE IN F:       :PCPN:    SNOW:  WIND      :SUNSHINE: SKY     :PK WND
================================================================================
1   2   3   4   5  6A  6B    7    8   9   10  11  12  13   14  15   16   17  18
                                     12Z  AVG MX 2MIN
DY MAX MIN AVG DEP HDD CDD  WTR  SNW DPTH SPD SPD DIR MIN PSBL S-S WX    SPD DR
================================================================================

 1  54  23  39   1  26   0 0.00  0.0    0  9.6 23 180   M    M   1 1      28 180
 2  64  46  55  16  10   0 0.04    M    M 10.7 22 200   M    M   3 1      28 190
 3  50  20  35  -4  30   0 0.00    M    M  8.4 23  50   M    M   5        27  50
 4  53  19  36  -4  29   0    T    M    M  9.8 28 280   M    M   4 1      37 260
 5  46  30  38  -2  27   0 0.12    M    M  9.2 17  50   M    M   9 1      22  40
 6  44  30  37  -3  28   0 0.01    M    0 14.5 24  40   M    M   5        30  40
 7  42  35  39  -2  26   0 0.54    M    0 18.4 28  50   M    M   9 13     33  40
 8  40  36  38  -3  27   0 0.09    M    0 10.8 17  50   M    M  10 1      20  50
 9  43  36  40  -2  25   0 1.22    M    0  9.7 26 250   M    M  10 123    37 260
10  47  36  42   0  23   0 0.02    M    0 11.5 22 290   M    M   8 1      34 300
11  60  35  48   6  17   0 0.00  0.0    0  7.4 15 170   M    M   0 1      21 260
12  61  33  47   4  18   0 0.00  0.0    0 10.1 25 170   M    M   2 1      34 170
13  64  43  54  11  11   0 0.05  0.0    0 13.3 26 310   M    M   3        37 270
14  64  36  50   7  15   0 0.00  0.0    0  4.4 12 140   M    M   0        15 140
15  59  29  44   0  21   0 0.00  0.0    0  7.6 20  50   M    M   0 1      21  50
16  59  38  49   5  16   0 0.00    M    M  6.3 12 140   M    M   3        13 170
17  67  39  53   9  12   0 0.00    M    M  6.9 15  50   M    M   1        17  50
================================================================================
SM  917  564       361   0  2.09     0.0 168.6          M       73
================================================================================
AV 53.9 33.2                               9.9 FASTST   M    M   4    MAX(MPH)
                                 MISC ---->  # 28 280               # 37  260
================================================================================
NOTES:
# LAST OF SEVERAL OCCURRENCES

COLUMN 17 PEAK WIND IN M.P.H.

PRELIMINARY LOCAL CLIMATOLOGICAL DATA (WS FORM: F-6) , PAGE 2

                                          STATION:  SHEBOYGAN WI
                                          MONTH:    APRIL
                                          YEAR:     2015
                                          LATITUDE:   43 46 N
                                          LONGITUDE:  87 51 W

[TEMPERATURE DATA]      [PRECIPITATION DATA]       SYMBOLS USED IN COLUMN 16

AVERAGE MONTHLY: 43.6   TOTAL FOR MONTH:   2.09    1 = FOG OR MIST
DPTR FM NORMAL:   2.1   DPTR FM NORMAL:    0.67    2 = FOG REDUCING VISIBILITY
HIGHEST:    67 ON 17    GRTST 24HR  1.22 ON  9- 9      TO 1/4 MILE OR LESS
LOWEST:     19 ON  4                               3 = THUNDER
                        SNOW, ICE PELLETS, HAIL    4 = ICE PELLETS
                        TOTAL MONTH:   0.0 INCH    5 = HAIL
                        GRTST 24HR     0.0         6 = FREEZING RAIN OR DRIZZLE
                        GRTST DEPTH:   0           7 = DUSTSTORM OR SANDSTORM:
                                                       VSBY 1/2 MILE OR LESS
                                                   8 = SMOKE OR HAZE
[NO. OF DAYS WITH]      [WEATHER - DAYS WITH]      9 = BLOWING SNOW
                                                   X = TORNADO
MAX 32 OR BELOW:   0    0.01 INCH OR MORE:   8
MAX 90 OR ABOVE:   0    0.10 INCH OR MORE:   3
MIN 32 OR BELOW:   6    0.50 INCH OR MORE:   2
MIN  0 OR BELOW:   0    1.00 INCH OR MORE:   1

[HDD (BASE 65) ]
TOTAL THIS MO.   361    CLEAR  (SCALE 0-3)   9
DPTR FM NORMAL   -39    PTCLDY (SCALE 4-7)   3
TOTAL FM JUL 1  7258    CLOUDY (SCALE 8-10)  5
DPTR FM NORMAL   319

[CDD (BASE 65) ]
TOTAL THIS MO.     0
DPTR FM NORMAL     0    [PRESSURE DATA]
TOTAL FM JAN 1     0    HIGHEST SLP M ON M
DPTR FM NORMAL     0    LOWEST  SLP 29.43 ON  9

[REMARKS]
