000
CXUS56 KSGX 011445
CF6SNA
PRELIMINARY LOCAL CLIMATOLOGICAL DATA (WS FORM: F-6)

                                          STATION:   JOHN WAYNE AIRPORT CA
                                          MONTH:     MARCH
                                          YEAR:      2015
                                          LATITUDE:   33 40 N
                                          LONGITUDE: 117 53 W

  TEMPERATURE IN F:       :PCPN:    SNOW:  WIND      :SUNSHINE: SKY     :PK WND
================================================================================
1   2   3   4   5  6A  6B    7    8   9   10  11  12  13   14  15   16   17  18
                                     12Z  AVG MX 2MIN
DY MAX MIN AVG DEP HDD CDD  WTR  SNW DPTH SPD SPD DIR MIN PSBL S-S WX    SPD DR
================================================================================

 1  65  54  60   2   5   0 0.19  0.0    0  5.3 14 150   M    M   7        18 190
 2  62  50  56  -2   9   0 0.58  0.0    0  5.7 15 220   M    M   6        22 230
 3  69  50  60   2   5   0 0.00  0.0    0  3.2 14 220   M    M   2        18 220
 4  74  50  62   3   3   0 0.00  0.0    0  3.6 14 210   M    M   2        17 220
 5  81  49  65   6   0   0 0.00  0.0    0  2.6 13 220   M    M   1        21  70
 6  90  50  70  11   0   5 0.00  0.0    0  6.0 21  70   M    M   0        28  70
 7  83  56  70  11   0   5 0.00  0.0    0  3.4 14 200   M    M   0        16 210
 8  76  55  66   7   0   1 0.00  0.0    0  5.0 15 200   M    M   2        18 200
 9  72  57  65   6   0   0 0.00  0.0    0  4.3 10 220   M    M   5        15 200
10  81  58  70  11   0   5 0.00  0.0    0  2.3  8 260   M    M   7 8      10 240
11  73  61  67   8   0   2 0.00  0.0    0  2.3 14 200   M    M   5 8      17 210
12  88  54  71  12   0   6 0.00  0.0    0  5.4 22  30   M    M   1        28  40
13  92  58  75  16   0  10 0.00  0.0    0  6.2 22  60   M    M   2        28  30
14  91  61  76  17   0  11 0.00  0.0    0  2.4 12 220   M    M   2        15 220
15  91  65  78  19   0  13 0.00  0.0    0  2.3 10 230   M    M   5        14 270
16  87  63  75  15   0  10 0.00  0.0    0  3.7 13 220   M    M   4        16 220
17  82  61  72  12   0   7 0.00  0.0    0  5.4 17 210   M    M   5        20 210
18  71  61  66   6   0   1 0.00  0.0    0  7.4 18 190   M    M   5        24 210
19  72  59  66   6   0   1 0.00  0.0    0  4.5 13 210   M    M   5 1      16 220
20  74  61  68   8   0   3 0.00  0.0    0  4.0 13 210   M    M   6        17 220
21  70  60  65   5   0   0 0.00  0.0    0  4.5 13 210   M    M   7 18     16 190
22  69  59  64   4   1   0 0.00  0.0    0  4.6 14 210   M    M   7        17 200
23  70  59  65   5   0   0 0.00  0.0    0  4.4 13 210   M    M   4 8      20 230
24  71  57  64   4   1   0 0.00  0.0    0  5.2 14 210   M    M   5        17 220
25  75  58  67   7   0   2 0.00  0.0    0  3.5 15 200   M    M   1        18 190
26  87  59  73  13   0   8 0.00  0.0    0  3.0 15 200   M    M   1        18 190
27  86  60  73  13   0   8 0.00  0.0    0  3.9 12 230   M    M   0        17 220
28  79  57  68   8   0   3    T  0.0    0  4.9 12 200   M    M   3 1      16 210
29  76  60  68   8   0   3 0.00  0.0    0  4.5 13 200   M    M   5 1      17 200
30  75  57  66   6   0   1 0.00  0.0    0  4.7 12 220   M    M   5 18     16 230
31  69  58  64   4   1   0 0.00  0.0    0  5.3 15 210   M    M   5 1      23 200
================================================================================
SM 2401 1777        25 105  0.77     0.0 133.5          M      115
================================================================================
AV 77.5 57.3                               4.3 FASTST   M    M   4    MAX(MPH)
                                 MISC ---->  # 22  30               # 28   70
================================================================================
NOTES:
# LAST OF SEVERAL OCCURRENCES

COLUMN 17 PEAK WIND IN M.P.H.

PRELIMINARY LOCAL CLIMATOLOGICAL DATA (WS FORM: F-6) , PAGE 2

                                          STATION:  JOHN WAYNE AIRPORT CA
                                          MONTH:    MARCH
                                          YEAR:     2015
                                          LATITUDE:   33 40 N
                                          LONGITUDE: 117 53 W

[TEMPERATURE DATA]      [PRECIPITATION DATA]       SYMBOLS USED IN COLUMN 16

AVERAGE MONTHLY: 67.4   TOTAL FOR MONTH:   0.77    1 = FOG OR MIST
DPTR FM NORMAL:   8.0   DPTR FM NORMAL:   -1.13    2 = FOG REDUCING VISIBILITY
HIGHEST:    92 ON 13    GRTST 24HR  0.58 ON  2- 2      TO 1/4 MILE OR LESS
LOWEST:     49 ON  5                               3 = THUNDER
                        SNOW, ICE PELLETS, HAIL    4 = ICE PELLETS
                        TOTAL MONTH:   0.0 INCH    5 = HAIL
                        GRTST 24HR     0.0         6 = FREEZING RAIN OR DRIZZLE
                        GRTST DEPTH:   0           7 = DUSTSTORM OR SANDSTORM:
                                                       VSBY 1/2 MILE OR LESS
                                                   8 = SMOKE OR HAZE
[NO. OF DAYS WITH]      [WEATHER - DAYS WITH]      9 = BLOWING SNOW
                                                   X = TORNADO
MAX 32 OR BELOW:   0    0.01 INCH OR MORE:   2
MAX 90 OR ABOVE:   4    0.10 INCH OR MORE:   2
MIN 32 OR BELOW:   0    0.50 INCH OR MORE:   1
MIN  0 OR BELOW:   0    1.00 INCH OR MORE:   0

[HDD (BASE 65) ]
TOTAL THIS MO.    25    CLEAR  (SCALE 0-3)  13
DPTR FM NORMAL  -156    PTCLDY (SCALE 4-7)  18
TOTAL FM JUL 1   250    CLOUDY (SCALE 8-10)  0
DPTR FM NORMAL  -837

[CDD (BASE 65) ]
TOTAL THIS MO.   105
DPTR FM NORMAL    98    [PRESSURE DATA]
TOTAL FM JAN 1   177    HIGHEST SLP 30.26 ON  5
DPTR FM NORMAL   162    LOWEST  SLP 29.87 ON 16

[REMARKS]
#FINAL-03-15#
