000
CXUS54 KOUN 180800
CF6SWO
PRELIMINARY LOCAL CLIMATOLOGICAL DATA (WS FORM: F-6)

                                          STATION:   STILLWATER
                                          MONTH:     APRIL
                                          YEAR:      2015
                                          LATITUDE:   36 10 N
                                          LONGITUDE:  97  5 W

  TEMPERATURE IN F:       :PCPN:    SNOW:  WIND      :SUNSHINE: SKY     :PK WND
================================================================================
1   2   3   4   5  6A  6B    7    8   9   10  11  12  13   14  15   16   17  18
                                     12Z  AVG MX 2MIN
DY MAX MIN AVG DEP HDD CDD  WTR  SNW DPTH SPD SPD DIR MIN PSBL S-S WX    SPD DR
================================================================================

 1  86  58  72  17   0   7 0.05  0.0    0 13.9 28 170   M    M   2        37 230
 2  88  64  76  21   0  11    T  0.0    0  8.3 20 180   M    M   0        28 170
 3  69  38  54  -2  11   0    T  0.0    0 17.7 33  20   M    M   4        42  20
 4  67  27  47  -9  18   0 0.00  0.0    0  7.0 16 160   M    M   0        21 160
 5  56  46  51  -5  14   0 0.03  0.0    0 14.8 23 170   M    M  10 1      29 150
 6  84  53  69  13   0   4 0.00  0.0    0 14.6 24 180   M    M   6 1      31 180
 7  91  67  79  22   0  14 0.00  0.0    0 13.0 23 180   M    M   0        28 180
 8  83  69  76  19   0  11 0.03  0.0    0 14.0 29 180   M    M   2 38     36 180
 9  75  42  59   1   6   0 0.00  0.0    0 16.0 31 200   M    M   2        40 210
10  72  32  52  -6  13   0 0.00  0.0    0  4.9  9 130   M    M   0        13 150
11  68  53  61   3   4   0 0.05  0.0    0  9.1 21 150   M    M   8 8      26 170
12  84  60  72  14   0   7 0.00  0.0    0 14.9 25 170   M    M   7        30 180
13  69  53  61   2   4   0 1.08  0.0    0 11.5 22 350   M    M   8 13     29  50
14  58  49  54  -5  11   0 0.36  0.0    0  8.7 20  60   M    M  10 18     25  70
15  73  53  63   4   2   0 0.00  0.0    0  6.9 16 150   M    M   7        21 150
16  81  52  67   7   0   2 0.00  0.0    0  9.9 24 160   M    M   1        30 140
17  72  57  65   5   0   0 0.22  0.0    0  7.1 18 270   M    M   5 1      26 270
================================================================================
SM 1276  873        83  56  1.82     0.0 192.3          M       72
================================================================================
AV 75.1 51.4                              11.3 FASTST   M    M   4    MAX(MPH)
                                 MISC ---->  # 33  20               # 42   20
================================================================================
NOTES:
# LAST OF SEVERAL OCCURRENCES

COLUMN 17 PEAK WIND IN M.P.H.

PRELIMINARY LOCAL CLIMATOLOGICAL DATA (WS FORM: F-6) , PAGE 2

                                          STATION:  STILLWATER
                                          MONTH:    APRIL
                                          YEAR:     2015
                                          LATITUDE:   36 10 N
                                          LONGITUDE:  97  5 W

[TEMPERATURE DATA]      [PRECIPITATION DATA]       SYMBOLS USED IN COLUMN 16

AVERAGE MONTHLY: 63.2   TOTAL FOR MONTH:   1.82    1 = FOG OR MIST
DPTR FM NORMAL:   5.7   DPTR FM NORMAL:   -0.36    2 = FOG REDUCING VISIBILITY
HIGHEST:    91 ON  7    GRTST 24HR  1.08 ON 13-13      TO 1/4 MILE OR LESS
LOWEST:     27 ON  4                               3 = THUNDER
                        SNOW, ICE PELLETS, HAIL    4 = ICE PELLETS
                        TOTAL MONTH:   0.0 INCH    5 = HAIL
                        GRTST 24HR     0.0         6 = FREEZING RAIN OR DRIZZLE
                        GRTST DEPTH:   0           7 = DUSTSTORM OR SANDSTORM:
                                                       VSBY 1/2 MILE OR LESS
                                                   8 = SMOKE OR HAZE
[NO. OF DAYS WITH]      [WEATHER - DAYS WITH]      9 = BLOWING SNOW
                                                   X = TORNADO
MAX 32 OR BELOW:   0    0.01 INCH OR MORE:   7
MAX 90 OR ABOVE:   1    0.10 INCH OR MORE:   3
MIN 32 OR BELOW:   2    0.50 INCH OR MORE:   1
MIN  0 OR BELOW:   0    1.00 INCH OR MORE:   1

[HDD (BASE 65) ]
TOTAL THIS MO.    83    CLEAR  (SCALE 0-3)   8
DPTR FM NORMAL   -67    PTCLDY (SCALE 4-7)   6
TOTAL FM JUL 1  3535    CLOUDY (SCALE 8-10)  3
DPTR FM NORMAL  -144

[CDD (BASE 65) ]
TOTAL THIS MO.    56
DPTR FM NORMAL    32    [PRESSURE DATA]
TOTAL FM JAN 1    60    HIGHEST SLP M ON M
DPTR FM NORMAL    26    LOWEST  SLP 29.59 ON  9

[REMARKS]
