000
CXUS55 KBOI 181002
CF6TWF
PRELIMINARY LOCAL CLIMATOLOGICAL DATA (WS FORM: F-6)

                                          STATION:   TWIN FALLS ID
                                          MONTH:     APRIL
                                          YEAR:      2015
                                          LATITUDE:   42 28 N
                                          LONGITUDE: 114 29 W

  TEMPERATURE IN F:       :PCPN:    SNOW:  WIND      :SUNSHINE: SKY     :PK WND
================================================================================
1   2   3   4   5  6A  6B    7    8   9   10  11  12  13   14  15   16   17  18
                                     12Z  AVG MX 2MIN
DY MAX MIN AVG DEP HDD CDD  WTR  SNW DPTH SPD SPD DIR MIN PSBL S-S WX    SPD DR
================================================================================

 1  51  32  42  -3  23   0 0.00    M    M 17.2 29 250   M    M   1        36 260
 2  52  27  40  -5  25   0 0.00    M    M 15.9 29 260   M    M   0        47 260
 3  60  25  43  -3  22   0 0.00    M    M  9.0 24 160   M    M   0        29 160
 4  59  40  50   4  15   0 0.00    M    M 11.4 25 160   M    M   1 8      30 150
 5  52  38  45  -1  20   0    T    M    M  6.7 16 250   M    M   6        27 100
 6  55  33  44  -2  21   0 0.02    M    M 10.7 23 260   M    M   4        32 290
 7  60  31  46   0  19   0    T    M    M  9.6 21 220   M    M   4        27 220
 8  50  37  44  -2  21   0 0.06    M    M 15.8 23 240   M    M   9 1      28 230
 9  59  34  47   1  18   0 0.00    M    M  6.5 17 230   M    M   4        23 230
10  66  31  49   2  16   0 0.00    M    M  7.2 15 180   M    M   0        18 180
11  64  41  53   6  12   0 0.12    M    M 17.9 33 290   M    M   3 1      44 280
12  56  32  44  -3  21   0 0.00    M    M 11.6 20 260   M    M   1        25 260
13  79  30  55   8  10   0 0.00    M    M 10.7 25 150   M    M   0        30 150
14  61  34  48   0  17   0 0.01    M    M 25.8 40 260   M    M   4 12     51 270
15  54  30  42  -6  23   0 0.00    M    M 23.6 37 270   M    M   3        45 270
16  59  32  46  -2  19   0 0.00    M    M  8.8 16 190   M    M   2        20 190
17  69  36  53   5  12   0 0.00    M    M 11.2 18 260   M    M   0        23 210
================================================================================
SM 1006  563       314   0  0.21    M    219.6          M       42
================================================================================
AV 59.2 33.1                              12.9 FASTST   M    M   2    MAX(MPH)
                                 MISC ---->  # 40 260               # 51  270
================================================================================
NOTES:
# LAST OF SEVERAL OCCURRENCES

COLUMN 17 PEAK WIND IN M.P.H.

PRELIMINARY LOCAL CLIMATOLOGICAL DATA (WS FORM: F-6) , PAGE 2

                                          STATION:  TWIN FALLS ID
                                          MONTH:    APRIL
                                          YEAR:     2015
                                          LATITUDE:   42 28 N
                                          LONGITUDE: 114 29 W

[TEMPERATURE DATA]      [PRECIPITATION DATA]       SYMBOLS USED IN COLUMN 16

AVERAGE MONTHLY: 46.1   TOTAL FOR MONTH:   0.21    1 = FOG OR MIST
DPTR FM NORMAL:  -0.4   DPTR FM NORMAL:   -0.41    2 = FOG REDUCING VISIBILITY
HIGHEST:    79 ON 13    GRTST 24HR  0.12 ON 11-11      TO 1/4 MILE OR LESS
LOWEST:     25 ON  3                               3 = THUNDER
                        SNOW, ICE PELLETS, HAIL    4 = ICE PELLETS
                        TOTAL MONTH:    M          5 = HAIL
                        GRTST 24HR    M  ON   M    6 = FREEZING RAIN OR DRIZZLE
                        GRTST DEPTH:  M  ON   M    7 = DUSTSTORM OR SANDSTORM:
                                                       VSBY 1/2 MILE OR LESS
                                                   8 = SMOKE OR HAZE
[NO. OF DAYS WITH]      [WEATHER - DAYS WITH]      9 = BLOWING SNOW
                                                   X = TORNADO
MAX 32 OR BELOW:   0    0.01 INCH OR MORE:   4
MAX 90 OR ABOVE:   0    0.10 INCH OR MORE:   1
MIN 32 OR BELOW:   9    0.50 INCH OR MORE:   0
MIN  0 OR BELOW:   0    1.00 INCH OR MORE:   0

[HDD (BASE 65) ]
TOTAL THIS MO.   314    CLEAR  (SCALE 0-3)   9
DPTR FM NORMAL     1    PTCLDY (SCALE 4-7)   7
TOTAL FM JUL 1  4497    CLOUDY (SCALE 8-10)  1
DPTR FM NORMAL -1105

[CDD (BASE 65) ]
TOTAL THIS MO.     0
DPTR FM NORMAL     0    [PRESSURE DATA]
TOTAL FM JAN 1     0    HIGHEST SLP M ON M
DPTR FM NORMAL     0    LOWEST  SLP 29.61 ON 13

[REMARKS]
