000
CXUS55 KSEW 180945
CF6UIL

PRELIMINARY LOCAL CLIMATOLOGICAL DATA (WS FORM: F-6)

                                          STATION:   QUILLAYUTE WA AIRPORT
                                          MONTH:     APRIL
                                          YEAR:      2015
                                          LATITUDE:   47 57 N
                                          LONGITUDE: 124 33 W

  TEMPERATURE IN F:       :PCPN:    SNOW:  WIND      :SUNSHINE: SKY     :PK WND
================================================================================
1   2   3   4   5  6A  6B    7    8   9   10  11  12  13   14  15   16   17  18
                                     12Z  AVG MX 2MIN
DY MAX MIN AVG DEP HDD CDD  WTR  SNW DPTH SPD SPD DIR MIN PSBL S-S WX    SPD DR
================================================================================

 1  52  38  45   0  20   0 0.07  0.0    0  5.2 14 260   M    M   7 1      20 280
 2  55  39  47   2  18   0 0.08  0.0    0  4.6 14 220   M    M   6 12     19 190
 3  50  40  45  -1  20   0 0.92  0.0    0  6.0 14 220   M    M   8 1      19 150
 4  48  38  43  -3  22   0 0.39  0.0    0  6.8 16 150   M    M   7 13     24 130
 5  57  35  46   0  19   0    T  0.0    0  4.8 15  60   M    M   4        20  50
 6  56  38  47   1  18   0    T  0.0    0  4.1 13 240   M    M   6        16 250
 7  63  35  49   3  16   0 0.00  0.0    0  5.3 15 320   M    M   1        21 330
 8  58  34  46   0  19   0 0.00  0.0    0  4.3 14 260   M    M   2 1      18 260
 9  61  31  46   0  19   0 0.00  0.0    0  2.4 13 240   M    M   1 1      16 270
10  51  36  44  -2  21   0 1.36  0.0    0  5.8 18 270   M    M   7 1      25 170
11  51  37  44  -2  21   0 0.31  0.0    0  5.4 20 250   M    M   6 1      27 300
12  53  37  45  -1  20   0 0.13  0.0    0  5.3 17 210   M    M   6 1      23 210
13  44  36  40  -6  25   0 0.86  0.0    0  3.9 17 250   M    M   9 12     23 250
14  53  35  44  -2  21   0 0.05  0.0    0  5.9 17 270   M    M   7 1      24 270
15  56  35  46   0  19   0 0.02  0.0    0  4.8 14 270   M    M   2 1      20 230
16  62  33  48   1  17   0 0.00  0.0    0  5.6 16 290   M    M   0 1      22 290
17  61  42  52   5  13   0 0.00  0.0    0  4.9 15 290   M    M   4 1      21 280
================================================================================
SM  931  619       328   0  4.19     0.0  85.1          M       83
================================================================================
AV 54.8 36.4                               5.0 FASTST   M    M   5    MAX(MPH)
                                 MISC ---->  # 20 250               # 27  300
================================================================================
NOTES:
# LAST OF SEVERAL OCCURRENCES

COLUMN 17 PEAK WIND IN M.P.H.

PRELIMINARY LOCAL CLIMATOLOGICAL DATA (WS FORM: F-6) , PAGE 2

                                          STATION:  QUILLAYUTE WA AIRPORT
                                          MONTH:    APRIL
                                          YEAR:     2015
                                          LATITUDE:   47 57 N
                                          LONGITUDE: 124 33 W

[TEMPERATURE DATA]      [PRECIPITATION DATA]       SYMBOLS USED IN COLUMN 16

AVERAGE MONTHLY: 45.6   TOTAL FOR MONTH:   4.19    1 = FOG OR MIST
DPTR FM NORMAL:  -0.4   DPTR FM NORMAL:   -0.60    2 = FOG REDUCING VISIBILITY
HIGHEST:    63 ON  7    GRTST 24HR  1.59 ON 10-11      TO 1/4 MILE OR LESS
LOWEST:     31 ON  9                               3 = THUNDER
                        SNOW, ICE PELLETS, HAIL    4 = ICE PELLETS
                        TOTAL MONTH:   0.0 INCH    5 = HAIL
                        GRTST 24HR     0.0         6 = FREEZING RAIN OR DRIZZLE
                        GRTST DEPTH:   0           7 = DUSTSTORM OR SANDSTORM:
                                                       VSBY 1/2 MILE OR LESS
                                                   8 = SMOKE OR HAZE
[NO. OF DAYS WITH]      [WEATHER - DAYS WITH]      9 = BLOWING SNOW
                                                   X = TORNADO
MAX 32 OR BELOW:   0    0.01 INCH OR MORE:  10
MAX 90 OR ABOVE:   0    0.10 INCH OR MORE:   6
MIN 32 OR BELOW:   1    0.50 INCH OR MORE:   3
MIN  0 OR BELOW:   0    1.00 INCH OR MORE:   1

[HDD (BASE 65) ]
TOTAL THIS MO.   328    CLEAR  (SCALE 0-3)   5
DPTR FM NORMAL     4    PTCLDY (SCALE 4-7)  11
TOTAL FM JUL 1  3776    CLOUDY (SCALE 8-10)  1
DPTR FM NORMAL -1041

[CDD (BASE 65) ]
TOTAL THIS MO.     0
DPTR FM NORMAL     0    [PRESSURE DATA]
TOTAL FM JAN 1     0    HIGHEST SLP M ON M
DPTR FM NORMAL     0    LOWEST  SLP 29.66 ON  5

[REMARKS]
