000
CXUS53 KABR 051448
CLA8D3

FSDCLMSIS 000
TTAA00 KABR 051448


CLIMATE REPORT
NATIONAL WEATHER SERVICE ABERDEEN SD
848 AM CST MON JAN 5 2015

...................................

...THE SISSETON SD CLIMATE SUMMARY FOR THE YEAR OF 2014...

CLIMATE NORMAL PERIOD 1981 TO 2010
CLIMATE RECORD PERIOD 1900 TO 2014

WEATHER         OBSERVED          NORMAL  DEPART  LAST YEAR`S
                 VALUE   DATE(S)  VALUE   FROM    VALUE  DATE(S)
                                          NORMAL
................................................................
TEMPERATURE (F)
RECORD
 HIGH             113   07/06/1936
                        05/30/1934
 LOW              -37   01/24/1936
HIGHEST            93   05/30        MM      MM       96  08/29
LOWEST            -24   01/02        MM      MM      -23  02/20
AVG. MAXIMUM     52.0              54.5    -2.5     51.1
AVG. MINIMUM     31.2              33.0    -1.8     30.4
MEAN             41.6              43.7    -2.1     40.7
DAYS MAX >= 90      1              10.3    -9.3       14
DAYS MAX <= 32     93              77.9    15.1      111
DAYS MIN <= 32    175             168.3     6.7      193
DAYS MIN <= 0      48              33.0    15.0       52

PRECIPITATION (INCHES)
RECORD
 MAXIMUM        33.48   2005
 MINIMUM         8.77   1976
TOTALS          23.70             22.33    1.37    28.57
DAILY AVG.       0.07
DAYS >= .01       100                MM      MM      114
DAYS >= .10        43                MM      MM       54
DAYS >= .50        10                MM      MM       19
DAYS >= 1.00        4                MM      MM        6

SNOWFALL (INCHES)
RECORDS
 TOTAL             MM   MM
TOTALS           37.8                MM      MM     63.4
SINCE 7/1        13.1                MM      MM     13.1

DEGREE_DAYS
HEATING TOTAL    8821              8285     536     9346
 SINCE 7/1         MM              3339      MM       MM
COOLING TOTAL     442               527     -85      625
 SINCE 1/1        442               527     -85      625
.................................................................

WIND (MPH)
AVERAGE WIND SPEED              11.6
HIGHEST WIND SPEED/DIRECTION    58/360    DATE  03/31
HIGHEST GUST SPEED/DIRECTION    66/320    DATE  07/21



-  INDICATES NEGATIVE NUMBERS.
R  INDICATES RECORD WAS SET OR TIED.
MM INDICATES DATA IS MISSING.
T  INDICATES TRACE AMOUNT.

$$
