000
CDUS41 KBTV 180541
CLI1V4


CLIMATE REPORT
NATIONAL WEATHER SERVICE BURLINGTON VT
140 AM EDT SAT APR 18 2015


...................................

...THE ST. JOHNSBURY VT CLIMATE SUMMARY FOR APRIL 17 2015...

CLIMATE NORMAL PERIOD 1981 TO 2010
CLIMATE RECORD PERIOD 1894 TO 2015


WEATHER ITEM   OBSERVED TIME   RECORD YEAR NORMAL DEPARTURE LAST
                VALUE   (LST)  VALUE       VALUE  FROM      YEAR
                                                  NORMAL
..................................................................
TEMPERATURE (F)
 YESTERDAY
  MAXIMUM         65        MM  88    2002  57      8       47
  MINIMUM         41        MM  11    1904  33      8       17
  AVERAGE         53                        45      8       32

PRECIPITATION (IN)
  YESTERDAY        0.12          1.30 1996   0.10   0.02     0.00
  MONTH TO DATE    1.28                      1.58  -0.30     2.48
  SINCE MAR 1      2.65                      4.09  -1.44     5.35
  SINCE JAN 1      7.21                      8.77  -1.56    10.48

DEGREE DAYS
 HEATING
  YESTERDAY       12                        20     -8       33
  MONTH TO DATE  434                       399     35      419
  SINCE MAR 1   1708                      1475    233     1840
  SINCE JUL 1   7773                      7199    574     7872

 COOLING
  YESTERDAY        0                         0      0        0
  MONTH TO DATE    0                         0      0        0
  SINCE MAR 1      0                         0      0        0
  SINCE JAN 1      0                         0      0        0
..................................................................


WIND (MPH)
  HIGHEST WIND SPEED    MM   HIGHEST WIND DIRECTION    MM
  HIGHEST GUST SPEED    MM   HIGHEST GUST DIRECTION    MM
  AVERAGE WIND SPEED    MM


SKY COVER
  AVERAGE SKY COVER 0.0


WEATHER CONDITIONS
 THE FOLLOWING WEATHER WAS RECORDED YESTERDAY.
  NO SIGNIFICANT WEATHER WAS OBSERVED.


RELATIVE HUMIDITY (PERCENT)
 HIGHEST    96           800 AM
 LOWEST     32           100 AM
 AVERAGE    64

..........................................................


THE ST. JOHNSBURY VT CLIMATE NORMALS FOR TODAY
                         NORMAL    RECORD    YEAR
 MAXIMUM TEMPERATURE (F)   58        87      1976
 MINIMUM TEMPERATURE (F)   34        18      1985


SUNRISE AND SUNSET
APRIL 18 2015.........SUNRISE   600 AM EDT   SUNSET   736 PM EDT
APRIL 19 2015.........SUNRISE   558 AM EDT   SUNSET   737 PM EDT


-  INDICATES NEGATIVE NUMBERS.
R  INDICATES RECORD WAS SET OR TIED.
MM INDICATES DATA IS MISSING.
T  INDICATES TRACE AMOUNT.




$$
