000
CDUS43 KABR 070055
CLIABR


CLIMATE REPORT
NATIONAL WEATHER SERVICE ABERDEEN SD
755 PM CDT WED MAY 6 2015


...................................

...THE ABERDEEN SD CLIMATE SUMMARY FOR MAY 6 2015...
VALID TODAY AS OF 0500 PM LOCAL TIME.

CLIMATE NORMAL PERIOD 1981 TO 2010
CLIMATE RECORD PERIOD 1893 TO 2015


WEATHER ITEM   OBSERVED TIME   RECORD YEAR NORMAL DEPARTURE LAST
                VALUE   (LST)  VALUE       VALUE  FROM      YEAR
                                                  NORMAL
..................................................................
TEMPERATURE (F)
 TODAY
  MAXIMUM         69    429 PM  92    1916  66      3       66
  MINIMUM         60    635 AM  23    1931  40     20       45
  AVERAGE         65                        53     12       56

PRECIPITATION (IN)
  TODAY            0.66R         0.65 1924   0.10   0.56      T
  MONTH TO DATE    0.71                      0.61   0.10     0.01
  SINCE MAR 1      1.49                      3.62  -2.13     2.82
  SINCE JAN 1      2.54                      4.64  -2.10     3.26

DEGREE DAYS
 COOLING
  TODAY            0                         0      0        0
  MONTH TO DATE    0                         0      0        0
  SINCE MAR 1      0                         2     -2        0
  SINCE JAN 1      0                         2     -2        0
..................................................................


WIND (MPH)
  HIGHEST WIND SPEED    31   HIGHEST WIND DIRECTION     S (170)
  HIGHEST GUST SPEED    37   HIGHEST GUST DIRECTION     S (160)
  AVERAGE WIND SPEED    11.9


SKY COVER
  POSSIBLE SUNSHINE  MM
  AVERAGE SKY COVER 0.5


WEATHER CONDITIONS
 THE FOLLOWING WEATHER WAS RECORDED TODAY.
  HEAVY RAIN
  RAIN
  LIGHT RAIN
  FOG
  HAZE


RELATIVE HUMIDITY (PERCENT)
 HIGHEST    93          1200 PM
 LOWEST     84          1200 AM
 AVERAGE    89

..........................................................


THE ABERDEEN SD CLIMATE NORMALS FOR TOMORROW
                         NORMAL    RECORD    YEAR
 MAXIMUM TEMPERATURE (F)   66        94      1928
                                             1916
 MINIMUM TEMPERATURE (F)   41        24      1982


SUNRISE AND SUNSET
MAY  6 2015...........SUNRISE   615 AM CDT   SUNSET   846 PM CDT
MAY  7 2015...........SUNRISE   614 AM CDT   SUNSET   848 PM CDT


-  INDICATES NEGATIVE NUMBERS.
R  INDICATES RECORD WAS SET OR TIED.
MM INDICATES DATA IS MISSING.
T  INDICATES TRACE AMOUNT.




$$
