000
CDUS43 KABR 012229
CLIABR


CLIMATE REPORT
NATIONAL WEATHER SERVICE ABERDEEN SD
529 PM CDT WED APR 1 2015


...................................

...THE ABERDEEN SD CLIMATE SUMMARY FOR APRIL 1 2015...
VALID TODAY AS OF 0500 PM LOCAL TIME.

CLIMATE NORMAL PERIOD 1981 TO 2010
CLIMATE RECORD PERIOD 1893 TO 2015


WEATHER ITEM   OBSERVED TIME   RECORD YEAR NORMAL DEPARTURE LAST
                VALUE   (LST)  VALUE       VALUE  FROM      YEAR
                                                  NORMAL
..................................................................
TEMPERATURE (F)
 TODAY
  MAXIMUM         72    234 PM  80    1928  49     23       28
  MINIMUM         49    401 AM   0    1899  26     23        6
  AVERAGE         61                        37     24       17

PRECIPITATION (IN)
  TODAY            0.00          1.00 1903   0.04  -0.04      T
                                      1895
  MONTH TO DATE    0.00                      0.04  -0.04      T
  SINCE MAR 1      0.23                      1.20  -0.97     0.77
  SINCE JAN 1      1.28                      2.22  -0.94     1.21

SNOWFALL (IN)
  TODAY            0.0
  MONTH TO DATE    0.0
  SINCE OCT 1     20.2
  SINCE JUL 1     20.2
  SNOW DEPTH       0

DEGREE DAYS
 HEATING
  TODAY            4                        28    -24       48
  MONTH TO DATE    4                        28    -24       48
  SINCE MAR 1    929                      1116   -187     1270
  SINCE JUL 1   7197                      7579   -382     8429

 COOLING
  TODAY            0                         0      0        0
  MONTH TO DATE    0                         0      0        0
  SINCE MAR 1      0                         0      0        0
  SINCE JAN 1      0                         0      0        0
..................................................................


WIND (MPH)
  HIGHEST WIND SPEED    32   HIGHEST WIND DIRECTION    NW (320)
  HIGHEST GUST SPEED    42   HIGHEST GUST DIRECTION    NW (310)
  AVERAGE WIND SPEED    16.6


SKY COVER
  POSSIBLE SUNSHINE  MM
  AVERAGE SKY COVER 0.0


WEATHER CONDITIONS
 THE FOLLOWING WEATHER WAS RECORDED TODAY.
  NO SIGNIFICANT WEATHER WAS OBSERVED.


RELATIVE HUMIDITY (PERCENT)
 HIGHEST    54           400 AM
 LOWEST     26          1100 AM
 AVERAGE    40

..........................................................


THE ABERDEEN SD CLIMATE NORMALS FOR TOMORROW
                         NORMAL    RECORD    YEAR
 MAXIMUM TEMPERATURE (F)   49        84      1921
 MINIMUM TEMPERATURE (F)   26         3      1975
                                             1899


SUNRISE AND SUNSET
APRIL  1 2015.........SUNRISE   714 AM CDT   SUNSET   802 PM CDT
APRIL  2 2015.........SUNRISE   713 AM CDT   SUNSET   803 PM CDT


-  INDICATES NEGATIVE NUMBERS.
R  INDICATES RECORD WAS SET OR TIED.
MM INDICATES DATA IS MISSING.
T  INDICATES TRACE AMOUNT.

&&

PEAK WIND WAS 42 MPH FROM THE NORTHWEST AT 116 PM

$$
