000
CDAK48 PADQ 182329
CLIADQ

CLIMATE REPORT
NATIONAL WEATHER SERVICE KODIAK, AK
329 PM AKDT SAT APR 18 2015

...................................
...THE KODIAK AP CLIMATE SUMMARY FOR APRIL 18 2015...
VALID TODAY AS OF 2:00 PM LOCAL TIME

CLIMATE NORMAL PERIOD  1981 TO  2010
CLIMATE RECORD PERIOD  1949 TO  2015

WEATHER ITEM   OBSERVED TIME    RECORD YEAR NORMAL DEPARTURE LAST
               VALUE    (LST)   VALUE       VALUE  FROM      YEAR
                                                   NORMAL
...................................................................
TEMPERATURE
TODAY
 MAXIMUM            44  0159 PM    64  1965     43       1     43
 MINIMUM            41  0755 AM    20  1982     33       8     32
 AVERAGE            43                          38       5     38

PRECIPITATION
(INCHES)
 TODAY            0.12           0.88  1957   0.20   -0.08   0.21
 MONTH TO DATE    3.68                        3.56    0.12   4.49
 SINCE MAR 1     11.21                        9.09    2.12   8.45
 SINCE JAN 1     30.13                       23.52    6.61  29.70

SNOWFALL
(INCHES)
 TODAY             0.0            1.1  1976    0.2    -0.2    0.2
 MONTH TO DATE     2.5                         6.3    -3.8    0.9
 SINCE MAR 1       4.0                        17.6   -13.6   12.4
 SINCE JUL 1      19.4                        67.0   -47.6   43.4
 SNOW DEPTH (IN)     0                                          0

DEGREE DAYS
 HEATING
  TODAY             22                          27      -5     27
  MONTH TO DATE    493                         518     -25    496
  SINCE MAR 1     1369                        1516    -147   1466
  SINCE JUL 1     6287                        7389   -1102   6752

 COOLING
  TODAY              0                           0       0      0
  MONTH TO DATE      0                           0       0      0
  SINCE MAR 1        0                           0       0      0
  SINCE JAN 1        0                           0       0      0
...................................................................

WIND (MPH)
 HIGHEST WIND SPEED    22     HIGHEST WIND DIRECTION    110
 HIGHEST GUST SPEED    25     HIGHEST GUST DIRECTION    100
 AVERAGE WIND SPEED    MM

SKY COVER
  POSSIBLE SUNSHINE  MM            AVERAGE SKY COVER MM

WEATHER CONDITIONS
 THE FOLLOWING WEATHER WAS RECORDED TODAY.
FOG
RAIN


RELATIVE HUMIDITY
 HIGHEST RH     MM PERCENT       MM
 LOWEST  RH     MM PERCENT       MM
 AVERAGE RH     MM PERCENT       MM
...................................................................

THE KODIAK CLIMATE NORMALS FOR TOMORROW
                        NORMAL    RECORD   YEAR
 MAXIMUM TEMPERATURE      44        64     1965
 MINIMUM TEMPERATURE      33        23     1972

SUNRISE AND SUNSET
 APR 18 2015..........SUNRISE  6:52 AM      SUNSET  9:29 PM
 APR 19 2015..........SUNRISE  6:50 AM      SUNSET  9:31 PM

-  INDICATES NEGATIVE NUMBERS.
R  INDICATES RECORD HAS BEEN SET OR TIED.
MM INDICATES DATA IS MISSING.
T  INDICATES TRACE OF PRECIPITATION.

&&
-------------------------------------------------------------------

AMOUNT OF DAYLIGHT TODAY  (HOUR:MIN)........14 HOURS 37 MINUTES
GAIN/LOSS SINCE YESTERDAY (HOUR:MIN:SEC)....+0:04:52

$$
*** APR 15
