000
CDAK48 PABE 041209
CLIBET

CLIMATE REPORT
NATIONAL WEATHER SERVICE BETHEL, AK
409 AM AKDT MON MAY 4 2015

...................................
...THE BETHEL AP CLIMATE SUMMARY FOR MAY 3 2015...

CLIMATE NORMAL PERIOD  1981 TO  2010
CLIMATE RECORD PERIOD  1923 TO  2015

WEATHER ITEM   OBSERVED TIME    RECORD YEAR NORMAL DEPARTURE LAST
               VALUE    (LST)   VALUE       VALUE  FROM      YEAR
                                                   NORMAL
...................................................................
TEMPERATURE
YESTERDAY
 MAXIMUM            50  0721 PM    63  2004     45       5     54
 MINIMUM            30  0848 AM     4  1965     28       2     34
 AVERAGE            40                          37       3     44

PRECIPITATION
(INCHES)
 YESTERDAY        0.11            2.2  1947   0.03    0.08   0.00
 MONTH TO DATE    0.11                        0.10    0.01   0.00
 SINCE MAR 1      1.67                        1.55    0.12   0.82
 SINCE JAN 1      2.71                        3.05   -0.34   2.40

SNOWFALL
(INCHES)
 YESTERDAY           T            1.0  1968    0.1    -0.1    0.0
 MONTH TO DATE       T                         0.3    -0.3    0.0
 SINCE MAR 1      16.6                        14.2     2.4    5.7
 SINCE JUL 1      42.1                        60.0   -17.9   27.8
 SNOW DEPTH (IN)     0                                          0

DEGREE DAYS
 HEATING
  YESTERDAY         25                          28      -3     21
  MONTH TO DATE     77                          86      -9     60
  SINCE MAR 1     2481                        2772    -291   2605
  SINCE JUL 1    10256                       11518   -1262  10080

 COOLING
  YESTERDAY          0                           0       0      0
  MONTH TO DATE      0                           0       0      0
  SINCE MAR 1        0                           0       0      0
  SINCE JAN 1        0                           0       0      0
...................................................................

WIND (MPH)
 HIGHEST WIND SPEED    15     HIGHEST WIND DIRECTION    320
 HIGHEST GUST SPEED    18     HIGHEST GUST DIRECTION    320
 AVERAGE WIND SPEED   8.2

SKY COVER
  POSSIBLE SUNSHINE    MM          AVERAGE SKY COVER     MM

WEATHER CONDITIONS
 THE FOLLOWING WEATHER WAS RECORDED YESTERDAY.
 HAZE
 FOG
 SLEET
 RAIN
 SNOW
 FREEZING RAIN
 ICE PELLETS

...................................................................

THE BETHEL CLIMATE NORMALS FOR TODAY
                           NORMAL    RECORD   YEAR
 MAXIMUM TEMPERATURE (F)     45        59     2004
 MINIMUM TEMPERATURE (F)     29         4     1949

SUNRISE AND SUNSET
 MAY 4 2015..........SUNRISE  6:33 AM      SUNSET 10:58 PM
 MAY 5 2015..........SUNRISE  6:30 AM      SUNSET 11:01 PM

-  INDICATES NEGATIVE NUMBERS.
R  INDICATES RECORD HAS BEEN SET OR TIED.
MM INDICATES DATA IS MISSING.
T  INDICATES TRACE OF PRECIPITATION.

&&
-------------------------------------------------------------------

AMOUNT OF DAYLIGHT TODAY  (HOUR:MIN)........16 HOURS 25 MINUTES
GAIN SINCE YESTERDAY (HOUR:MIN:SEC)....+0:05:22

$$
CR MAY 15
