000
CDUS41 KCTP 030627
CLIBFD


CLIMATE REPORT
NATIONAL WEATHER SERVICE STATE COLLEGE PA
226 AM EDT SUN MAY 3 2015


...................................

...THE BRADFORD CLIMATE SUMMARY FOR MAY 2 2015...

CLIMATE NORMAL PERIOD 1981 TO 2010
CLIMATE RECORD PERIOD 1957 TO 2015


WEATHER ITEM   OBSERVED TIME   RECORD YEAR NORMAL DEPARTURE LAST
                VALUE   (LST)  VALUE       VALUE  FROM      YEAR
                                                  NORMAL
..................................................................
TEMPERATURE (F)
 YESTERDAY
  MAXIMUM         70    349 PM  80    2001  62      8       51
  MINIMUM         33    500 AM  22    1979  37     -4       44
  AVERAGE         52                        49      3       48

PRECIPITATION (IN)
  YESTERDAY        0.00          1.02 1983   0.12  -0.12      T
  MONTH TO DATE    0.00                      0.24  -0.24     0.06
  SINCE MAR 1      6.57                      7.16  -0.59     6.32
  SINCE JAN 1      9.41                     12.80  -3.39     9.85

DEGREE DAYS
 HEATING
  YESTERDAY       13                        11      2       17
  MONTH TO DATE   28                        22      6       30
  SINCE MAR 1   1817                      1703    114     1815
  SINCE JUL 1   7716                      7273    443     7481

 COOLING
  YESTERDAY        0                         0      0        0
  MONTH TO DATE    0                         0      0        0
  SINCE MAR 1      0                         2     -2        2
  SINCE JAN 1      0                         2     -2        2
..................................................................


WIND (MPH)
  HIGHEST WIND SPEED    18   HIGHEST WIND DIRECTION    NW (320)
  HIGHEST GUST SPEED    26   HIGHEST GUST DIRECTION    NW (320)
  AVERAGE WIND SPEED     4.9


SKY COVER
  POSSIBLE SUNSHINE  MM
  AVERAGE SKY COVER 0.1


WEATHER CONDITIONS
 THE FOLLOWING WEATHER WAS RECORDED YESTERDAY.
  NO SIGNIFICANT WEATHER WAS OBSERVED.


RELATIVE HUMIDITY (PERCENT)
 HIGHEST    96           300 AM
 LOWEST     19           600 PM
 AVERAGE    58

..........................................................


THE BRADFORD CLIMATE NORMALS FOR TODAY
                         NORMAL    RECORD    YEAR
 MAXIMUM TEMPERATURE (F)   62        83      2012
 MINIMUM TEMPERATURE (F)   37        22      1978


SUNRISE AND SUNSET
MAY  3 2015...........SUNRISE   609 AM EDT   SUNSET   815 PM EDT
MAY  4 2015...........SUNRISE   607 AM EDT   SUNSET   816 PM EDT


-  INDICATES NEGATIVE NUMBERS.
R  INDICATES RECORD WAS SET OR TIED.
MM INDICATES DATA IS MISSING.
T  INDICATES TRACE AMOUNT.




$$
