000
CDUS46 KHNX 030821
CLIBFL


CLIMATE REPORT
NATIONAL WEATHER SERVICE SAN JOAQUIN VALLEY, CA
121 AM PDT SUN MAY 3 2015


...................................

...THE BAKERSFIELD CLIMATE SUMMARY FOR MAY 2 2015...

CLIMATE NORMAL PERIOD 1981 TO 2010
CLIMATE RECORD PERIOD 1889 TO 2015


WEATHER ITEM   OBSERVED TIME   RECORD YEAR NORMAL DEPARTURE
                VALUE   (LST)  VALUE       VALUE  FROM
                                                  NORMAL
...............................................................
TEMPERATURE (F)
 YESTERDAY
  MAXIMUM         94    312 PM 101    1947  80     14
  MINIMUM         59    524 AM  38    1915  54      5
                                      1913
  AVERAGE         77                        67     10

PRECIPITATION (IN)
  YESTERDAY        0.00          0.81 1901   0.01  -0.01
  MONTH TO DATE    0.00                      0.02  -0.02
  SINCE OCT 1      4.61                      6.11  -1.50
  SINCE JAN 1      1.94                      4.15  -2.21

SNOWFALL (IN)
  YESTERDAY        0.0
  MONTH TO DATE    0.0
  SINCE MAR 1      0.0
  SINCE JUL 1      0.0
  SNOW DEPTH       0

DEGREE DAYS
 HEATING
  YESTERDAY        0                               -2
  MONTH TO DATE    0                               -4
  SINCE MAR 1    153                             -219
  SINCE JUL 1   1288                             -858

 COOLING
  YESTERDAY       12                                8
  MONTH TO DATE   29                               21
  SINCE MAR 1    191                              117
  SINCE JAN 1    195                              121
...............................................................


WIND (MPH)
  HIGHEST WIND SPEED    21   HIGHEST WIND DIRECTION    NW (300)
  HIGHEST GUST SPEED    25   HIGHEST GUST DIRECTION     W (290)
  AVERAGE WIND SPEED     7.4




RELATIVE HUMIDITY (PERCENT)
 HIGHEST    34
 LOWEST      8
 AVERAGE    21

..........................................................


THE BAKERSFIELD CLIMATE NORMALS FOR TODAY
                         NORMAL    RECORD    YEAR
 MAXIMUM TEMPERATURE (F)   80       102      1966
 MINIMUM TEMPERATURE (F)   55        40      1938
                                             1933
                                             1913


SUNRISE AND SUNSET
MAY  3 2015...........SUNRISE   603 AM PDT   SUNSET   744 PM PDT
MAY  4 2015...........SUNRISE   602 AM PDT   SUNSET   745 PM PDT


-  INDICATES NEGATIVE NUMBERS.
R  INDICATES RECORD WAS SET OR TIED.
MM INDICATES DATA IS MISSING.
T  INDICATES TRACE AMOUNT.




$$
