000
CDUS41 KCAR 280528
CLIBGR


CLIMATE REPORT
NATIONAL WEATHER SERVICE CARIBOU, ME
128 AM EDT TUE APR 28 2015


...................................

...THE BANGOR ME CLIMATE SUMMARY FOR APRIL 27 2015...

CLIMATE NORMAL PERIOD 1981 TO 2010
CLIMATE RECORD PERIOD 1925 TO 2015


WEATHER ITEM   OBSERVED TIME   RECORD YEAR NORMAL DEPARTURE LAST
                VALUE   (LST)  VALUE       VALUE  FROM      YEAR
                                                  NORMAL
..................................................................
TEMPERATURE (F)
 YESTERDAY
  MAXIMUM         53    214 PM  78    1970  58     -5       51
  MINIMUM         40    642 AM  24    1966  36      4       38
                                      1940
  AVERAGE         47                        47      0       45

PRECIPITATION (IN)
  YESTERDAY        0.07          0.83 1973   0.12  -0.05     0.09
  MONTH TO DATE    2.34                      3.26  -0.92     2.22
  SINCE MAR 1      3.79                      6.64  -2.85     5.87
  SINCE JAN 1      8.68                     12.05  -3.37    11.04

SNOWFALL (IN)
  YESTERDAY        0.0           0.1  1961   0.0             0.0
  MONTH TO DATE    6.3                       3.6             1.1
  SINCE MAR 1     21.9                      15.3            16.8
  SINCE JUL 1    139.0                      66.0            80.0
  SNOW DEPTH      MM

DEGREE DAYS
 HEATING
  YESTERDAY       18                        18      0       20
  MONTH TO DATE  674                       624     50      629
  SINCE MAR 1   1926                      1701    225     1933
  SINCE JUL 1   7816                      7347    469     7685

 COOLING
  YESTERDAY        0                         0      0        0
  MONTH TO DATE    0                         0      0        0
  SINCE MAR 1      0                         0      0        0
  SINCE JAN 1      0                         0      0        0
..................................................................


WIND (MPH)
  RESULTANT WIND SPEED  13   RESULTANT WIND DIRECTION   N (10)
  HIGHEST WIND SPEED    32   HIGHEST WIND DIRECTION    NE (30)
  HIGHEST GUST SPEED    44   HIGHEST GUST DIRECTION    NE (30)


SKY COVER
  POSSIBLE SUNSHINE  MM
  AVERAGE SKY COVER 0.9


WEATHER CONDITIONS
 THE FOLLOWING WEATHER WAS RECORDED YESTERDAY.
  LIGHT RAIN
  FOG
  HAZE


RELATIVE HUMIDITY (PERCENT)
 HIGHEST   100
 LOWEST     62
 AVERAGE    81

..........................................................


THE BANGOR ME CLIMATE NORMALS FOR TODAY
                         NORMAL    RECORD    YEAR
 MAXIMUM TEMPERATURE (F)   59        90      2009
 MINIMUM TEMPERATURE (F)   37        23      1947


SUNRISE AND SUNSET
APRIL 28 2015.........SUNRISE   530 AM EDT   SUNSET   736 PM EDT
APRIL 29 2015.........SUNRISE   529 AM EDT   SUNSET   738 PM EDT


-  INDICATES NEGATIVE NUMBERS.
R  INDICATES RECORD WAS SET OR TIED.
MM INDICATES DATA IS MISSING.
T  INDICATES TRACE AMOUNT.




$$
