000
CDUS43 KBIS 060732
CLIBIS


CLIMATE REPORT
NATIONAL WEATHER SERVICE BISMARCK ND
230 AM CDT WED MAY 6 2015


...................................

...THE BISMARCK ND CLIMATE SUMMARY FOR MAY 5 2015...

CLIMATE NORMAL PERIOD 1981 TO 2010
CLIMATE RECORD PERIOD 1875 TO 2015


WEATHER ITEM   OBSERVED TIME   RECORD YEAR NORMAL DEPARTURE LAST
                VALUE   (LST)  VALUE       VALUE  FROM      YEAR
                                                  NORMAL
..................................................................
TEMPERATURE (F)
 YESTERDAY
  MAXIMUM         79    444 PM  97    1926  65     14       66
  MINIMUM         50    443 AM  19    1944  39     11       38
  AVERAGE         65                        52     13       52

PRECIPITATION (IN)
  YESTERDAY        0.00          1.65 1965   0.06  -0.06      T
  MONTH TO DATE    T                         0.32  -0.32      T
  SINCE MAR 1      0.82                      2.45  -1.63     2.77
  SINCE JAN 1      1.96                      3.39  -1.43     3.34

SNOWFALL (IN)
  YESTERDAY        0.0           8.5  1892   0.1   -0.1      0.0
  MONTH TO DATE    0.0                       0.2   -0.2       T
  SINCE MAR 1      1.0                      13.5  -12.5     15.3
  SINCE JUL 1     23.9                      51.0  -27.1     40.5
  SNOW DEPTH       0

DEGREE DAYS
 HEATING
  YESTERDAY        0                        13    -13       13
  MONTH TO DATE   34                        70    -36       88
  SINCE MAR 1   1503                      1794   -291     1962
  SINCE JUL 1   7864                      8225   -361     8814

 COOLING
  YESTERDAY        0                         0      0        0
  MONTH TO DATE    0                         0      0        0
  SINCE MAR 1      0                         1     -1        0
  SINCE JAN 1      0                         1     -1        0
..................................................................


WIND (MPH)
  HIGHEST WIND SPEED    31   HIGHEST WIND DIRECTION     S (160)
  HIGHEST GUST SPEED    39   HIGHEST GUST DIRECTION    SE (130)
  AVERAGE WIND SPEED    15.0


SKY COVER
  POSSIBLE SUNSHINE  MM
  AVERAGE SKY COVER 0.4


WEATHER CONDITIONS
 THE FOLLOWING WEATHER WAS RECORDED YESTERDAY.
  NO SIGNIFICANT WEATHER WAS OBSERVED.


RELATIVE HUMIDITY (PERCENT)
 HIGHEST    72          1000 PM
 LOWEST     16           200 PM
 AVERAGE    44

..........................................................


THE BISMARCK ND CLIMATE NORMALS FOR TODAY
                         NORMAL    RECORD    YEAR
 MAXIMUM TEMPERATURE (F)   66        89      1916
 MINIMUM TEMPERATURE (F)   39        17      1989


SUNRISE AND SUNSET
MAY  6 2015...........SUNRISE   621 AM CDT   SUNSET   859 PM CDT
MAY  7 2015...........SUNRISE   619 AM CDT   SUNSET   901 PM CDT


-  INDICATES NEGATIVE NUMBERS.
R  INDICATES RECORD WAS SET OR TIED.
MM INDICATES DATA IS MISSING.
T  INDICATES TRACE AMOUNT.




$$
