000
CDUS41 KRNK 270927
CLIBLF


CLIMATE REPORT
NATIONAL WEATHER SERVICE BLACKSBURG VA
513 AM EDT MON APR 27 2015


...................................

...THE BLUEFIELD WV CLIMATE SUMMARY FOR APRIL 26 2015...

CLIMATE NORMAL PERIOD 1981 TO 2010
CLIMATE RECORD PERIOD 1959 TO 2015


WEATHER ITEM   OBSERVED TIME   RECORD YEAR NORMAL DEPARTURE LAST
                VALUE   (LST)  VALUE       VALUE  FROM      YEAR
                                                  NORMAL
..................................................................
TEMPERATURE (F)
 YESTERDAY
  MAXIMUM         49    617 PM  86    2009  68    -19       76
  MINIMUM         40   1159 PM  30    1972  48     -8       48
  AVERAGE         45                        58    -13

PRECIPITATION (IN)
  YESTERDAY        0.29          2.23 1978   0.12   0.17     0.00
  MONTH TO DATE    5.17                      2.87   2.30     2.17
  SINCE MAR 1     10.25                      6.38   3.87     4.13
  SINCE JAN 1     13.81                     12.04   1.77     8.26

SNOWFALL (IN)
  YESTERDAY        0.0
  MONTH TO DATE    0.0
  SINCE MAR 1      3.1
  SINCE JUL 1     39.7
  SNOW DEPTH       0

DEGREE DAYS
 HEATING
  YESTERDAY       20                         8     12
  MONTH TO DATE  216                       292    -76
  SINCE MAR 1    801                       908   -107
  SINCE JUL 1   4721                      4401    320

 COOLING
  YESTERDAY        0                         1     -1
  MONTH TO DATE   11                        24    -13
  SINCE MAR 1     11                        28    -17
  SINCE JAN 1     11                        28    -17
..................................................................


WIND (MPH)
  HIGHEST WIND SPEED    12   HIGHEST WIND DIRECTION     W (290)
  HIGHEST GUST SPEED    15   HIGHEST GUST DIRECTION    NW (300)
  AVERAGE WIND SPEED     4.4


SKY COVER
  POSSIBLE SUNSHINE  MM
  AVERAGE SKY COVER 0.6


WEATHER CONDITIONS
 THE FOLLOWING WEATHER WAS RECORDED YESTERDAY.
  RAIN
  LIGHT RAIN
  FOG
  FOG W/VISIBILITY <= 1/4 MILE
  HAZE


RELATIVE HUMIDITY (PERCENT)
 HIGHEST    92           800 AM
 LOWEST     71           600 PM
 AVERAGE    82

..........................................................


THE BLUEFIELD WV CLIMATE NORMALS FOR TODAY
                         NORMAL    RECORD    YEAR
 MAXIMUM TEMPERATURE (F)   68        86      1990
 MINIMUM TEMPERATURE (F)   49        29      1976


SUNRISE AND SUNSET
APRIL 27 2015.........SUNRISE   635 AM EDT   SUNSET   811 PM EDT
APRIL 28 2015.........SUNRISE   634 AM EDT   SUNSET   811 PM EDT


-  INDICATES NEGATIVE NUMBERS.
R  INDICATES RECORD WAS SET OR TIED.
MM INDICATES DATA IS MISSING.
T  INDICATES TRACE AMOUNT.




$$
