000
CDUS45 KBOI 070127
CLIBNO


CLIMATE REPORT
NATIONAL WEATHER SERVICE BOISE ID
727 PM MDT WED MAY 6 2015


...................................

...THE BURNS OR CLIMATE SUMMARY FOR MAY 6 2015...
VALID TODAY AS OF 0600 PM LOCAL TIME.

CLIMATE NORMAL PERIOD 1981 TO 2010
CLIMATE RECORD PERIOD 1938 TO 2015


WEATHER ITEM   OBSERVED TIME   RECORD YEAR NORMAL DEPARTURE LAST
                VALUE   (LST)  VALUE       VALUE  FROM      YEAR
                                                  NORMAL
..................................................................
TEMPERATURE (F)
 TODAY
  MAXIMUM         55    148 PM  89    1992  63     -8       58
  MINIMUM         29    437 AM  20    2001  34     -5       32
  AVERAGE         42                        49     -7       45

PRECIPITATION (IN)
  TODAY            0.00          0.74 2005   0.04  -0.04     0.00
  MONTH TO DATE    0.00                      0.21  -0.21      T
  SINCE OCT 1      6.75                      7.94  -1.19     5.52
  SINCE JAN 1      2.25                      4.44  -2.19     4.55

DEGREE DAYS
 HEATING
  TODAY           23                        16      7       20
  MONTH TO DATE   79                       103    -24       84
  SINCE MAR 1   1440                      1615   -175     1508
  SINCE JUL 1   5914                      7143  -1229     6791

 COOLING
  TODAY            0                         0      0        0
  MONTH TO DATE    0                         0      0        0
  SINCE MAR 1      0                         0      0        0
  SINCE JAN 1      0                         0      0        0
..................................................................


WIND (MPH)
  HIGHEST WIND SPEED    28   HIGHEST WIND DIRECTION     W (290)
  HIGHEST GUST SPEED    35   HIGHEST GUST DIRECTION     W (270)
  AVERAGE WIND SPEED    11.2



WEATHER CONDITIONS
 THE FOLLOWING WEATHER WAS RECORDED TODAY.
  NO SIGNIFICANT WEATHER WAS OBSERVED.


RELATIVE HUMIDITY (PERCENT)
 HIGHEST    78           400 AM
 LOWEST     22           400 PM
 AVERAGE    50

..........................................................


THE BURNS OR CLIMATE NORMALS FOR TOMORROW
                         NORMAL    RECORD    YEAR
 MAXIMUM TEMPERATURE (F)   64        85      1987
 MINIMUM TEMPERATURE (F)   34        20      2002
                                             1990


SUNRISE AND SUNSET
MAY  6 2015...........SUNRISE   542 AM PDT   SUNSET   804 PM PDT
MAY  7 2015...........SUNRISE   541 AM PDT   SUNSET   805 PM PDT


-  INDICATES NEGATIVE NUMBERS.
R  INDICATES RECORD WAS SET OR TIED.
MM INDICATES DATA IS MISSING.
T  INDICATES TRACE AMOUNT.




$$
